{"id":9409,"date":"2016-06-16T11:24:41","date_gmt":"2016-06-16T09:24:41","guid":{"rendered":"https:\/\/www.cmonsite.fr\/site\/aide\/?page_id=9409"},"modified":"2025-05-05T17:27:09","modified_gmt":"2025-05-05T15:27:09","slug":"types-produit","status":"publish","type":"page","link":"https:\/\/www.cmonsite.fr\/site\/aide\/gestion-des-produits\/types-produit","title":{"rendered":"Les diff\u00e9rents types de produits dans le module Boutique CmonSite"},"content":{"rendered":"\t\t<div data-elementor-type=\"wp-page\" data-elementor-id=\"9409\" class=\"elementor elementor-9409\" data-elementor-post-type=\"page\">\n\t\t\t\t\t\t<section class=\"elementor-section elementor-top-section elementor-element elementor-element-25ebeedf elementor-section-boxed elementor-section-height-default elementor-section-height-default\" data-id=\"25ebeedf\" data-element_type=\"section\" data-e-type=\"section\">\n\t\t\t\t\t\t<div class=\"elementor-container elementor-column-gap-default\">\n\t\t\t\t\t<div class=\"elementor-column elementor-col-100 elementor-top-column elementor-element elementor-element-62575382\" data-id=\"62575382\" data-element_type=\"column\" data-e-type=\"column\">\n\t\t\t<div class=\"elementor-widget-wrap elementor-element-populated\">\n\t\t\t\t\t\t<div class=\"elementor-element elementor-element-7f8d0ef elementor-widget elementor-widget-heading\" data-id=\"7f8d0ef\" data-element_type=\"widget\" data-e-type=\"widget\" data-widget_type=\"heading.default\">\n\t\t\t\t<div class=\"elementor-widget-container\">\n\t\t\t\t\t<h2 class=\"elementor-heading-title elementor-size-default\">La Boutique CmonSite permet simplement d'ajouter 6 types de produits : <\/h2>\t\t\t\t<\/div>\n\t\t\t\t<\/div>\n\t\t\t\t<div class=\"elementor-element elementor-element-312fc6e9 elementor-widget elementor-widget-text-editor\" data-id=\"312fc6e9\" data-element_type=\"widget\" data-e-type=\"widget\" data-widget_type=\"text-editor.default\">\n\t\t\t\t<div class=\"elementor-widget-container\">\n\t\t\t\t\t\t\t\t\t<p style=\"text-align: center;\">\u00a0<\/p><ul><li>les <strong>produits classiques :<\/strong> ils seront exp\u00e9di\u00e9s par transporteurs (La Poste, Colissimo, Mondial Relay\u2026)<br \/><em>Exemples : bijoux, v\u00eatements, cosm\u00e9tiques, d\u00e9coration<\/em><i>\u2026<\/i><\/li><li>les <strong>produits t\u00e9l\u00e9chargeables\u00a0<\/strong>: il possible d&#8217;ajouter un lien de t\u00e9l\u00e9chargement qui sera transmis \u00e0 votre client apr\u00e8s validation et paiement de son achat.<br \/><em>Exemples : \u00a0E-books, logiciels et applications, musiques, places et billets de concert<\/em><i>\u2026<\/i><\/li><li>les <strong>produits classiques sans transport<\/strong> :\u00a0ce sont des produits\/services qui ne n\u00e9cessitent pas de livraison (donc pas de frais port)<br \/><em>Exemples : <\/em><em>d\u00e9pannage, r\u00e9paration,\u00a0consultation, cours, abonnement, esth\u00e9ticienne sans rendez-vous, aide \u00e0 la personne, surveillance<\/em><i>\u2026<\/i><\/li><li>les\u00a0<strong>cartes cadeaux :<\/strong> elles permettront \u00e0 vos clients d&#8217;offrir des cartes cadeaux \u00e0 leurs proches pour diff\u00e9rents \u00e9v\u00e9nements.<br \/><em>Exemples : anniversaire, Saint-Valentin&#8230;<\/em><\/li><li>les <strong>r\u00e9servations de service :<\/strong> ce sont des produits et\/ou services qui n\u00e9cessitent une r\u00e9servation en ligne.<br \/><em>Exemples : chambre d&#8217;h\u00f4te, coupe de cheveux, massage, restaurant, pi\u00e8ce-mont\u00e9e, salle des f\u00eates<\/em><i>\u2026<\/i><\/li><li>les <strong>packs de produits\u00a0:<\/strong>\u00a0ce sont des lots de produits qui souvent sont propos\u00e9s moins chers que les produits vendus \u00e0 l\u2019unit\u00e9.<br \/><em>Exemples : lot de soins pour les cheveux (shampoing\u00a0+ masque + huile), pack de 3 tee-shirts (un blanc, un gris et un noir)\u2026 <\/em><p>\u00a0<\/p><\/li><\/ul><div><i>\u00a0<\/i><\/div><div><i>\u00a0<\/i><\/div><p>Pour cela, il faut d&#8217;abord ajouter une fiche produit, renseigner son nom et son prix. Ensuite, vous pourrez acc\u00e9der \u00e0 la fiche d\u00e9taill\u00e9e du produit et identifier sa nature.<\/p><p>\u00a0<\/p><p>\u00a0<\/p><p>\u00a0<\/p><hr \/><p style=\"text-align: center;\">F\u00c9LICITATION : Vous savez maintenant comment vendre tout type de produit avec le module boutique CmonSite !<\/p><hr \/><p>\u00a0<\/p>\t\t\t\t\t\t\t\t<\/div>\n\t\t\t\t<\/div>\n\t\t\t\t\t<\/div>\n\t\t<\/div>\n\t\t\t\t\t<\/div>\n\t\t<\/section>\n\t\t\t\t<section class=\"elementor-section elementor-top-section elementor-element elementor-element-ae1aa11 elementor-section-boxed elementor-section-height-default elementor-section-height-default\" data-id=\"ae1aa11\" data-element_type=\"section\" data-e-type=\"section\">\n\t\t\t\t\t\t<div class=\"elementor-container elementor-column-gap-default\">\n\t\t\t\t\t<div class=\"elementor-column elementor-col-100 elementor-top-column elementor-element elementor-element-66fa7fc\" data-id=\"66fa7fc\" data-element_type=\"column\" data-e-type=\"column\">\n\t\t\t<div class=\"elementor-widget-wrap elementor-element-populated\">\n\t\t\t\t\t\t<div class=\"elementor-element elementor-element-b6d9d4f elementor-widget-divider--view-line elementor-widget elementor-widget-divider\" data-id=\"b6d9d4f\" data-element_type=\"widget\" data-e-type=\"widget\" data-widget_type=\"divider.default\">\n\t\t\t\t<div class=\"elementor-widget-container\">\n\t\t\t\t\t\t\t<div class=\"elementor-divider\">\n\t\t\t<span class=\"elementor-divider-separator\">\n\t\t\t\t\t\t<\/span>\n\t\t<\/div>\n\t\t\t\t\t\t<\/div>\n\t\t\t\t<\/div>\n\t\t\t\t<div class=\"elementor-element elementor-element-b638bdd elementor-widget elementor-widget-heading\" data-id=\"b638bdd\" data-element_type=\"widget\" data-e-type=\"widget\" data-widget_type=\"heading.default\">\n\t\t\t\t<div class=\"elementor-widget-container\">\n\t\t\t\t\t<h2 class=\"elementor-heading-title elementor-size-default\">Pour plus de pr\u00e9cision, consultez notre FAQ sur les \u00e9tapes de la cr\u00e9ation d'un site E-commerce <\/h2>\t\t\t\t<\/div>\n\t\t\t\t<\/div>\n\t\t\t\t\t<\/div>\n\t\t<\/div>\n\t\t\t\t\t<\/div>\n\t\t<\/section>\n\t\t\t\t<section class=\"elementor-section elementor-top-section elementor-element elementor-element-e24841c elementor-section-boxed elementor-section-height-default elementor-section-height-default\" data-id=\"e24841c\" data-element_type=\"section\" data-e-type=\"section\">\n\t\t\t\t\t\t<div class=\"elementor-container elementor-column-gap-default\">\n\t\t\t\t\t<div class=\"elementor-column elementor-col-33 elementor-top-column elementor-element elementor-element-98d9139\" data-id=\"98d9139\" data-element_type=\"column\" data-e-type=\"column\">\n\t\t\t<div class=\"elementor-widget-wrap\">\n\t\t\t\t\t\t\t<\/div>\n\t\t<\/div>\n\t\t\t\t<div class=\"elementor-column elementor-col-33 elementor-top-column elementor-element elementor-element-116a2cd\" data-id=\"116a2cd\" data-element_type=\"column\" data-e-type=\"column\">\n\t\t\t<div class=\"elementor-widget-wrap elementor-element-populated\">\n\t\t\t\t\t\t<div class=\"elementor-element elementor-element-3e378df elementor-widget elementor-widget-video\" data-id=\"3e378df\" data-element_type=\"widget\" data-e-type=\"widget\" data-settings=\"{&quot;youtube_url&quot;:&quot;https:\\\/\\\/youtu.be\\\/2kkuMIJnwMo?t=223&quot;,&quot;video_type&quot;:&quot;youtube&quot;,&quot;controls&quot;:&quot;yes&quot;}\" data-widget_type=\"video.default\">\n\t\t\t\t<div class=\"elementor-widget-container\">\n\t\t\t\t\t\t\t<div class=\"elementor-wrapper elementor-open-inline\">\n\t\t\t<div class=\"elementor-video\"><\/div>\t\t<\/div>\n\t\t\t\t\t\t<\/div>\n\t\t\t\t<\/div>\n\t\t\t\t\t<\/div>\n\t\t<\/div>\n\t\t\t\t<div class=\"elementor-column elementor-col-33 elementor-top-column elementor-element elementor-element-d1d9dcb\" data-id=\"d1d9dcb\" data-element_type=\"column\" data-e-type=\"column\">\n\t\t\t<div class=\"elementor-widget-wrap\">\n\t\t\t\t\t\t\t<\/div>\n\t\t<\/div>\n\t\t\t\t\t<\/div>\n\t\t<\/section>\n\t\t\t\t<section class=\"elementor-section elementor-top-section elementor-element elementor-element-a33e009 elementor-section-boxed elementor-section-height-default elementor-section-height-default\" data-id=\"a33e009\" data-element_type=\"section\" data-e-type=\"section\">\n\t\t\t\t\t\t<div class=\"elementor-container elementor-column-gap-default\">\n\t\t\t\t\t<div class=\"elementor-column elementor-col-100 elementor-top-column elementor-element elementor-element-1989bdf\" data-id=\"1989bdf\" data-element_type=\"column\" data-e-type=\"column\">\n\t\t\t<div class=\"elementor-widget-wrap elementor-element-populated\">\n\t\t\t\t\t\t<div class=\"elementor-element elementor-element-40e2c1a elementor-widget-divider--view-line elementor-widget elementor-widget-divider\" data-id=\"40e2c1a\" data-element_type=\"widget\" data-e-type=\"widget\" data-widget_type=\"divider.default\">\n\t\t\t\t<div class=\"elementor-widget-container\">\n\t\t\t\t\t\t\t<div class=\"elementor-divider\">\n\t\t\t<span class=\"elementor-divider-separator\">\n\t\t\t\t\t\t<\/span>\n\t\t<\/div>\n\t\t\t\t\t\t<\/div>\n\t\t\t\t<\/div>\n\t\t\t\t<div class=\"elementor-element elementor-element-73d5d4c elementor-widget elementor-widget-text-editor\" data-id=\"73d5d4c\" data-element_type=\"widget\" data-e-type=\"widget\" data-widget_type=\"text-editor.default\">\n\t\t\t\t<div class=\"elementor-widget-container\">\n\t\t\t\t\t\t\t\t\t<p>Voir aussi dans la m\u00eame th\u00e9matique :<br \/><a style=\"background-color: #ffffff;\" href=\"https:\/\/www.cmonsite.fr\/creer-un-site\/boutique\/configuration-boutique\/\">Configurer votre boutique simplement<\/a><a style=\"background-color: #ffffff;\" href=\"https:\/\/www.cmonsite.fr\/creer-un-site\/boutique\/produit-telechargeable\/\"><br \/><\/a><a style=\"background-color: #ffffff;\" href=\"https:\/\/www.cmonsite.fr\/creer-un-site\/boutique\/creer-une-fiche-produit\/\">Cr\u00e9er une fiche produit<\/a><a style=\"background-color: #ffffff;\" href=\"https:\/\/www.cmonsite.fr\/creer-un-site\/boutique\/produit-telechargeable\/\"><br \/>Ajouter un produit t\u00e9l\u00e9chargeable<\/a><\/p>\t\t\t\t\t\t\t\t<\/div>\n\t\t\t\t<\/div>\n\t\t\t\t\t<\/div>\n\t\t<\/div>\n\t\t\t\t\t<\/div>\n\t\t<\/section>\n\t\t\t\t<\/div>\n\t\t","protected":false},"excerpt":{"rendered":"<p>La Boutique CmonSite permet simplement d&#8217;ajouter 6 types de produits : les produits classiques : ils seront exp\u00e9di\u00e9s par transporteurs (La Poste, Colissimo, Mondial Relay\u2026) Exemples : bijoux, v\u00eatements, cosm\u00e9tiques, d\u00e9coration\u2026 les produits t\u00e9l\u00e9chargeables\u00a0: il possible d&#8217;ajouter un lien de t\u00e9l\u00e9chargement qui sera transmis \u00e0 votre client apr\u00e8s validation et paiement de son achat. Exemples [&hellip;]<\/p>\n","protected":false},"author":1,"featured_media":17995,"parent":24736,"menu_order":19,"comment_status":"closed","ping_status":"closed","template":"","meta":{"_helpful_status":1,"footnotes":""},"class_list":["post-9409","page","type-page","status-publish","has-post-thumbnail","hentry"],"_links":{"self":[{"href":"https:\/\/www.cmonsite.fr\/site\/wp-json\/wp\/v2\/pages\/9409","targetHints":{"allow":["GET"]}}],"collection":[{"href":"https:\/\/www.cmonsite.fr\/site\/wp-json\/wp\/v2\/pages"}],"about":[{"href":"https:\/\/www.cmonsite.fr\/site\/wp-json\/wp\/v2\/types\/page"}],"author":[{"embeddable":true,"href":"https:\/\/www.cmonsite.fr\/site\/wp-json\/wp\/v2\/users\/1"}],"replies":[{"embeddable":true,"href":"https:\/\/www.cmonsite.fr\/site\/wp-json\/wp\/v2\/comments?post=9409"}],"version-history":[{"count":5,"href":"https:\/\/www.cmonsite.fr\/site\/wp-json\/wp\/v2\/pages\/9409\/revisions"}],"predecessor-version":[{"id":28053,"href":"https:\/\/www.cmonsite.fr\/site\/wp-json\/wp\/v2\/pages\/9409\/revisions\/28053"}],"up":[{"embeddable":true,"href":"https:\/\/www.cmonsite.fr\/site\/wp-json\/wp\/v2\/pages\/24736"}],"wp:featuredmedia":[{"embeddable":true,"href":"https:\/\/www.cmonsite.fr\/site\/wp-json\/wp\/v2\/media\/17995"}],"wp:attachment":[{"href":"https:\/\/www.cmonsite.fr\/site\/wp-json\/wp\/v2\/media?parent=9409"}],"curies":[{"name":"wp","href":"https:\/\/api.w.org\/{rel}","templated":true}]}}