{"id":9072,"date":"2015-11-20T11:00:09","date_gmt":"2015-11-20T10:00:09","guid":{"rendered":"https:\/\/www.cmonsite.fr\/site\/aide\/?page_id=9072"},"modified":"2015-11-20T11:00:09","modified_gmt":"2015-11-20T10:00:09","slug":"commentaire-blog-facebook","status":"publish","type":"page","link":"https:\/\/www.cmonsite.fr\/site\/aide\/fonctionnalites\/commentaire-blog-facebook","title":{"rendered":"Commentaire sur Blog via Facebook"},"content":{"rendered":"<p style=\"text-align: left;\"><strong>CONFIGURER ET MOD\u00c9RER LES COMMENTAIRES DE SON BLOG VIA FACEBOOK.<\/strong><\/p>\n<p>La gestion des commentaires via Facebook est un choix d\u00e9lib\u00e9r\u00e9 de la part de CmonSite <strong>afin d&#8217;augmenter l&#8217;aspect viral\u00a0(visibilit\u00e9) de vos articles.<\/strong><\/p>\n<p>Pour cela vous devez disposer d&#8217;un compte Facebook et <strong>cr\u00e9er une application Facebook<\/strong>.<\/p>\n<p>Cela vous permettra\u00a0notamment de <strong>mod\u00e9rer les commentaires de vos articles.<\/strong><\/p>\n<p>Vos internautes pourront poster un commentaire sur vos articles et d\u00e9cider ou non de le faire remonter sur leur profil Facebook.<br \/>\nVous recevrez ainsi\u00a0des\u00a0notifications sur votre compte Facebook afin de valider ou non le commentaire<\/p>\n<p>&nbsp;<\/p>\n<p style=\"text-align: center;\"><strong><a style=\"font-weight: 300; text-align: center;\" href=\"https:\/\/www.cmonsite.fr\/site\/aide\/astuces-informations\/modules-externes\/creer-une-application-facebook\/\" target=\"_blank\" rel=\"noopener noreferrer\"><em>Comment cr\u00e9er une application Facebook pour mod\u00e9rer les commentaires de votre BLOG ?<\/em><\/a><\/strong><\/p>\n<p>&nbsp;<\/p>\n<p>Pour trouver l&#8217;identifiant de votre application Facebook, vous devez vous rendre sur la page <a href=\"https:\/\/developers.facebook.com\/apps\/\" target=\"_blank\" rel=\"noopener noreferrer\">https:\/\/developers.facebook.com\/apps\/<\/a><\/p>\n<p><a href=\"https:\/\/www.cmonsite.fr\/site\/webup\/2019\/03\/facebook-identifiant-app.png\"><img fetchpriority=\"high\" decoding=\"async\" class=\"size-full wp-image-11946 aligncenter\" src=\"https:\/\/www.cmonsite.fr\/site\/webup\/2019\/03\/facebook-identifiant-app.png\" alt=\"\" width=\"1096\" height=\"515\" srcset=\"https:\/\/www.cmonsite.fr\/site\/webup\/2019\/03\/facebook-identifiant-app.png 1096w, https:\/\/www.cmonsite.fr\/site\/webup\/2019\/03\/facebook-identifiant-app-300x141.png 300w, https:\/\/www.cmonsite.fr\/site\/webup\/2019\/03\/facebook-identifiant-app-1024x481.png 1024w, https:\/\/www.cmonsite.fr\/site\/webup\/2019\/03\/facebook-identifiant-app-768x361.png 768w\" sizes=\"(max-width: 1096px) 100vw, 1096px\" \/><\/a><\/p>\n<p>En cliquant sur l&#8217;identifiant de l\u2019application, vous allez copier automatiquement votre identifiant de l&#8217;application.\u00a0Vous devez renseigner l&#8217;identifiant de l&#8217;application Facebook sur CmonSite dans <a href=\"\/gestion_blog.php#config-blog\" target=\"_blank\" rel=\"noopener noreferrer\">la configuration de votre blog<\/a>.<\/p>\n<p><a href=\"https:\/\/www.cmonsite.fr\/site\/webup\/2020\/12\/configuration-blog.png\"><img decoding=\"async\" class=\"size-full wp-image-14033 aligncenter\" src=\"https:\/\/www.cmonsite.fr\/site\/webup\/2020\/12\/configuration-blog.png\" alt=\"\" width=\"1245\" height=\"656\" srcset=\"https:\/\/www.cmonsite.fr\/site\/webup\/2020\/12\/configuration-blog.png 1245w, https:\/\/www.cmonsite.fr\/site\/webup\/2020\/12\/configuration-blog-300x158.png 300w, https:\/\/www.cmonsite.fr\/site\/webup\/2020\/12\/configuration-blog-1024x540.png 1024w, https:\/\/www.cmonsite.fr\/site\/webup\/2020\/12\/configuration-blog-768x405.png 768w\" sizes=\"(max-width: 1245px) 100vw, 1245px\" \/><\/a><\/p>\n<p style=\"text-align: center;\"><span style=\"font-size: large;\">F\u00e9licitations ! Vous g\u00e9rez les commentaires de votre Blog via Facebook !<\/span><\/p>\n<p style=\"text-align: center;\"><em>C&#8217;est un excellent moyen pour dynamiser la visibilit\u00e9 de votre blog<\/em><\/p>\n<hr \/>\n<p><strong>RAPPEL<\/strong> : <a href=\"\/\/www.cmonsite.fr\/site\/aide\/contenu-design-modules\/modules\/blog\" target=\"_blank\" rel=\"noopener noreferrer\">Comment cr\u00e9er un Blog\u00a0avec CmonSite ?<\/a><\/p>\n","protected":false},"excerpt":{"rendered":"<p>CONFIGURER ET MOD\u00c9RER LES COMMENTAIRES DE SON BLOG VIA FACEBOOK. La gestion des commentaires via Facebook est un choix d\u00e9lib\u00e9r\u00e9 de la part de CmonSite afin d&#8217;augmenter l&#8217;aspect viral\u00a0(visibilit\u00e9) de vos articles. Pour cela vous devez disposer d&#8217;un compte Facebook et cr\u00e9er une application Facebook. Cela vous permettra\u00a0notamment de mod\u00e9rer les commentaires de vos articles. [&hellip;]<\/p>\n","protected":false},"author":1,"featured_media":18038,"parent":22995,"menu_order":21,"comment_status":"closed","ping_status":"closed","template":"","meta":{"_helpful_status":1,"footnotes":""},"class_list":["post-9072","page","type-page","status-publish","has-post-thumbnail","hentry"],"_links":{"self":[{"href":"https:\/\/www.cmonsite.fr\/site\/wp-json\/wp\/v2\/pages\/9072","targetHints":{"allow":["GET"]}}],"collection":[{"href":"https:\/\/www.cmonsite.fr\/site\/wp-json\/wp\/v2\/pages"}],"about":[{"href":"https:\/\/www.cmonsite.fr\/site\/wp-json\/wp\/v2\/types\/page"}],"author":[{"embeddable":true,"href":"https:\/\/www.cmonsite.fr\/site\/wp-json\/wp\/v2\/users\/1"}],"replies":[{"embeddable":true,"href":"https:\/\/www.cmonsite.fr\/site\/wp-json\/wp\/v2\/comments?post=9072"}],"version-history":[{"count":1,"href":"https:\/\/www.cmonsite.fr\/site\/wp-json\/wp\/v2\/pages\/9072\/revisions"}],"predecessor-version":[{"id":21052,"href":"https:\/\/www.cmonsite.fr\/site\/wp-json\/wp\/v2\/pages\/9072\/revisions\/21052"}],"up":[{"embeddable":true,"href":"https:\/\/www.cmonsite.fr\/site\/wp-json\/wp\/v2\/pages\/22995"}],"wp:featuredmedia":[{"embeddable":true,"href":"https:\/\/www.cmonsite.fr\/site\/wp-json\/wp\/v2\/media\/18038"}],"wp:attachment":[{"href":"https:\/\/www.cmonsite.fr\/site\/wp-json\/wp\/v2\/media?parent=9072"}],"curies":[{"name":"wp","href":"https:\/\/api.w.org\/{rel}","templated":true}]}}