{"id":9011,"date":"2015-11-17T14:20:29","date_gmt":"2015-11-17T13:20:30","guid":{"rendered":"https:\/\/www.cmonsite.fr\/site\/aide\/?page_id=9011"},"modified":"2023-06-16T16:53:58","modified_gmt":"2023-06-16T14:53:58","slug":"boxtal","status":"publish","type":"page","link":"https:\/\/www.cmonsite.fr\/site\/aide\/transporteurs-et-frais-de-port\/boxtal","title":{"rendered":"Comment configurer Boxtal ?"},"content":{"rendered":"\t\t<div data-elementor-type=\"wp-page\" data-elementor-id=\"9011\" class=\"elementor elementor-9011\" data-elementor-post-type=\"page\">\n\t\t\t\t\t\t<section class=\"elementor-section elementor-top-section elementor-element elementor-element-4d403049 elementor-section-boxed elementor-section-height-default elementor-section-height-default\" data-id=\"4d403049\" data-element_type=\"section\" data-e-type=\"section\">\n\t\t\t\t\t\t<div class=\"elementor-container elementor-column-gap-default\">\n\t\t\t\t\t<div class=\"elementor-column elementor-col-100 elementor-top-column elementor-element elementor-element-1bdb1e62\" data-id=\"1bdb1e62\" data-element_type=\"column\" data-e-type=\"column\">\n\t\t\t<div class=\"elementor-widget-wrap elementor-element-populated\">\n\t\t\t\t\t\t<div class=\"elementor-element elementor-element-4a053b6b elementor-widget elementor-widget-text-editor\" data-id=\"4a053b6b\" data-element_type=\"widget\" data-e-type=\"widget\" data-widget_type=\"text-editor.default\">\n\t\t\t\t<div class=\"elementor-widget-container\">\n\t\t\t\t\t\t\t\t\t<p style=\"text-align: left;\">La simplicit\u00e9 de <a href=\"\/\/www.cmonsite.fr\" target=\"_blank\" rel=\"noopener noreferrer\">cr\u00e9er une boutique en ligne<\/a> sur <strong>CmonSite<\/strong> am\u00e8ne logiquement\u00a0\u00e0 une gestion simplifi\u00e9e et efficace\u00a0de vos frais de port avec notre partenaire, <strong><a href=\"https:\/\/www.boxtal.com\" target=\"_blank\" rel=\"noopener noreferrer\">Boxtal<\/a><\/strong><\/p><p><a href=\"https:\/\/www.cmonsite.fr\/site\/webup\/2020\/11\/boxtal-cmonsite.png\"><img fetchpriority=\"high\" decoding=\"async\" class=\"aligncenter\" src=\"https:\/\/www.cmonsite.fr\/site\/webup\/2020\/11\/boxtal-cmonsite.png\" alt=\"\" width=\"800\" height=\"200\" \/><\/a><\/p><p>Le module multi-transporteurs int\u00e8gre de mani\u00e8re intuitive les diff\u00e9rents transporteurs propos\u00e9s par <strong>Boxtal<\/strong>.<\/p><p>Depuis votre administration CmonSite, vous pouvez ainsi piloter et g\u00e9rer divers transporteurs : La Poste, Chonopost, TNT, Mondial Relay, Relais colis, UPS, Happy-post\u2026<\/p><p style=\"text-align: center;\"><a href=\"https:\/\/www.cmonsite.fr\/site\/webup\/2020\/11\/transporteurs-boxtal.png\" target=\"_blank\" rel=\"noopener noreferrer\"><img decoding=\"async\" src=\"https:\/\/www.cmonsite.fr\/site\/webup\/2020\/11\/transporteurs-boxtal.png\" alt=\"\" width=\"452\" height=\"412\" \/><\/a><br \/><em>Vous pouvez aussi g\u00e9n\u00e9rer des bordereaux et effectuer un suivi transparent de vos colis<\/em><\/p><h2>1 &#8211; Cr\u00e9er et configurer votre\u00a0compte sur <strong>Boxtal<\/strong><\/h2><p>Boxtal propose une liste de transporteurs, <strong>\u00e0 des co\u00fbts inf\u00e9rieurs<\/strong> que ceux du march\u00e9 du transport.<\/p><h3>1- 1 Cr\u00e9er un compte Boxtal en tant que particulier ou professionnel<\/h3><table style=\"height: 481px;\" width=\"1093\"><tbody><tr><td><p><a href=\"https:\/\/www.cmonsite.fr\/site\/webup\/2020\/06\/boxtal-accueil.jpg\" target=\"_blank\" rel=\"noopener noreferrer\"><img decoding=\"async\" src=\"https:\/\/www.cmonsite.fr\/site\/webup\/2020\/06\/boxtal-accueil-1024x436.jpg\" alt=\"Cr\u00e9er un compte Boxtal\" width=\"584\" height=\"249\" \/><\/a><\/p><p style=\"text-align: center;\"><a href=\"https:\/\/www.boxtal.com\/fr\/fr\/app\/utilisateur\/creation-compte\" target=\"_blank\" rel=\"noopener noreferrer\">\u00a0Cr\u00e9er un compte Boxtal<\/a><\/p><\/td><td><p><a href=\"https:\/\/www.cmonsite.fr\/site\/webup\/2020\/06\/boxtal-creer-compte.jpg\"><img loading=\"lazy\" decoding=\"async\" src=\"https:\/\/www.cmonsite.fr\/site\/webup\/2020\/06\/boxtal-creer-compte-1024x474.jpg\" alt=\"\" width=\"584\" height=\"270\" \/><\/a><\/p><p style=\"text-align: center;\">Cr\u00e9ez votre compte, c&#8217;est simple !<\/p><\/td><\/tr><\/tbody><\/table><h3>1-2 Compl\u00e9ter votre profil BOXTAL et choisissez un mode de paiement<\/h3><table><tbody><tr><td><img loading=\"lazy\" decoding=\"async\" class=\"alignnone size-full wp-image-20186\" src=\"https:\/\/www.cmonsite.fr\/site\/webup\/2022\/07\/menu-boxtal.png\" alt=\"\" width=\"393\" height=\"501\" srcset=\"https:\/\/www.cmonsite.fr\/site\/webup\/2022\/07\/menu-boxtal.png 393w, https:\/\/www.cmonsite.fr\/site\/webup\/2022\/07\/menu-boxtal-235x300.png 235w\" sizes=\"(max-width: 393px) 100vw, 393px\" \/><\/td><td><p>Dans votre compte BOXTAL, le &#8220;menu gris&#8221; vous permet de configurer et g\u00e9rer votre compte.<\/p><p>Le choix du mode de paiement se trouve dans <a href=\"https:\/\/www.boxtal.com\/fr\/fr\/app\/utilisateur\/profil\" target=\"_blank\" rel=\"noopener noreferrer\">&#8220;Mon Profil&#8221;<\/a> puis Mon Mode de Paiement<\/p><\/td><\/tr><tr><td><a href=\"https:\/\/www.cmonsite.fr\/site\/webup\/2020\/06\/boxtal-mode-paiement.jpg\"><img loading=\"lazy\" decoding=\"async\" src=\"https:\/\/www.cmonsite.fr\/site\/webup\/2020\/06\/boxtal-mode-paiement.jpg\" alt=\"Mode paiement Boxtal\" width=\"569\" height=\"210\" \/><\/a><\/td><td>Deux modes de paiement vous sont propos\u00e9s pour r\u00e9gler les frais\u00a0d&#8217;envois de vos commandes\u00a0:<br \/>-&gt; Paiement imm\u00e9diat \u00e0 la commande <em>(Non\u00a0compatible avec votre site)<\/em> : Effectuer des commandes en les r\u00e9glant \u00e0 chaque fois directement par Carte bancaire ou Paypal<br \/>-&gt;\u00a0<strong>Paiement diff\u00e9r\u00e9 par pr\u00e9l\u00e8vement<\/strong>\u00a0 <em>(<span style=\"color: #ff0000;\">Solution \u00e0 valider obligatoirement<\/span>)<\/em>: \u00a0Une facture est \u00e9mise tous les quinze jours selon les envois effectu\u00e9s. Le paiement s&#8217;effectue par Pr\u00e9l\u00e8vement bancaire.<\/td><\/tr><\/tbody><\/table><table style=\"width: 62%; background-color: #ffd6d8;\"><tbody><tr><td><img loading=\"lazy\" decoding=\"async\" src=\"https:\/\/www.cmonsite.fr\/site\/webup\/2015\/11\/point-interrogation-frais-de-port.png\" alt=\"point-interrogation-frais-de-port\" width=\"32\" height=\"55\" \/><\/td><td><strong>L&#8217;activation du module<\/strong> ne peut \u00eatre r\u00e9alis\u00e9e qu&#8217;apr\u00e8s avoir <strong>choisi et valid\u00e9 le &#8220;<em>Paiement diff\u00e9r\u00e9 par pr\u00e9l\u00e8vement&#8221;<\/em><\/strong><\/td><\/tr><\/tbody><\/table><h2>2- Configurer votre compte CmonSite<\/h2><p>Pour la configuration du service il suffit de renseigner votre nom d&#8217;utilisateur et votre mot de passe Boxtal.<em><br \/><\/em><\/p><p><a href=\"https:\/\/www.cmonsite.fr\/site\/webup\/2022\/09\/connexionBoxtal.png\"><img loading=\"lazy\" decoding=\"async\" class=\"wp-image-21817 size-large aligncenter\" src=\"https:\/\/www.cmonsite.fr\/site\/webup\/2022\/09\/connexionBoxtal-1024x304.png\" alt=\"\" width=\"800\" height=\"238\" srcset=\"https:\/\/www.cmonsite.fr\/site\/webup\/2022\/09\/connexionBoxtal-1024x304.png 1024w, https:\/\/www.cmonsite.fr\/site\/webup\/2022\/09\/connexionBoxtal-300x89.png 300w, https:\/\/www.cmonsite.fr\/site\/webup\/2022\/09\/connexionBoxtal-768x228.png 768w, https:\/\/www.cmonsite.fr\/site\/webup\/2022\/09\/connexionBoxtal.png 1345w\" sizes=\"(max-width: 800px) 100vw, 800px\" \/><\/a><\/p><p style=\"text-align: center;\">Renseignez votre identifiant et votre mot de passe Boxtal<br \/><em><a href=\"\/\/www.cmonsite.fr\/envoimoinscher_configuration.php\" target=\"_blank\" rel=\"noopener noreferrer\">Lien de connexion module Boxtal By Envoimoinscher<\/a><\/em><\/p><p style=\"text-align: center;\"><a href=\"https:\/\/www.cmonsite.fr\/site\/webup\/2022\/09\/configurationBoxtalTarification.png\"><img loading=\"lazy\" decoding=\"async\" class=\"alignnone wp-image-21823 size-large\" src=\"https:\/\/www.cmonsite.fr\/site\/webup\/2022\/09\/configurationBoxtalTarification-1024x243.png\" alt=\"\" width=\"800\" height=\"190\" srcset=\"https:\/\/www.cmonsite.fr\/site\/webup\/2022\/09\/configurationBoxtalTarification-1024x243.png 1024w, https:\/\/www.cmonsite.fr\/site\/webup\/2022\/09\/configurationBoxtalTarification-300x71.png 300w, https:\/\/www.cmonsite.fr\/site\/webup\/2022\/09\/configurationBoxtalTarification-768x182.png 768w, https:\/\/www.cmonsite.fr\/site\/webup\/2022\/09\/configurationBoxtalTarification.png 1313w\" sizes=\"(max-width: 800px) 100vw, 800px\" \/><\/a><\/p><p style=\"text-align: left;\">Le module est <strong>toujours <\/strong>bas\u00e9\u00a0<strong>sur le poids<\/strong> de vos articles.<\/p><p style=\"text-align: left;\">Vous devez\u00a0ainsi\u00a0<strong>renseigner le poids sur tout vos articles<\/strong>. Si vous en avez oubli\u00e9 un, ce champ vous permet d&#8217;attribuer un poids par d\u00e9faut.<\/p><table><tbody><tr><td><img loading=\"lazy\" decoding=\"async\" class=\"aligncenter\" src=\"https:\/\/www.cmonsite.fr\/site\/webup\/2015\/11\/Transporteurs-2-boutqiue-CmonSite-300x280.png\" alt=\"Transporteurs 2 boutqiue CmonSite\" width=\"300\" height=\"280\" \/><\/td><td><img loading=\"lazy\" decoding=\"async\" class=\"aligncenter\" src=\"https:\/\/www.cmonsite.fr\/site\/webup\/2015\/11\/Transporteurs-boutqiue-CmonSIte-293x300.png\" alt=\"Transporteurs boutqiue CmonSIte\" width=\"293\" height=\"300\" \/><\/td><\/tr><\/tbody><\/table><p style=\"text-align: left;\">Les transporteurs souhait\u00e9s s&#8217;activent depuis votre administration CmonSite<\/p><p style=\"text-align: center;\"><a href=\"https:\/\/www.cmonsite.fr\/site\/webup\/2022\/09\/connexionBoxtaletape3.png\"><img loading=\"lazy\" decoding=\"async\" class=\"alignnone wp-image-21818 size-large\" src=\"https:\/\/www.cmonsite.fr\/site\/webup\/2022\/09\/connexionBoxtaletape3-1024x505.png\" alt=\"\" width=\"800\" height=\"395\" srcset=\"https:\/\/www.cmonsite.fr\/site\/webup\/2022\/09\/connexionBoxtaletape3-1024x505.png 1024w, https:\/\/www.cmonsite.fr\/site\/webup\/2022\/09\/connexionBoxtaletape3-300x148.png 300w, https:\/\/www.cmonsite.fr\/site\/webup\/2022\/09\/connexionBoxtaletape3-768x378.png 768w, https:\/\/www.cmonsite.fr\/site\/webup\/2022\/09\/connexionBoxtaletape3.png 1388w\" sizes=\"(max-width: 800px) 100vw, 800px\" \/><\/a><\/p><p>Ce tableau de bord permet de suivre l&#8217;avancement de la configuration du module. Tous les voyants doivent \u00eatre au vert afin de pouvoir commencer \u00e0 l\u2019utiliser.<\/p><p style=\"text-align: left;\">&#8220;Connexion avec la cl\u00e9 API production&#8221; non op\u00e9rationnelle signifie que vous n&#8217;avez pas encore valid\u00e9 vos pr\u00e9f\u00e9rences de facturation sur votre compte Boxtal.<\/p><div style=\"text-align: center;\"><p><i>Si vous avez besoin d&#8217;aide pour mettre en place Boxtal, nous sommes \u00e0 votre \u00e9coute ;<br \/><\/i><i>Le support technique de CmonSite est <a href=\"\/\/www.cmonsite.fr\/contact.php\" target=\"_blank\" rel=\"noopener noreferrer\">disponible par email<\/a>\u00a0.<\/i><\/p><\/div><div style=\"text-align: center;\"><p><i><i>Le service client de Boxtal est joignable depuis leur formulaire ici : <a href=\"https:\/\/www.boxtal.com\/fr\/fr\/app\/contact-support\" target=\"_blank\" rel=\"noopener noreferrer\">https:\/\/www.boxtal.com\/fr\/fr\/app\/contact-support<\/a><\/i><\/i><\/p><\/div><p style=\"text-align: left;\"><strong>En r\u00e9sum\u00e9\u00a0:<\/strong><\/p><p style=\"text-align: left;\">La centralisation et le paiement des vos transporteurs s&#8217;effectuent via votre compte Boxtal.<\/p><p style=\"text-align: left;\">L&#8217;activation,\u00a0la configuration et la tarification de vos transporteurs se g\u00e8rent depuis votre administration CmonSite.<\/p><hr \/><p style=\"text-align: center;\"><span style=\"font-size: large;\">VOTRE BOUTIQUE EN\u00a0LIGNE\u00a0PROPOSE AINSI UNE POLITIQUE DE GESTION DES FRAIS ATTRACTIVES POUR VOS CLIENTS<\/span><\/p>\t\t\t\t\t\t\t\t<\/div>\n\t\t\t\t<\/div>\n\t\t\t\t<div class=\"elementor-element elementor-element-58a81a4 elementor-widget elementor-widget-spacer\" data-id=\"58a81a4\" data-element_type=\"widget\" data-e-type=\"widget\" data-widget_type=\"spacer.default\">\n\t\t\t\t<div class=\"elementor-widget-container\">\n\t\t\t\t\t\t\t<div class=\"elementor-spacer\">\n\t\t\t<div class=\"elementor-spacer-inner\"><\/div>\n\t\t<\/div>\n\t\t\t\t\t\t<\/div>\n\t\t\t\t<\/div>\n\t\t\t\t<div class=\"elementor-element elementor-element-02a4c80 elementor-widget-divider--view-line elementor-widget elementor-widget-divider\" data-id=\"02a4c80\" data-element_type=\"widget\" data-e-type=\"widget\" data-widget_type=\"divider.default\">\n\t\t\t\t<div class=\"elementor-widget-container\">\n\t\t\t\t\t\t\t<div class=\"elementor-divider\">\n\t\t\t<span class=\"elementor-divider-separator\">\n\t\t\t\t\t\t<\/span>\n\t\t<\/div>\n\t\t\t\t\t\t<\/div>\n\t\t\t\t<\/div>\n\t\t\t\t<div class=\"elementor-element elementor-element-6429875 elementor-widget elementor-widget-heading\" data-id=\"6429875\" data-element_type=\"widget\" data-e-type=\"widget\" data-widget_type=\"heading.default\">\n\t\t\t\t<div class=\"elementor-widget-container\">\n\t\t\t\t\t<h2 class=\"elementor-heading-title elementor-size-default\">D\u00e9couvrez notre vid\u00e9o explicative sur Boxtal <\/h2>\t\t\t\t<\/div>\n\t\t\t\t<\/div>\n\t\t\t\t<div class=\"elementor-element elementor-element-43d4f8b elementor-widget elementor-widget-video\" data-id=\"43d4f8b\" data-element_type=\"widget\" data-e-type=\"widget\" data-settings=\"{&quot;youtube_url&quot;:&quot;https:\\\/\\\/www.youtube.com\\\/watch?v=tsG-Si5bWlA&amp;t=33s&quot;,&quot;video_type&quot;:&quot;youtube&quot;,&quot;controls&quot;:&quot;yes&quot;}\" data-widget_type=\"video.default\">\n\t\t\t\t<div class=\"elementor-widget-container\">\n\t\t\t\t\t\t\t<div class=\"elementor-wrapper elementor-open-inline\">\n\t\t\t<div class=\"elementor-video\"><\/div>\t\t<\/div>\n\t\t\t\t\t\t<\/div>\n\t\t\t\t<\/div>\n\t\t\t\t\t<\/div>\n\t\t<\/div>\n\t\t\t\t\t<\/div>\n\t\t<\/section>\n\t\t\t\t<section class=\"elementor-section elementor-top-section elementor-element elementor-element-b4f2ab3 elementor-section-boxed elementor-section-height-default elementor-section-height-default\" data-id=\"b4f2ab3\" data-element_type=\"section\" data-e-type=\"section\">\n\t\t\t\t\t\t<div class=\"elementor-container elementor-column-gap-default\">\n\t\t\t\t\t<div class=\"elementor-column elementor-col-100 elementor-top-column elementor-element elementor-element-a645ae4\" data-id=\"a645ae4\" data-element_type=\"column\" data-e-type=\"column\">\n\t\t\t<div class=\"elementor-widget-wrap elementor-element-populated\">\n\t\t\t\t\t\t<div class=\"elementor-element elementor-element-1aa9d33 elementor-widget-divider--view-line elementor-widget elementor-widget-divider\" data-id=\"1aa9d33\" data-element_type=\"widget\" data-e-type=\"widget\" data-widget_type=\"divider.default\">\n\t\t\t\t<div class=\"elementor-widget-container\">\n\t\t\t\t\t\t\t<div class=\"elementor-divider\">\n\t\t\t<span class=\"elementor-divider-separator\">\n\t\t\t\t\t\t<\/span>\n\t\t<\/div>\n\t\t\t\t\t\t<\/div>\n\t\t\t\t<\/div>\n\t\t\t\t<div class=\"elementor-element elementor-element-202e966 elementor-widget elementor-widget-spacer\" data-id=\"202e966\" data-element_type=\"widget\" data-e-type=\"widget\" data-widget_type=\"spacer.default\">\n\t\t\t\t<div class=\"elementor-widget-container\">\n\t\t\t\t\t\t\t<div class=\"elementor-spacer\">\n\t\t\t<div class=\"elementor-spacer-inner\"><\/div>\n\t\t<\/div>\n\t\t\t\t\t\t<\/div>\n\t\t\t\t<\/div>\n\t\t\t\t<div class=\"elementor-element elementor-element-6354e46 elementor-widget elementor-widget-heading\" data-id=\"6354e46\" data-element_type=\"widget\" data-e-type=\"widget\" data-widget_type=\"heading.default\">\n\t\t\t\t<div class=\"elementor-widget-container\">\n\t\t\t\t\t<h2 class=\"elementor-heading-title elementor-size-default\">Ainsi que nos vid\u00e9os tutorielles sur la gestion des transporteurs<\/h2>\t\t\t\t<\/div>\n\t\t\t\t<\/div>\n\t\t\t\t\t<\/div>\n\t\t<\/div>\n\t\t\t\t\t<\/div>\n\t\t<\/section>\n\t\t\t\t<section class=\"elementor-section elementor-top-section elementor-element elementor-element-ecdee06 elementor-section-boxed elementor-section-height-default elementor-section-height-default\" data-id=\"ecdee06\" data-element_type=\"section\" data-e-type=\"section\">\n\t\t\t\t\t\t<div class=\"elementor-container elementor-column-gap-default\">\n\t\t\t\t\t<div class=\"elementor-column elementor-col-50 elementor-top-column elementor-element elementor-element-a2aa0a1\" data-id=\"a2aa0a1\" data-element_type=\"column\" data-e-type=\"column\">\n\t\t\t<div class=\"elementor-widget-wrap elementor-element-populated\">\n\t\t\t\t\t\t<div class=\"elementor-element elementor-element-1661ab6 elementor-widget elementor-widget-video\" data-id=\"1661ab6\" data-element_type=\"widget\" data-e-type=\"widget\" data-settings=\"{&quot;youtube_url&quot;:&quot;https:\\\/\\\/www.youtube.com\\\/watch?v=HpvMA_GxmNQ&amp;t=31s&quot;,&quot;video_type&quot;:&quot;youtube&quot;,&quot;controls&quot;:&quot;yes&quot;}\" data-widget_type=\"video.default\">\n\t\t\t\t<div class=\"elementor-widget-container\">\n\t\t\t\t\t\t\t<div class=\"elementor-wrapper elementor-open-inline\">\n\t\t\t<div class=\"elementor-video\"><\/div>\t\t<\/div>\n\t\t\t\t\t\t<\/div>\n\t\t\t\t<\/div>\n\t\t\t\t\t<\/div>\n\t\t<\/div>\n\t\t\t\t<div class=\"elementor-column elementor-col-50 elementor-top-column elementor-element elementor-element-3b0dd0e\" data-id=\"3b0dd0e\" data-element_type=\"column\" data-e-type=\"column\">\n\t\t\t<div class=\"elementor-widget-wrap elementor-element-populated\">\n\t\t\t\t\t\t<div class=\"elementor-element elementor-element-b9330be elementor-widget elementor-widget-video\" data-id=\"b9330be\" data-element_type=\"widget\" data-e-type=\"widget\" data-settings=\"{&quot;youtube_url&quot;:&quot;https:\\\/\\\/www.youtube.com\\\/watch?v=yG_C_w4woJg&amp;t=12s&quot;,&quot;video_type&quot;:&quot;youtube&quot;,&quot;controls&quot;:&quot;yes&quot;}\" data-widget_type=\"video.default\">\n\t\t\t\t<div class=\"elementor-widget-container\">\n\t\t\t\t\t\t\t<div class=\"elementor-wrapper elementor-open-inline\">\n\t\t\t<div class=\"elementor-video\"><\/div>\t\t<\/div>\n\t\t\t\t\t\t<\/div>\n\t\t\t\t<\/div>\n\t\t\t\t\t<\/div>\n\t\t<\/div>\n\t\t\t\t\t<\/div>\n\t\t<\/section>\n\t\t\t\t<section class=\"elementor-section elementor-top-section elementor-element elementor-element-c9fe9d2 elementor-section-boxed elementor-section-height-default elementor-section-height-default\" data-id=\"c9fe9d2\" data-element_type=\"section\" data-e-type=\"section\">\n\t\t\t\t\t\t<div class=\"elementor-container elementor-column-gap-default\">\n\t\t\t\t\t<div class=\"elementor-column elementor-col-100 elementor-top-column elementor-element elementor-element-c4e90b9\" data-id=\"c4e90b9\" data-element_type=\"column\" data-e-type=\"column\">\n\t\t\t<div class=\"elementor-widget-wrap elementor-element-populated\">\n\t\t\t\t\t\t<div class=\"elementor-element elementor-element-d7f0fc9 elementor-widget elementor-widget-spacer\" data-id=\"d7f0fc9\" data-element_type=\"widget\" data-e-type=\"widget\" data-widget_type=\"spacer.default\">\n\t\t\t\t<div class=\"elementor-widget-container\">\n\t\t\t\t\t\t\t<div class=\"elementor-spacer\">\n\t\t\t<div class=\"elementor-spacer-inner\"><\/div>\n\t\t<\/div>\n\t\t\t\t\t\t<\/div>\n\t\t\t\t<\/div>\n\t\t\t\t<div class=\"elementor-element elementor-element-05fca4b elementor-widget-divider--view-line elementor-widget elementor-widget-divider\" data-id=\"05fca4b\" data-element_type=\"widget\" data-e-type=\"widget\" data-widget_type=\"divider.default\">\n\t\t\t\t<div class=\"elementor-widget-container\">\n\t\t\t\t\t\t\t<div class=\"elementor-divider\">\n\t\t\t<span class=\"elementor-divider-separator\">\n\t\t\t\t\t\t<\/span>\n\t\t<\/div>\n\t\t\t\t\t\t<\/div>\n\t\t\t\t<\/div>\n\t\t\t\t\t<\/div>\n\t\t<\/div>\n\t\t\t\t\t<\/div>\n\t\t<\/section>\n\t\t\t\t<\/div>\n\t\t","protected":false},"excerpt":{"rendered":"<p>La simplicit\u00e9 de cr\u00e9er une boutique en ligne sur CmonSite am\u00e8ne logiquement\u00a0\u00e0 une gestion simplifi\u00e9e et efficace\u00a0de vos frais de port avec notre partenaire, Boxtal Le module multi-transporteurs int\u00e8gre de mani\u00e8re intuitive les diff\u00e9rents transporteurs propos\u00e9s par Boxtal. Depuis votre administration CmonSite, vous pouvez ainsi piloter et g\u00e9rer divers transporteurs : La Poste, Chonopost, TNT, [&hellip;]<\/p>\n","protected":false},"author":1,"featured_media":18038,"parent":22990,"menu_order":4,"comment_status":"closed","ping_status":"closed","template":"","meta":{"_helpful_status":1,"footnotes":""},"class_list":["post-9011","page","type-page","status-publish","has-post-thumbnail","hentry"],"_links":{"self":[{"href":"https:\/\/www.cmonsite.fr\/site\/wp-json\/wp\/v2\/pages\/9011","targetHints":{"allow":["GET"]}}],"collection":[{"href":"https:\/\/www.cmonsite.fr\/site\/wp-json\/wp\/v2\/pages"}],"about":[{"href":"https:\/\/www.cmonsite.fr\/site\/wp-json\/wp\/v2\/types\/page"}],"author":[{"embeddable":true,"href":"https:\/\/www.cmonsite.fr\/site\/wp-json\/wp\/v2\/users\/1"}],"replies":[{"embeddable":true,"href":"https:\/\/www.cmonsite.fr\/site\/wp-json\/wp\/v2\/comments?post=9011"}],"version-history":[{"count":20,"href":"https:\/\/www.cmonsite.fr\/site\/wp-json\/wp\/v2\/pages\/9011\/revisions"}],"predecessor-version":[{"id":24700,"href":"https:\/\/www.cmonsite.fr\/site\/wp-json\/wp\/v2\/pages\/9011\/revisions\/24700"}],"up":[{"embeddable":true,"href":"https:\/\/www.cmonsite.fr\/site\/wp-json\/wp\/v2\/pages\/22990"}],"wp:featuredmedia":[{"embeddable":true,"href":"https:\/\/www.cmonsite.fr\/site\/wp-json\/wp\/v2\/media\/18038"}],"wp:attachment":[{"href":"https:\/\/www.cmonsite.fr\/site\/wp-json\/wp\/v2\/media?parent=9011"}],"curies":[{"name":"wp","href":"https:\/\/api.w.org\/{rel}","templated":true}]}}