{"id":6148,"date":"2013-03-25T14:10:26","date_gmt":"2013-03-25T14:10:26","guid":{"rendered":"https:\/\/www.cmonsite.fr\/site\/aide\/?page_id=6148"},"modified":"2022-10-13T12:08:16","modified_gmt":"2022-10-13T10:08:16","slug":"creation-site-internet-comite-entreprise","status":"publish","type":"page","link":"https:\/\/www.cmonsite.fr\/site\/guides\/creation-site\/thematique\/creation-site-internet-comite-entreprise","title":{"rendered":"Cr\u00e9er un site pour son comit\u00e9 d&#8217;entreprise"},"content":{"rendered":"\t\t<div data-elementor-type=\"wp-page\" data-elementor-id=\"6148\" class=\"elementor elementor-6148\" data-elementor-post-type=\"page\">\n\t\t\t\t\t\t<section class=\"elementor-section elementor-top-section elementor-element elementor-element-d6d962e elementor-section-boxed elementor-section-height-default elementor-section-height-default\" data-id=\"d6d962e\" data-element_type=\"section\" data-e-type=\"section\">\n\t\t\t\t\t\t<div class=\"elementor-container elementor-column-gap-default\">\n\t\t\t\t\t<div class=\"elementor-column elementor-col-100 elementor-top-column elementor-element elementor-element-6b3e814\" data-id=\"6b3e814\" data-element_type=\"column\" data-e-type=\"column\">\n\t\t\t<div class=\"elementor-widget-wrap elementor-element-populated\">\n\t\t\t\t\t\t<div class=\"elementor-element elementor-element-1ef1b94 elementor-widget elementor-widget-image\" data-id=\"1ef1b94\" data-element_type=\"widget\" data-e-type=\"widget\" data-widget_type=\"image.default\">\n\t\t\t\t<div class=\"elementor-widget-container\">\n\t\t\t\t\t\t\t\t\t\t\t\t\t\t\t<img fetchpriority=\"high\" decoding=\"async\" width=\"1200\" height=\"315\" src=\"https:\/\/www.cmonsite.fr\/site\/webup\/2021\/07\/comite-dentreprise.png\" class=\"attachment-full size-full wp-image-17085\" alt=\"\" srcset=\"https:\/\/www.cmonsite.fr\/site\/webup\/2021\/07\/comite-dentreprise.png 1200w, https:\/\/www.cmonsite.fr\/site\/webup\/2021\/07\/comite-dentreprise-300x79.png 300w, https:\/\/www.cmonsite.fr\/site\/webup\/2021\/07\/comite-dentreprise-1024x269.png 1024w, https:\/\/www.cmonsite.fr\/site\/webup\/2021\/07\/comite-dentreprise-768x202.png 768w\" sizes=\"(max-width: 1200px) 100vw, 1200px\" \/>\t\t\t\t\t\t\t\t\t\t\t\t\t\t\t<\/div>\n\t\t\t\t<\/div>\n\t\t\t\t<div class=\"elementor-element elementor-element-b5fde7d elementor-widget elementor-widget-spacer\" data-id=\"b5fde7d\" data-element_type=\"widget\" data-e-type=\"widget\" data-widget_type=\"spacer.default\">\n\t\t\t\t<div class=\"elementor-widget-container\">\n\t\t\t\t\t\t\t<div class=\"elementor-spacer\">\n\t\t\t<div class=\"elementor-spacer-inner\"><\/div>\n\t\t<\/div>\n\t\t\t\t\t\t<\/div>\n\t\t\t\t<\/div>\n\t\t\t\t<div class=\"elementor-element elementor-element-7dc3f3b elementor-widget elementor-widget-heading\" data-id=\"7dc3f3b\" data-element_type=\"widget\" data-e-type=\"widget\" data-widget_type=\"heading.default\">\n\t\t\t\t<div class=\"elementor-widget-container\">\n\t\t\t\t\t<h2 class=\"elementor-heading-title elementor-size-default\"><h2 style=\"font-family: Roboto, sans-serif;white-space: normal\">Permet d'\u00e9tablir un lien entre les salari\u00e9s !<\/h2><\/h2>\t\t\t\t<\/div>\n\t\t\t\t<\/div>\n\t\t\t\t<div class=\"elementor-element elementor-element-245dabe elementor-widget elementor-widget-text-editor\" data-id=\"245dabe\" data-element_type=\"widget\" data-e-type=\"widget\" data-widget_type=\"text-editor.default\">\n\t\t\t\t<div class=\"elementor-widget-container\">\n\t\t\t\t\t\t\t\t\t<p>Envie d\u2019\u00e9tablir une communication avec les salari\u00e9s membres de votre comit\u00e9 d&#8217;entreprise\u00a0?<\/p><p>Envie de r\u00e9server l\u2019acc\u00e8s \u00e0 certaines pages uniquement aux membres du comit\u00e9 d\u2019entreprise ?<\/p><p>Pr\u00e9senter les prestations et les avantages offerts par votre CE ?<\/p>\t\t\t\t\t\t\t\t<\/div>\n\t\t\t\t<\/div>\n\t\t\t\t<div class=\"elementor-element elementor-element-c1abb85 elementor-widget elementor-widget-spacer\" data-id=\"c1abb85\" data-element_type=\"widget\" data-e-type=\"widget\" data-widget_type=\"spacer.default\">\n\t\t\t\t<div class=\"elementor-widget-container\">\n\t\t\t\t\t\t\t<div class=\"elementor-spacer\">\n\t\t\t<div class=\"elementor-spacer-inner\"><\/div>\n\t\t<\/div>\n\t\t\t\t\t\t<\/div>\n\t\t\t\t<\/div>\n\t\t\t\t<div class=\"elementor-element elementor-element-110bf90 elementor-widget elementor-widget-heading\" data-id=\"110bf90\" data-element_type=\"widget\" data-e-type=\"widget\" data-widget_type=\"heading.default\">\n\t\t\t\t<div class=\"elementor-widget-container\">\n\t\t\t\t\t<h2 class=\"elementor-heading-title elementor-size-default\"><h2 style=\"font-family: Roboto, sans-serif;white-space: normal\">Votre entreprise poss\u00e8de son comit\u00e9 d\u2019entreprise et vous voulez cr\u00e9er son site internet afin de mettre avant les relations humaines entres salari\u00e9s ?<\/h2><\/h2>\t\t\t\t<\/div>\n\t\t\t\t<\/div>\n\t\t\t\t<div class=\"elementor-element elementor-element-fc1434b elementor-widget elementor-widget-text-editor\" data-id=\"fc1434b\" data-element_type=\"widget\" data-e-type=\"widget\" data-widget_type=\"text-editor.default\">\n\t\t\t\t<div class=\"elementor-widget-container\">\n\t\t\t\t\t\t\t\t\t<p>Avec un site internet, informer les salari\u00e9s sur la vie du comit\u00e9 d&#8217;entreprise devient plus simple !<br>Il est important aujourd\u2019hui de poss\u00e9der un site internet pour votre comit\u00e9 d\u2019entreprise afin de renforcer sa pr\u00e9sence.Vous pouvez informer simplement les salari\u00e9s sur les futures r\u00e9unions, les actualit\u00e9s de l\u2019entreprise, et les avantages offerts par le CE (promotions sur voyage, sorties de groupe, cadeaux de fin d&#8217;ann\u00e9e&#8230;). Votre site doit vous permettre de mettre en valeur la force salariale de l&#8217;entreprise.<\/p>\t\t\t\t\t\t\t\t<\/div>\n\t\t\t\t<\/div>\n\t\t\t\t<div class=\"elementor-element elementor-element-2ed2e76 elementor-widget elementor-widget-spacer\" data-id=\"2ed2e76\" data-element_type=\"widget\" data-e-type=\"widget\" data-widget_type=\"spacer.default\">\n\t\t\t\t<div class=\"elementor-widget-container\">\n\t\t\t\t\t\t\t<div class=\"elementor-spacer\">\n\t\t\t<div class=\"elementor-spacer-inner\"><\/div>\n\t\t<\/div>\n\t\t\t\t\t\t<\/div>\n\t\t\t\t<\/div>\n\t\t\t\t<div class=\"elementor-element elementor-element-fd445f8 elementor-widget elementor-widget-heading\" data-id=\"fd445f8\" data-element_type=\"widget\" data-e-type=\"widget\" data-widget_type=\"heading.default\">\n\t\t\t\t<div class=\"elementor-widget-container\">\n\t\t\t\t\t<h2 class=\"elementor-heading-title elementor-size-default\"><h2 style=\"font-family: Roboto, sans-serif;white-space: normal\">Nos conseils pour cr\u00e9er le site de votre Comit\u00e9 d\u2019Entreprise :<\/h2><\/h2>\t\t\t\t<\/div>\n\t\t\t\t<\/div>\n\t\t\t\t<div class=\"elementor-element elementor-element-654c58b elementor-widget elementor-widget-text-editor\" data-id=\"654c58b\" data-element_type=\"widget\" data-e-type=\"widget\" data-widget_type=\"text-editor.default\">\n\t\t\t\t<div class=\"elementor-widget-container\">\n\t\t\t\t\t\t\t\t\t<p>Sur la page d\u2019accueil du site internet de votre comit\u00e9 d\u2019entreprise, vous pouvez pr\u00e9senter l\u2019entreprise et y afficher les derni\u00e8res actualit\u00e9s !<\/p>\n<p>Vous pouvez afficher les futurs \u00e9v\u00e9nements sur le calendrier de votre site internet tels que des r\u00e9unions, des rendez-vous culturels organis\u00e9s par le comit\u00e9 d\u2019entreprise. Chaque visiteur sera inform\u00e9 de ces \u00e9v\u00e9nements en toute simplicit\u00e9&nbsp;!&nbsp;<span style=\"font-family: var( --e-global-typography-text-font-family ), Sans-serif; font-weight: var( --e-global-typography-text-font-weight );\">Vous pouvez mettre en consultation libre ou priv\u00e9e des comptes rendus ou des rapports internes (\u00e0 t\u00e9l\u00e9charger en toute s\u00e9curit\u00e9).&nbsp;<\/span><span style=\"font-family: var( --e-global-typography-text-font-family ), Sans-serif; font-weight: var( --e-global-typography-text-font-weight );\">Vous avez la possibilit\u00e9 de verrouiller l&#8217;acc\u00e8s de vos pages par mot de passe et d&#8217;en donner l&#8217;acc\u00e8s uniquement aux membres du comit\u00e9 d\u2019entreprise.&nbsp;<\/span><span style=\"font-family: var( --e-global-typography-text-font-family ), Sans-serif; font-weight: var( --e-global-typography-text-font-weight );\">Des galeries d&#8217;images et vid\u00e9os vous permettent d&#8217;immortaliser les moments pass\u00e9s entre coll\u00e8gues de travail.&nbsp;<\/span><span style=\"font-family: var( --e-global-typography-text-font-family ), Sans-serif; font-weight: var( --e-global-typography-text-font-weight );\">Vous pouvez cr\u00e9er le site aux couleurs de l\u2019entreprise en y ajoutant votre logo et celui des syndicats pr\u00e9sents.<\/span><\/p>\t\t\t\t\t\t\t\t<\/div>\n\t\t\t\t<\/div>\n\t\t\t\t<div class=\"elementor-element elementor-element-f0d4a44 elementor-widget elementor-widget-spacer\" data-id=\"f0d4a44\" data-element_type=\"widget\" data-e-type=\"widget\" data-widget_type=\"spacer.default\">\n\t\t\t\t<div class=\"elementor-widget-container\">\n\t\t\t\t\t\t\t<div class=\"elementor-spacer\">\n\t\t\t<div class=\"elementor-spacer-inner\"><\/div>\n\t\t<\/div>\n\t\t\t\t\t\t<\/div>\n\t\t\t\t<\/div>\n\t\t\t\t<div class=\"elementor-element elementor-element-c1b6cd1 elementor-widget elementor-widget-heading\" data-id=\"c1b6cd1\" data-element_type=\"widget\" data-e-type=\"widget\" data-widget_type=\"heading.default\">\n\t\t\t\t<div class=\"elementor-widget-container\">\n\t\t\t\t\t<h2 class=\"elementor-heading-title elementor-size-default\"><h2 style=\"font-family: Roboto, sans-serif;white-space: normal\">Cr\u00e9er le site de votre comit\u00e9 d\u2019entreprise c\u2019est&nbsp;:<\/h2><\/h2>\t\t\t\t<\/div>\n\t\t\t\t<\/div>\n\t\t\t\t<div class=\"elementor-element elementor-element-113101f elementor-widget elementor-widget-text-editor\" data-id=\"113101f\" data-element_type=\"widget\" data-e-type=\"widget\" data-widget_type=\"text-editor.default\">\n\t\t\t\t<div class=\"elementor-widget-container\">\n\t\t\t\t\t\t\t\t\t<ul><li>Disposer de pages de contenu dynamiques\u00a0pour diffuser les informations et les actualit\u00e9s du CE<\/li><li>Publier un calendrier afin d\u2019informer les membres du CE sur les actions \u00e0 venir<\/li><li>Prot\u00e9ger par mot de passe certaines parties du site afin s\u00e9curiser les documents et informations que vous jugez confidentiels<\/li><\/ul>\t\t\t\t\t\t\t\t<\/div>\n\t\t\t\t<\/div>\n\t\t\t\t<div class=\"elementor-element elementor-element-328401a elementor-widget elementor-widget-text-editor\" data-id=\"328401a\" data-element_type=\"widget\" data-e-type=\"widget\" data-widget_type=\"text-editor.default\">\n\t\t\t\t<div class=\"elementor-widget-container\">\n\t\t\t\t\t\t\t\t\t<p align=\"center\"><span style=\"font-weight: bold;\"><em>Cr\u00e9er et mettre \u00e0 jour simplement le site de votre comit\u00e9 d&#8217;entreprise, c&#8217;est cr\u00e9er un nouveau lien de solidarit\u00e9 entre les salari\u00e9s de l&#8217;entreprise.<\/em><\/span><\/p>\t\t\t\t\t\t\t\t<\/div>\n\t\t\t\t<\/div>\n\t\t\t\t<div class=\"elementor-element elementor-element-d501682 elementor-widget-divider--view-line elementor-widget elementor-widget-divider\" data-id=\"d501682\" data-element_type=\"widget\" data-e-type=\"widget\" data-widget_type=\"divider.default\">\n\t\t\t\t<div class=\"elementor-widget-container\">\n\t\t\t\t\t\t\t<div class=\"elementor-divider\">\n\t\t\t<span class=\"elementor-divider-separator\">\n\t\t\t\t\t\t<\/span>\n\t\t<\/div>\n\t\t\t\t\t\t<\/div>\n\t\t\t\t<\/div>\n\t\t\t\t<div class=\"elementor-element elementor-element-f6a04fa elementor-widget elementor-widget-text-editor\" data-id=\"f6a04fa\" data-element_type=\"widget\" data-e-type=\"widget\" data-widget_type=\"text-editor.default\">\n\t\t\t\t<div class=\"elementor-widget-container\">\n\t\t\t\t\t\t\t\t\t<p><a style=\"background-color: #ffffff; text-align: center;\" title=\"Derniers sites cr\u00e9\u00e9s sur CmonSite\" href=\"https:\/\/www.cmonsite.fr\/exemple-creation-site-internet.php\" target=\"_blank\" rel=\"noopener\">Voir nos exemples de sites internet\u00a0<\/a><\/p><p>\u00a0<\/p><p><a style=\"background-color: #ffffff; text-align: center;\" title=\"Offres de cr\u00e9ation de site\" href=\"https:\/\/www.cmonsite.fr\/comparatif_offre.php\" target=\"_blank\" rel=\"noopener\">D\u00e9couvrez toutes nos formules de cr\u00e9ation de site internet<\/a><\/p>\t\t\t\t\t\t\t\t<\/div>\n\t\t\t\t<\/div>\n\t\t\t\t<div class=\"elementor-element elementor-element-f05fe06 elementor-widget-divider--view-line elementor-widget elementor-widget-divider\" data-id=\"f05fe06\" data-element_type=\"widget\" data-e-type=\"widget\" data-widget_type=\"divider.default\">\n\t\t\t\t<div class=\"elementor-widget-container\">\n\t\t\t\t\t\t\t<div class=\"elementor-divider\">\n\t\t\t<span class=\"elementor-divider-separator\">\n\t\t\t\t\t\t<\/span>\n\t\t<\/div>\n\t\t\t\t\t\t<\/div>\n\t\t\t\t<\/div>\n\t\t\t\t\t<\/div>\n\t\t<\/div>\n\t\t\t\t\t<\/div>\n\t\t<\/section>\n\t\t\t\t<\/div>\n\t\t","protected":false},"excerpt":{"rendered":"<p>Permet d&#8217;\u00e9tablir un lien entre les salari\u00e9s ! Envie d\u2019\u00e9tablir une communication avec les salari\u00e9s membres de votre comit\u00e9 d&#8217;entreprise\u00a0? Envie de r\u00e9server l\u2019acc\u00e8s \u00e0 certaines pages uniquement aux membres du comit\u00e9 d\u2019entreprise ? Pr\u00e9senter les prestations et les avantages offerts par votre CE ? Votre entreprise poss\u00e8de son comit\u00e9 d\u2019entreprise et vous voulez cr\u00e9er [&hellip;]<\/p>\n","protected":false},"author":1,"featured_media":18004,"parent":21587,"menu_order":11,"comment_status":"closed","ping_status":"closed","template":"","meta":{"_helpful_status":1,"footnotes":""},"class_list":["post-6148","page","type-page","status-publish","has-post-thumbnail","hentry"],"_links":{"self":[{"href":"https:\/\/www.cmonsite.fr\/site\/wp-json\/wp\/v2\/pages\/6148","targetHints":{"allow":["GET"]}}],"collection":[{"href":"https:\/\/www.cmonsite.fr\/site\/wp-json\/wp\/v2\/pages"}],"about":[{"href":"https:\/\/www.cmonsite.fr\/site\/wp-json\/wp\/v2\/types\/page"}],"author":[{"embeddable":true,"href":"https:\/\/www.cmonsite.fr\/site\/wp-json\/wp\/v2\/users\/1"}],"replies":[{"embeddable":true,"href":"https:\/\/www.cmonsite.fr\/site\/wp-json\/wp\/v2\/comments?post=6148"}],"version-history":[{"count":2,"href":"https:\/\/www.cmonsite.fr\/site\/wp-json\/wp\/v2\/pages\/6148\/revisions"}],"predecessor-version":[{"id":22043,"href":"https:\/\/www.cmonsite.fr\/site\/wp-json\/wp\/v2\/pages\/6148\/revisions\/22043"}],"up":[{"embeddable":true,"href":"https:\/\/www.cmonsite.fr\/site\/wp-json\/wp\/v2\/pages\/21587"}],"wp:featuredmedia":[{"embeddable":true,"href":"https:\/\/www.cmonsite.fr\/site\/wp-json\/wp\/v2\/media\/18004"}],"wp:attachment":[{"href":"https:\/\/www.cmonsite.fr\/site\/wp-json\/wp\/v2\/media?parent=6148"}],"curies":[{"name":"wp","href":"https:\/\/api.w.org\/{rel}","templated":true}]}}