{"id":6119,"date":"2013-03-22T16:36:56","date_gmt":"2013-03-22T16:36:51","guid":{"rendered":"https:\/\/www.cmonsite.fr\/site\/aide\/?page_id=6119"},"modified":"2022-10-25T17:15:16","modified_gmt":"2022-10-25T15:15:16","slug":"creer-un-site-pour-un-jardinier-paysagiste","status":"publish","type":"page","link":"https:\/\/www.cmonsite.fr\/site\/guides\/creation-site\/thematique\/creer-un-site-pour-un-jardinier-paysagiste","title":{"rendered":"Cr\u00e9er un site pour un Jardinier \/ Paysagiste"},"content":{"rendered":"<h2><b>Cr\u00e9ez un site de paysagiste ou jardinier pour pr\u00e9senter votre activit\u00e9 et vous faire conna\u00eetre!<img fetchpriority=\"high\" decoding=\"async\" class=\"size-full wp-image-6849 alignright\" title=\"Cr\u00e9er un site pour un jardinier ou un paysagiste\" src=\"https:\/\/www.cmonsite.fr\/site\/webup\/2013\/07\/creer_un_site_jardinier.jpg\" alt=\"Cr\u00e9er un site pour un jardinier ou un paysagiste\" width=\"370\" height=\"150\" srcset=\"https:\/\/www.cmonsite.fr\/site\/webup\/2013\/07\/creer_un_site_jardinier.jpg 370w, https:\/\/www.cmonsite.fr\/site\/webup\/2013\/07\/creer_un_site_jardinier-300x122.jpg 300w\" sizes=\"(max-width: 370px) 100vw, 370px\" \/><\/b><\/h2>\n<ul>\n<li>Id\u00e9al pour vous pr\u00e9senter et pr\u00e9senter vos comp\u00e9tences\u00a0!<\/li>\n<li>Id\u00e9al pour montrer votre travail et vos travaux d&#8217;am\u00e9nagement paysager en photos ou vid\u00e9os.<\/li>\n<li>Id\u00e9al pour vos demandes de devis en ligne ou pour recevoir vos demandes de renseignements directement depuis votre page de contact<\/li>\n<li>Id\u00e9al pour vous localiser et voir vos disponibilit\u00e9s en un clic gr\u00e2ce \u00e0 une carte Google Maps et un calendrier en ligne.<\/li>\n<\/ul>\n<p><b>Vous \u00eates jardinier ou paysagiste et souhaitez vous faire connaitre et montrer votre travail?<\/b><\/p>\n<p>Un site internet est un support tr\u00e8s efficace pour pr\u00e9senter vos am\u00e9nagements ext\u00e9rieurs et votre travail de paysagiste gr\u00e2ce \u00e0 des albums photos.<br \/>\nVotre propre site professionnel vous permet \u00e9galement de communiquer des informations plus facilement (moyen de vous recontacter, disponibilit\u00e9s via un calendrier en ligne, o\u00f9 vous trouver, vos prestations, vos tarifs, votre CV&#8230;).<\/p>\n<p>Le bouche \u00e0 oreille est efficace mais a ses limites. L\u00e0 o\u00f9 un client satisfait le dit \u00e0 trois personnes, votre site Internet communique sur vous dans le monde entier en permanence.<br \/>\nCette publicit\u00e9 \u00e0 moindre co\u00fbt peut consid\u00e9rablement augmenter le nombre de clients potentiels qui, jusqu&#8217;\u00e0 pr\u00e9sent, ne vous connaissaient pas.<\/p>\n<p>Votre site Internet a pour but de mettre en valeur vos travaux de paysagiste pour exprimer votre art en image\u00a0et donner envie \u00e0 vos visiteurs de faire appel \u00e0 vous.<\/p>\n<p><b><a href=\"https:\/\/www.cmonsite.fr\/site\/webup\/2013\/03\/creer-un-site-pour-un-jardiner_paysagiste-Cmonsite.png\"><img decoding=\"async\" class=\" wp-image-8240 alignleft\" src=\"https:\/\/www.cmonsite.fr\/site\/webup\/2013\/03\/creer-un-site-pour-un-jardiner_paysagiste-Cmonsite.png\" alt=\"cr\u00e9er-un-site-pour-un-jardiner_paysagiste-Cmonsite\" width=\"488\" height=\"328\" \/><\/a><br \/>\nNos conseils pour cr\u00e9er un site de Jardinier ou Paysagiste\u00a0:<\/b><\/p>\n<p>Votre page d&#8217;accueil doit vous permettre de d\u00e9crire votre activit\u00e9 et vous pr\u00e9senter ainsi que vos comp\u00e9tences. La charte graphique de votre site internet a pour but de mettre en valeur vos travaux paysagers et de participer \u00e0 votre image professionnelle.<\/p>\n<p>Les pages de votre site internet vont vous permettre de pr\u00e9senter votre parcours professionnel, vos comp\u00e9tences en d\u00e9tail, vos tarifs, des t\u00e9moignages de vos clients. Une page suppl\u00e9mentaire mais facultative &#8220;astuces de jardinier&#8221; donnant des conseils en mati\u00e8re de jardinage permet de cr\u00e9er un lien ludique avec le visiteur.<\/p>\n<p>&nbsp;<\/p>\n<hr \/>\n<p style=\"text-align: center;\">Pensez \u00e0 inclure des photos ou vid\u00e9os de vos r\u00e9alisations et am\u00e9nagements paysagers<br \/>\nou entretiens de jardin pour que le visiteur\/client potentiel puisse voir vos travaux et se projeter.<\/p>\n<hr \/>\n<h2><b>Cr\u00e9er un site de Jardinier ou paysagiste c\u2019est\u00a0:<\/b><\/h2>\n<p>&gt; \u00a0Disposer de contenu pour vous pr\u00e9senter et vous faire conna\u00eetre<\/p>\n<p>&gt; Votre propre nom de domaine professionnel\u00a0<b>jean-paysagiste.com<\/b> pour \u00eatre facilement trouvable sur les moteurs de recherche (Google, Bing et Yahoo&#8230;).<\/p>\n<p>&gt; Des albums photos pour mettre en valeurs vos am\u00e9nagements paysagers\u00a0!<\/p>\n<p>&gt; Des Designs sp\u00e9cialement con\u00e7us pour votre activit\u00e9 pour mettre en valeur votre travail.<\/p>\n<p>&gt; Un module boutique pour vendre directement certains de vos produits (produits d&#8217;entretien, petits outils, ouvrages de jardinerie&#8230;)<\/p>\n<p>&gt; Une page de contact pour vous contacter facilement et vous demander un devis depuis votre site internet.<\/p>\n<p>&gt; Une carte Google Maps en ligne pour vous localiser facilement.<\/p>\n<p>&gt; Un calendrier en ligne pour rapidement voir vos disponibilit\u00e9s.<\/p>\n<hr \/>\n<p style=\"text-align: center;\"><a href=\"https:\/\/www.cmonsite.fr\/site\/aide\/bien-commencer\/exemples-sites-internet\/\" target=\"_blank\" rel=\"noopener\">Voir nos exemples de sites internet\u00a0<\/a><br \/>\n<a href=\"https:\/\/www.cmonsite.fr\/comparatif_offre.php\" target=\"_blank\" rel=\"noopener\">Plus d&#8217;infos sur nos formules de cr\u00e9ation de site<\/a><\/p>\n<hr \/>\n","protected":false},"excerpt":{"rendered":"<p>Cr\u00e9ez un site de paysagiste ou jardinier pour pr\u00e9senter votre activit\u00e9 et vous faire conna\u00eetre! Id\u00e9al pour vous pr\u00e9senter et pr\u00e9senter vos comp\u00e9tences\u00a0! Id\u00e9al pour montrer votre travail et vos travaux d&#8217;am\u00e9nagement paysager en photos ou vid\u00e9os. Id\u00e9al pour vos demandes de devis en ligne ou pour recevoir vos demandes de renseignements directement depuis votre [&hellip;]<\/p>\n","protected":false},"author":1,"featured_media":0,"parent":21587,"menu_order":21,"comment_status":"closed","ping_status":"closed","template":"","meta":{"_helpful_status":1,"footnotes":""},"class_list":["post-6119","page","type-page","status-publish","hentry"],"_links":{"self":[{"href":"https:\/\/www.cmonsite.fr\/site\/wp-json\/wp\/v2\/pages\/6119","targetHints":{"allow":["GET"]}}],"collection":[{"href":"https:\/\/www.cmonsite.fr\/site\/wp-json\/wp\/v2\/pages"}],"about":[{"href":"https:\/\/www.cmonsite.fr\/site\/wp-json\/wp\/v2\/types\/page"}],"author":[{"embeddable":true,"href":"https:\/\/www.cmonsite.fr\/site\/wp-json\/wp\/v2\/users\/1"}],"replies":[{"embeddable":true,"href":"https:\/\/www.cmonsite.fr\/site\/wp-json\/wp\/v2\/comments?post=6119"}],"version-history":[{"count":1,"href":"https:\/\/www.cmonsite.fr\/site\/wp-json\/wp\/v2\/pages\/6119\/revisions"}],"predecessor-version":[{"id":21170,"href":"https:\/\/www.cmonsite.fr\/site\/wp-json\/wp\/v2\/pages\/6119\/revisions\/21170"}],"up":[{"embeddable":true,"href":"https:\/\/www.cmonsite.fr\/site\/wp-json\/wp\/v2\/pages\/21587"}],"wp:attachment":[{"href":"https:\/\/www.cmonsite.fr\/site\/wp-json\/wp\/v2\/media?parent=6119"}],"curies":[{"name":"wp","href":"https:\/\/api.w.org\/{rel}","templated":true}]}}