{"id":2985,"date":"2013-01-21T10:47:18","date_gmt":"2013-01-21T10:47:18","guid":{"rendered":"https:\/\/www.cmonsite.fr\/site\/aide\/?page_id=2985"},"modified":"2024-08-09T10:04:35","modified_gmt":"2024-08-09T08:04:35","slug":"partenariats","status":"publish","type":"page","link":"https:\/\/www.cmonsite.fr\/site\/aide\/assistance-cmonsite\/partenariats","title":{"rendered":"Programme d&#8217;affiliation CmonSite"},"content":{"rendered":"\t\t<div data-elementor-type=\"wp-page\" data-elementor-id=\"2985\" class=\"elementor elementor-2985\" data-elementor-post-type=\"page\">\n\t\t\t\t\t\t<section class=\"elementor-section elementor-top-section elementor-element elementor-element-2b8d00db elementor-section-boxed elementor-section-height-default elementor-section-height-default\" data-id=\"2b8d00db\" data-element_type=\"section\" data-e-type=\"section\">\n\t\t\t\t\t\t<div class=\"elementor-container elementor-column-gap-default\">\n\t\t\t\t\t<div class=\"elementor-column elementor-col-100 elementor-top-column elementor-element elementor-element-33ca813e\" data-id=\"33ca813e\" data-element_type=\"column\" data-e-type=\"column\">\n\t\t\t<div class=\"elementor-widget-wrap elementor-element-populated\">\n\t\t\t\t\t\t<div class=\"elementor-element elementor-element-9c54c21 elementor-widget elementor-widget-text-editor\" data-id=\"9c54c21\" data-element_type=\"widget\" data-e-type=\"widget\" data-widget_type=\"text-editor.default\">\n\t\t\t\t<div class=\"elementor-widget-container\">\n\t\t\t\t\t\t\t\t\t<h2>Le programme d&#8217;Affiliation de CmonSite<\/h2><h3>L&#8217;affiliation CmonSite qu&#8217;est ce que c&#8217;est ?<\/h3><p>Il s&#8217;agit d&#8217;un programme qui<strong>\u00a0<\/strong>permet \u00e0 tous nos partenaires d\u2019\u00eatre r\u00e9mun\u00e9r\u00e9s pour chaque nouvelle cr\u00e9ation de sites auxquelles ils auront contribu\u00e9.\u00a0<\/p><p><span style=\"text-align: var(--text-align); color: var( --e-global-color-text );\">\u00a0<\/span><\/p><p><span style=\"text-align: var(--text-align); color: var( --e-global-color-text );\">Ainsi, si vous avez un site internet, ou des leviers de communications en rapport avec la cr\u00e9ation de sites internet, vous pouvez \u00eatre r\u00e9mun\u00e9r\u00e9 pour cela gr\u00e2ce \u00e0 notre programmation d&#8217;affiliation.<\/span><\/p>\t\t\t\t\t\t\t\t<\/div>\n\t\t\t\t<\/div>\n\t\t\t\t<div class=\"elementor-element elementor-element-da60e3e elementor-widget elementor-widget-spacer\" data-id=\"da60e3e\" data-element_type=\"widget\" data-e-type=\"widget\" data-widget_type=\"spacer.default\">\n\t\t\t\t<div class=\"elementor-widget-container\">\n\t\t\t\t\t\t\t<div class=\"elementor-spacer\">\n\t\t\t<div class=\"elementor-spacer-inner\"><\/div>\n\t\t<\/div>\n\t\t\t\t\t\t<\/div>\n\t\t\t\t<\/div>\n\t\t\t\t<div class=\"elementor-element elementor-element-a11fa88 elementor-widget elementor-widget-spacer\" data-id=\"a11fa88\" data-element_type=\"widget\" data-e-type=\"widget\" data-widget_type=\"spacer.default\">\n\t\t\t\t<div class=\"elementor-widget-container\">\n\t\t\t\t\t\t\t<div class=\"elementor-spacer\">\n\t\t\t<div class=\"elementor-spacer-inner\"><\/div>\n\t\t<\/div>\n\t\t\t\t\t\t<\/div>\n\t\t\t\t<\/div>\n\t\t\t\t<div class=\"elementor-element elementor-element-d463bfb elementor-widget elementor-widget-text-editor\" data-id=\"d463bfb\" data-element_type=\"widget\" data-e-type=\"widget\" data-widget_type=\"text-editor.default\">\n\t\t\t\t<div class=\"elementor-widget-container\">\n\t\t\t\t\t\t\t\t\t<hr \/><p style=\"text-align: center;\"><span style=\"font-size: large;\">Cette collaboration permet d&#8217;obtenir une source de revenus compl\u00e9mentaires !<\/span><\/p><hr \/><p>\u00a0<\/p>\t\t\t\t\t\t\t\t<\/div>\n\t\t\t\t<\/div>\n\t\t\t\t<div class=\"elementor-element elementor-element-26c0ce6 elementor-widget elementor-widget-text-editor\" data-id=\"26c0ce6\" data-element_type=\"widget\" data-e-type=\"widget\" data-widget_type=\"text-editor.default\">\n\t\t\t\t<div class=\"elementor-widget-container\">\n\t\t\t\t\t\t\t\t\t<p>Le programme d&#8217;affiliation de CmonSite pr\u00e9sente plusieurs avantages attractifs :<\/p><ol><li><strong>Commissions Attrayantes<\/strong> : Les affili\u00e9s peuvent gagner jusqu&#8217;\u00e0 30% de commission sur chaque vente g\u00e9n\u00e9r\u00e9e.<\/li><li><strong>Vari\u00e9t\u00e9 de Produits<\/strong> : Il propose une large gamme de services, notamment la cr\u00e9ation de sites internet et de boutiques en ligne.<\/li><li><strong>Outils Marketing<\/strong> : Les affili\u00e9s ont acc\u00e8s \u00e0 divers outils marketing pour optimiser leurs campagnes.<\/li><li><strong>Support et Suivi<\/strong> : Un support d\u00e9di\u00e9 et un suivi des performances en temps r\u00e9el.<\/li><li><strong>Paiements R\u00e9guliers<\/strong> : Les commissions sont pay\u00e9es r\u00e9guli\u00e8rement, garantissant un revenu stable.<\/li><\/ol>\t\t\t\t\t\t\t\t<\/div>\n\t\t\t\t<\/div>\n\t\t\t\t<div class=\"elementor-element elementor-element-1fc4ed6 elementor-widget elementor-widget-spacer\" data-id=\"1fc4ed6\" data-element_type=\"widget\" data-e-type=\"widget\" data-widget_type=\"spacer.default\">\n\t\t\t\t<div class=\"elementor-widget-container\">\n\t\t\t\t\t\t\t<div class=\"elementor-spacer\">\n\t\t\t<div class=\"elementor-spacer-inner\"><\/div>\n\t\t<\/div>\n\t\t\t\t\t\t<\/div>\n\t\t\t\t<\/div>\n\t\t\t\t<div class=\"elementor-element elementor-element-92c3d19 elementor-widget elementor-widget-text-editor\" data-id=\"92c3d19\" data-element_type=\"widget\" data-e-type=\"widget\" data-widget_type=\"text-editor.default\">\n\t\t\t\t<div class=\"elementor-widget-container\">\n\t\t\t\t\t\t\t\t\t<p>Rejoignez le programme d&#8217;affiliation de CmonSite et b\u00e9n\u00e9ficiez de nombreux avantages.\u00a0<\/p><p>Profitez d&#8217;un <strong>support d\u00e9di\u00e9<\/strong>, de <strong>commissions attractives<\/strong> et d&#8217;outils marketing performants pour <strong>maximiser vos revenus en ligne<\/strong>.<\/p><p>\u00a0<\/p><p>D\u00e9couvrez-en plus sur notre page d&#8217;assistance et affiliation :\u00a0<\/p>\t\t\t\t\t\t\t\t<\/div>\n\t\t\t\t<\/div>\n\t\t\t\t<div class=\"elementor-element elementor-element-4eea2c0 elementor-widget elementor-widget-spacer\" data-id=\"4eea2c0\" data-element_type=\"widget\" data-e-type=\"widget\" data-widget_type=\"spacer.default\">\n\t\t\t\t<div class=\"elementor-widget-container\">\n\t\t\t\t\t\t\t<div class=\"elementor-spacer\">\n\t\t\t<div class=\"elementor-spacer-inner\"><\/div>\n\t\t<\/div>\n\t\t\t\t\t\t<\/div>\n\t\t\t\t<\/div>\n\t\t\t\t<div class=\"elementor-element elementor-element-febdf41 elementor-widget elementor-widget-spacer\" data-id=\"febdf41\" data-element_type=\"widget\" data-e-type=\"widget\" data-widget_type=\"spacer.default\">\n\t\t\t\t<div class=\"elementor-widget-container\">\n\t\t\t\t\t\t\t<div class=\"elementor-spacer\">\n\t\t\t<div class=\"elementor-spacer-inner\"><\/div>\n\t\t<\/div>\n\t\t\t\t\t\t<\/div>\n\t\t\t\t<\/div>\n\t\t\t\t<div class=\"elementor-element elementor-element-6b13df2 elementor-button-success elementor-align-center elementor-widget elementor-widget-button\" data-id=\"6b13df2\" data-element_type=\"widget\" data-e-type=\"widget\" data-widget_type=\"button.default\">\n\t\t\t\t<div class=\"elementor-widget-container\">\n\t\t\t\t\t\t\t\t\t<div class=\"elementor-button-wrapper\">\n\t\t\t\t\t<a class=\"elementor-button elementor-button-link elementor-size-sm\" href=\"https:\/\/affilae.com\/fr\/programme-affiliation-cmonsite-creer-un-site-internet-ou-une-boutique-en-ligne\" target=\"_blank\">\n\t\t\t\t\t\t<span class=\"elementor-button-content-wrapper\">\n\t\t\t\t\t\t\t\t\t<span class=\"elementor-button-text\">D\u00e9couvrir notre programme d'affiliation<\/span>\n\t\t\t\t\t<\/span>\n\t\t\t\t\t<\/a>\n\t\t\t\t<\/div>\n\t\t\t\t\t\t\t\t<\/div>\n\t\t\t\t<\/div>\n\t\t\t\t\t<\/div>\n\t\t<\/div>\n\t\t\t\t\t<\/div>\n\t\t<\/section>\n\t\t<div class=\"elementor-element elementor-element-0b5b79a e-flex e-con-boxed e-con e-parent\" data-id=\"0b5b79a\" data-element_type=\"container\" data-e-type=\"container\">\n\t\t\t\t\t<div class=\"e-con-inner\">\n\t\t\t\t<div class=\"elementor-element elementor-element-65f0bfe elementor-widget elementor-widget-spacer\" data-id=\"65f0bfe\" data-element_type=\"widget\" data-e-type=\"widget\" data-widget_type=\"spacer.default\">\n\t\t\t\t<div class=\"elementor-widget-container\">\n\t\t\t\t\t\t\t<div class=\"elementor-spacer\">\n\t\t\t<div class=\"elementor-spacer-inner\"><\/div>\n\t\t<\/div>\n\t\t\t\t\t\t<\/div>\n\t\t\t\t<\/div>\n\t\t\t\t<div class=\"elementor-element elementor-element-1a2cf59 elementor-widget elementor-widget-text-editor\" data-id=\"1a2cf59\" data-element_type=\"widget\" data-e-type=\"widget\" data-widget_type=\"text-editor.default\">\n\t\t\t\t<div class=\"elementor-widget-container\">\n\t\t\t\t\t\t\t\t\t<p><strong>Vous \u00eates client CmonSite ?<\/strong><\/p><p>Vous souhaitez parrainer vos amis ? D\u00e9couvrez notre programme de parrainage pour gagner des bons de r\u00e9duction :\u00a0<\/p>\t\t\t\t\t\t\t\t<\/div>\n\t\t\t\t<\/div>\n\t\t\t\t<div class=\"elementor-element elementor-element-c4b5e65 elementor-button-warning elementor-widget elementor-widget-button\" data-id=\"c4b5e65\" data-element_type=\"widget\" data-e-type=\"widget\" data-widget_type=\"button.default\">\n\t\t\t\t<div class=\"elementor-widget-container\">\n\t\t\t\t\t\t\t\t\t<div class=\"elementor-button-wrapper\">\n\t\t\t\t\t<a class=\"elementor-button elementor-button-link elementor-size-sm\" href=\"https:\/\/www.cmonsite.fr\/site\/aide\/astuces-informations\/informations-diverses\/parrainage-cmonsite\">\n\t\t\t\t\t\t<span class=\"elementor-button-content-wrapper\">\n\t\t\t\t\t\t\t\t\t<span class=\"elementor-button-text\">D\u00e9couvrir notre programme de parrainage<\/span>\n\t\t\t\t\t<\/span>\n\t\t\t\t\t<\/a>\n\t\t\t\t<\/div>\n\t\t\t\t\t\t\t\t<\/div>\n\t\t\t\t<\/div>\n\t\t\t\t\t<\/div>\n\t\t\t\t<\/div>\n\t\t\t\t<\/div>\n\t\t","protected":false},"excerpt":{"rendered":"<p>Le programme d&#8217;Affiliation de CmonSite L&#8217;affiliation CmonSite qu&#8217;est ce que c&#8217;est ? Il s&#8217;agit d&#8217;un programme qui\u00a0permet \u00e0 tous nos partenaires d\u2019\u00eatre r\u00e9mun\u00e9r\u00e9s pour chaque nouvelle cr\u00e9ation de sites auxquelles ils auront contribu\u00e9.\u00a0 \u00a0 Ainsi, si vous avez un site internet, ou des leviers de communications en rapport avec la cr\u00e9ation de sites internet, vous [&hellip;]<\/p>\n","protected":false},"author":1,"featured_media":19203,"parent":720,"menu_order":4,"comment_status":"open","ping_status":"closed","template":"","meta":{"_helpful_status":1,"footnotes":""},"class_list":["post-2985","page","type-page","status-publish","has-post-thumbnail","hentry"],"_links":{"self":[{"href":"https:\/\/www.cmonsite.fr\/site\/wp-json\/wp\/v2\/pages\/2985","targetHints":{"allow":["GET"]}}],"collection":[{"href":"https:\/\/www.cmonsite.fr\/site\/wp-json\/wp\/v2\/pages"}],"about":[{"href":"https:\/\/www.cmonsite.fr\/site\/wp-json\/wp\/v2\/types\/page"}],"author":[{"embeddable":true,"href":"https:\/\/www.cmonsite.fr\/site\/wp-json\/wp\/v2\/users\/1"}],"replies":[{"embeddable":true,"href":"https:\/\/www.cmonsite.fr\/site\/wp-json\/wp\/v2\/comments?post=2985"}],"version-history":[{"count":25,"href":"https:\/\/www.cmonsite.fr\/site\/wp-json\/wp\/v2\/pages\/2985\/revisions"}],"predecessor-version":[{"id":26903,"href":"https:\/\/www.cmonsite.fr\/site\/wp-json\/wp\/v2\/pages\/2985\/revisions\/26903"}],"up":[{"embeddable":true,"href":"https:\/\/www.cmonsite.fr\/site\/wp-json\/wp\/v2\/pages\/720"}],"wp:featuredmedia":[{"embeddable":true,"href":"https:\/\/www.cmonsite.fr\/site\/wp-json\/wp\/v2\/media\/19203"}],"wp:attachment":[{"href":"https:\/\/www.cmonsite.fr\/site\/wp-json\/wp\/v2\/media?parent=2985"}],"curies":[{"name":"wp","href":"https:\/\/api.w.org\/{rel}","templated":true}]}}