{"id":26712,"date":"2024-06-10T11:31:45","date_gmt":"2024-06-10T09:31:45","guid":{"rendered":"https:\/\/www.cmonsite.fr\/site\/?page_id=26712"},"modified":"2024-06-10T11:39:13","modified_gmt":"2024-06-10T09:39:13","slug":"comment-installer-le-pixel-pinterest-sur-mon-site","status":"publish","type":"page","link":"https:\/\/www.cmonsite.fr\/site\/aide\/reseaux-sociaux\/comment-installer-le-pixel-pinterest-sur-mon-site","title":{"rendered":"Comment installer le Pixel Pinterest sur mon site ?"},"content":{"rendered":"\t\t<div data-elementor-type=\"wp-page\" data-elementor-id=\"26712\" class=\"elementor elementor-26712\" data-elementor-post-type=\"page\">\n\t\t\t\t<div class=\"elementor-element elementor-element-e7091e9 e-con-full e-flex e-con e-parent\" data-id=\"e7091e9\" data-element_type=\"container\" data-e-type=\"container\">\n\t\t\t\t<div class=\"elementor-element elementor-element-319d663 elementor-widget elementor-widget-text-editor\" data-id=\"319d663\" data-element_type=\"widget\" data-e-type=\"widget\" data-widget_type=\"text-editor.default\">\n\t\t\t\t<div class=\"elementor-widget-container\">\n\t\t\t\t\t\t\t\t\t<p>En ayant souscrit \u00e0 l&#8217;option Pinterest Tag Pixel, vous pouvez avoir des statistiques avanc\u00e9es sur vos publicit\u00e9s Pinterest pour mesurer leur efficacit\u00e9, et analyser l&#8217;engagement de vos clients sur votre boutique CmonSite gr\u00e2ce \u00e0 celles-ci.\u00a0<\/p>\t\t\t\t\t\t\t\t<\/div>\n\t\t\t\t<\/div>\n\t\t\t\t<div class=\"elementor-element elementor-element-5bba8de elementor-widget elementor-widget-text-editor\" data-id=\"5bba8de\" data-element_type=\"widget\" data-e-type=\"widget\" data-widget_type=\"text-editor.default\">\n\t\t\t\t<div class=\"elementor-widget-container\">\n\t\t\t\t\t\t\t\t\t<p>Avant de pouvoir installer le pixel sur votre site, il vous faudra u<span style=\"background-color: transparent; text-align: var(--text-align); color: var( --e-global-color-text );\">n compte <b>Pinterest Business<\/b>, avec u<\/span><span style=\"background-color: transparent; text-align: var(--text-align); color: var( --e-global-color-text );\">n <b>compte publicitaire<\/b> mis en place sur ce dernier.<\/span><\/p>\t\t\t\t\t\t\t\t<\/div>\n\t\t\t\t<\/div>\n\t\t\t\t<div class=\"elementor-element elementor-element-9ca50f9 elementor-widget elementor-widget-heading\" data-id=\"9ca50f9\" data-element_type=\"widget\" data-e-type=\"widget\" data-widget_type=\"heading.default\">\n\t\t\t\t<div class=\"elementor-widget-container\">\n\t\t\t\t\t<h2 class=\"elementor-heading-title elementor-size-default\">Mise en place du compte publicitaire<\/h2>\t\t\t\t<\/div>\n\t\t\t\t<\/div>\n\t\t\t\t<div class=\"elementor-element elementor-element-419ea12 elementor-widget elementor-widget-text-editor\" data-id=\"419ea12\" data-element_type=\"widget\" data-e-type=\"widget\" data-widget_type=\"text-editor.default\">\n\t\t\t\t<div class=\"elementor-widget-container\">\n\t\t\t\t\t\t\t\t\t<p>Si ce n&#8217;est pas d\u00e9j\u00e0 fait, cr\u00e9ez un compte Pinterest Business via <a href=\"https:\/\/business.pinterest.com\/fr\/\">ce lien<\/a>.<\/p><p>Allez ensuite sur votre page <a href=\"https:\/\/www.pinterest.fr\/business\/business-manager\">Pinterest Business Manager<\/a>.\u00a0\u00a0<\/p><p>\u00a0<\/p><p>Cliquez sur &#8220;Comptes publicitaires&#8221; dans le menu de gauche, puis sur &#8220;Cr\u00e9er un compte publicitaire&#8221;.<\/p>\t\t\t\t\t\t\t\t<\/div>\n\t\t\t\t<\/div>\n\t\t\t\t<div class=\"elementor-element elementor-element-b9449a5 elementor-widget elementor-widget-image\" data-id=\"b9449a5\" data-element_type=\"widget\" data-e-type=\"widget\" data-widget_type=\"image.default\">\n\t\t\t\t<div class=\"elementor-widget-container\">\n\t\t\t\t\t\t\t\t\t\t\t\t\t\t\t<img fetchpriority=\"high\" decoding=\"async\" width=\"608\" height=\"319\" src=\"https:\/\/www.cmonsite.fr\/site\/webup\/2024\/06\/creer-compte-publicitaire.png\" class=\"attachment-full size-full wp-image-26719\" alt=\"\" srcset=\"https:\/\/www.cmonsite.fr\/site\/webup\/2024\/06\/creer-compte-publicitaire.png 608w, https:\/\/www.cmonsite.fr\/site\/webup\/2024\/06\/creer-compte-publicitaire-300x157.png 300w\" sizes=\"(max-width: 608px) 100vw, 608px\" \/>\t\t\t\t\t\t\t\t\t\t\t\t\t\t\t<\/div>\n\t\t\t\t<\/div>\n\t\t\t\t<div class=\"elementor-element elementor-element-69b0ca0 elementor-widget elementor-widget-text-editor\" data-id=\"69b0ca0\" data-element_type=\"widget\" data-e-type=\"widget\" data-widget_type=\"text-editor.default\">\n\t\t\t\t<div class=\"elementor-widget-container\">\n\t\t\t\t\t\t\t\t\t<p>Indiquez ensuite le nom de votre compte, puis votre pays, et cliquez sur &#8220;Cr\u00e9er&#8221;.<\/p>\t\t\t\t\t\t\t\t<\/div>\n\t\t\t\t<\/div>\n\t\t\t\t<div class=\"elementor-element elementor-element-f87f415 elementor-widget elementor-widget-image\" data-id=\"f87f415\" data-element_type=\"widget\" data-e-type=\"widget\" data-widget_type=\"image.default\">\n\t\t\t\t<div class=\"elementor-widget-container\">\n\t\t\t\t\t\t\t\t\t\t\t\t\t\t\t<img decoding=\"async\" src=\"https:\/\/www.cmonsite.fr\/site\/webup\/elementor\/thumbs\/fomulaire-compte-publicitaire_fleches-qpg3tbepm1byert8qqixml7d35frz9m1b53txwdjm0.png\" title=\"fomulaire-compte-publicitaire_fleches\" alt=\"fomulaire-compte-publicitaire_fleches\" loading=\"lazy\" \/>\t\t\t\t\t\t\t\t\t\t\t\t\t\t\t<\/div>\n\t\t\t\t<\/div>\n\t\t\t\t<div class=\"elementor-element elementor-element-c31f9fe elementor-widget elementor-widget-heading\" data-id=\"c31f9fe\" data-element_type=\"widget\" data-e-type=\"widget\" data-widget_type=\"heading.default\">\n\t\t\t\t<div class=\"elementor-widget-container\">\n\t\t\t\t\t<h2 class=\"elementor-heading-title elementor-size-default\">Installation du Pinterest Tag sur CmonSite<\/h2>\t\t\t\t<\/div>\n\t\t\t\t<\/div>\n\t\t\t\t<div class=\"elementor-element elementor-element-11d72b4 elementor-widget elementor-widget-text-editor\" data-id=\"11d72b4\" data-element_type=\"widget\" data-e-type=\"widget\" data-widget_type=\"text-editor.default\">\n\t\t\t\t<div class=\"elementor-widget-container\">\n\t\t\t\t\t\t\t\t\t<p>Allez ensuite dans votre menu &#8220;Aper\u00e7u du compte&#8221;, et cliquez sur &#8220;Conversions&#8221;.<\/p>\t\t\t\t\t\t\t\t<\/div>\n\t\t\t\t<\/div>\n\t\t\t\t<div class=\"elementor-element elementor-element-c9e4c30 elementor-widget elementor-widget-image\" data-id=\"c9e4c30\" data-element_type=\"widget\" data-e-type=\"widget\" data-widget_type=\"image.default\">\n\t\t\t\t<div class=\"elementor-widget-container\">\n\t\t\t\t\t\t\t\t\t\t\t\t\t\t\t<img decoding=\"async\" width=\"1440\" height=\"635\" src=\"https:\/\/www.cmonsite.fr\/site\/webup\/2024\/06\/conversions.png\" class=\"attachment-full size-full wp-image-26722\" alt=\"\" srcset=\"https:\/\/www.cmonsite.fr\/site\/webup\/2024\/06\/conversions.png 1440w, https:\/\/www.cmonsite.fr\/site\/webup\/2024\/06\/conversions-300x132.png 300w, https:\/\/www.cmonsite.fr\/site\/webup\/2024\/06\/conversions-1024x452.png 1024w, https:\/\/www.cmonsite.fr\/site\/webup\/2024\/06\/conversions-768x339.png 768w\" sizes=\"(max-width: 1440px) 100vw, 1440px\" \/>\t\t\t\t\t\t\t\t\t\t\t\t\t\t\t<\/div>\n\t\t\t\t<\/div>\n\t\t\t\t<div class=\"elementor-element elementor-element-f0a4ba4 elementor-widget elementor-widget-text-editor\" data-id=\"f0a4ba4\" data-element_type=\"widget\" data-e-type=\"widget\" data-widget_type=\"text-editor.default\">\n\t\t\t\t<div class=\"elementor-widget-container\">\n\t\t\t\t\t\t\t\t\t<p>Cliquez ensuite sur &#8220;Installez la balise Pinterest&#8221;.<\/p>\t\t\t\t\t\t\t\t<\/div>\n\t\t\t\t<\/div>\n\t\t\t\t<div class=\"elementor-element elementor-element-e1d79aa elementor-widget elementor-widget-image\" data-id=\"e1d79aa\" data-element_type=\"widget\" data-e-type=\"widget\" data-widget_type=\"image.default\">\n\t\t\t\t<div class=\"elementor-widget-container\">\n\t\t\t\t\t\t\t\t\t\t\t\t\t\t\t<img decoding=\"async\" width=\"1441\" height=\"344\" src=\"https:\/\/www.cmonsite.fr\/site\/webup\/2024\/06\/installpinterest.png\" class=\"attachment-full size-full wp-image-26723\" alt=\"\" srcset=\"https:\/\/www.cmonsite.fr\/site\/webup\/2024\/06\/installpinterest.png 1441w, https:\/\/www.cmonsite.fr\/site\/webup\/2024\/06\/installpinterest-300x72.png 300w, https:\/\/www.cmonsite.fr\/site\/webup\/2024\/06\/installpinterest-1024x244.png 1024w, https:\/\/www.cmonsite.fr\/site\/webup\/2024\/06\/installpinterest-768x183.png 768w\" sizes=\"(max-width: 1441px) 100vw, 1441px\" \/>\t\t\t\t\t\t\t\t\t\t\t\t\t\t\t<\/div>\n\t\t\t\t<\/div>\n\t\t\t\t<div class=\"elementor-element elementor-element-7b8cd64 elementor-widget elementor-widget-text-editor\" data-id=\"7b8cd64\" data-element_type=\"widget\" data-e-type=\"widget\" data-widget_type=\"text-editor.default\">\n\t\t\t\t<div class=\"elementor-widget-container\">\n\t\t\t\t\t\t\t\t\t<p>Dans le champ, entrez l&#8217;URL de votre site CmonSite, et cliquez sur &#8220;V\u00e9rifier&#8221;.<\/p>\t\t\t\t\t\t\t\t<\/div>\n\t\t\t\t<\/div>\n\t\t\t\t<div class=\"elementor-element elementor-element-70b659c elementor-widget elementor-widget-image\" data-id=\"70b659c\" data-element_type=\"widget\" data-e-type=\"widget\" data-widget_type=\"image.default\">\n\t\t\t\t<div class=\"elementor-widget-container\">\n\t\t\t\t\t\t\t\t\t\t\t\t\t\t\t<img loading=\"lazy\" decoding=\"async\" width=\"1376\" height=\"239\" src=\"https:\/\/www.cmonsite.fr\/site\/webup\/2024\/06\/eligibilite.png\" class=\"attachment-full size-full wp-image-26724\" alt=\"\" srcset=\"https:\/\/www.cmonsite.fr\/site\/webup\/2024\/06\/eligibilite.png 1376w, https:\/\/www.cmonsite.fr\/site\/webup\/2024\/06\/eligibilite-300x52.png 300w, https:\/\/www.cmonsite.fr\/site\/webup\/2024\/06\/eligibilite-1024x178.png 1024w, https:\/\/www.cmonsite.fr\/site\/webup\/2024\/06\/eligibilite-768x133.png 768w\" sizes=\"(max-width: 1376px) 100vw, 1376px\" \/>\t\t\t\t\t\t\t\t\t\t\t\t\t\t\t<\/div>\n\t\t\t\t<\/div>\n\t\t\t\t<div class=\"elementor-element elementor-element-23599dd elementor-widget elementor-widget-text-editor\" data-id=\"23599dd\" data-element_type=\"widget\" data-e-type=\"widget\" data-widget_type=\"text-editor.default\">\n\t\t\t\t<div class=\"elementor-widget-container\">\n\t\t\t\t\t\t\t\t\t<p>Une fois votre \u00e9ligibilit\u00e9 v\u00e9rifi\u00e9e, cliquez sur &#8220;Passer \u00e0 la configuration manuelle&#8221; en bas de la fen\u00eatre.<\/p>\t\t\t\t\t\t\t\t<\/div>\n\t\t\t\t<\/div>\n\t\t\t\t<div class=\"elementor-element elementor-element-822db53 elementor-widget elementor-widget-image\" data-id=\"822db53\" data-element_type=\"widget\" data-e-type=\"widget\" data-widget_type=\"image.default\">\n\t\t\t\t<div class=\"elementor-widget-container\">\n\t\t\t\t\t\t\t\t\t\t\t\t\t\t\t<img loading=\"lazy\" decoding=\"async\" width=\"1294\" height=\"701\" src=\"https:\/\/www.cmonsite.fr\/site\/webup\/2024\/06\/configmanu.png\" class=\"attachment-full size-full wp-image-26725\" alt=\"\" srcset=\"https:\/\/www.cmonsite.fr\/site\/webup\/2024\/06\/configmanu.png 1294w, https:\/\/www.cmonsite.fr\/site\/webup\/2024\/06\/configmanu-300x163.png 300w, https:\/\/www.cmonsite.fr\/site\/webup\/2024\/06\/configmanu-1024x555.png 1024w, https:\/\/www.cmonsite.fr\/site\/webup\/2024\/06\/configmanu-768x416.png 768w\" sizes=\"(max-width: 1294px) 100vw, 1294px\" \/>\t\t\t\t\t\t\t\t\t\t\t\t\t\t\t<\/div>\n\t\t\t\t<\/div>\n\t\t\t\t<div class=\"elementor-element elementor-element-2c52cee elementor-widget elementor-widget-text-editor\" data-id=\"2c52cee\" data-element_type=\"widget\" data-e-type=\"widget\" data-widget_type=\"text-editor.default\">\n\t\t\t\t<div class=\"elementor-widget-container\">\n\t\t\t\t\t\t\t\t\t<p>Cliquez ensuite sur &#8220;Copier le code&#8221;, puis &#8220;Continuer&#8221;.\u00a0<\/p>\t\t\t\t\t\t\t\t<\/div>\n\t\t\t\t<\/div>\n\t\t\t\t<div class=\"elementor-element elementor-element-b172a1b elementor-widget elementor-widget-image\" data-id=\"b172a1b\" data-element_type=\"widget\" data-e-type=\"widget\" data-widget_type=\"image.default\">\n\t\t\t\t<div class=\"elementor-widget-container\">\n\t\t\t\t\t\t\t\t\t\t\t\t\t\t\t<img loading=\"lazy\" decoding=\"async\" width=\"1294\" height=\"700\" src=\"https:\/\/www.cmonsite.fr\/site\/webup\/2024\/06\/copiercode.png\" class=\"attachment-full size-full wp-image-26726\" alt=\"\" srcset=\"https:\/\/www.cmonsite.fr\/site\/webup\/2024\/06\/copiercode.png 1294w, https:\/\/www.cmonsite.fr\/site\/webup\/2024\/06\/copiercode-300x162.png 300w, https:\/\/www.cmonsite.fr\/site\/webup\/2024\/06\/copiercode-1024x554.png 1024w, https:\/\/www.cmonsite.fr\/site\/webup\/2024\/06\/copiercode-768x415.png 768w\" sizes=\"(max-width: 1294px) 100vw, 1294px\" \/>\t\t\t\t\t\t\t\t\t\t\t\t\t\t\t<\/div>\n\t\t\t\t<\/div>\n\t\t\t\t<div class=\"elementor-element elementor-element-a1cb2d3 elementor-widget elementor-widget-text-editor\" data-id=\"a1cb2d3\" data-element_type=\"widget\" data-e-type=\"widget\" data-widget_type=\"text-editor.default\">\n\t\t\t\t<div class=\"elementor-widget-container\">\n\t\t\t\t\t\t\t\t\t<p>Rendez vous ensuite dans votre page &#8220;Scripts de suivi&#8221; depuis l&#8217;administration de votre site CmonSite dans &#8220;Modules &gt; Scripts de suivi&#8221;, ou via<a href=\"https:\/\/www.cmonsite.fr\/gestion_tags.php\"> ce lien<\/a>.\u00a0<\/p>\t\t\t\t\t\t\t\t<\/div>\n\t\t\t\t<\/div>\n\t\t\t\t<div class=\"elementor-element elementor-element-ea90224 elementor-widget elementor-widget-image\" data-id=\"ea90224\" data-element_type=\"widget\" data-e-type=\"widget\" data-widget_type=\"image.default\">\n\t\t\t\t<div class=\"elementor-widget-container\">\n\t\t\t\t\t\t\t\t\t\t\t\t\t\t\t<img loading=\"lazy\" decoding=\"async\" width=\"1266\" height=\"510\" src=\"https:\/\/www.cmonsite.fr\/site\/webup\/2024\/06\/adminscriptsuivi.png\" class=\"attachment-full size-full wp-image-26727\" alt=\"\" srcset=\"https:\/\/www.cmonsite.fr\/site\/webup\/2024\/06\/adminscriptsuivi.png 1266w, https:\/\/www.cmonsite.fr\/site\/webup\/2024\/06\/adminscriptsuivi-300x121.png 300w, https:\/\/www.cmonsite.fr\/site\/webup\/2024\/06\/adminscriptsuivi-1024x413.png 1024w, https:\/\/www.cmonsite.fr\/site\/webup\/2024\/06\/adminscriptsuivi-768x309.png 768w\" sizes=\"(max-width: 1266px) 100vw, 1266px\" \/>\t\t\t\t\t\t\t\t\t\t\t\t\t\t\t<\/div>\n\t\t\t\t<\/div>\n\t\t\t\t<div class=\"elementor-element elementor-element-c7208ae elementor-widget elementor-widget-text-editor\" data-id=\"c7208ae\" data-element_type=\"widget\" data-e-type=\"widget\" data-widget_type=\"text-editor.default\">\n\t\t\t\t<div class=\"elementor-widget-container\">\n\t\t\t\t\t\t\t\t\t<p>Dans la section &#8220;Configuration Pinterest&#8221;, cliquez sur &#8220;R\u00e9cup\u00e9rer votre identifiant de Pixel Pinterest \u00e0 Partir du code JavaScript&#8221;.<\/p>\t\t\t\t\t\t\t\t<\/div>\n\t\t\t\t<\/div>\n\t\t\t\t<div class=\"elementor-element elementor-element-42859c9 elementor-widget elementor-widget-image\" data-id=\"42859c9\" data-element_type=\"widget\" data-e-type=\"widget\" data-widget_type=\"image.default\">\n\t\t\t\t<div class=\"elementor-widget-container\">\n\t\t\t\t\t\t\t\t\t\t\t\t\t\t\t<img loading=\"lazy\" decoding=\"async\" width=\"609\" height=\"236\" src=\"https:\/\/www.cmonsite.fr\/site\/webup\/2024\/06\/javascriptcode.png\" class=\"attachment-full size-full wp-image-26728\" alt=\"\" srcset=\"https:\/\/www.cmonsite.fr\/site\/webup\/2024\/06\/javascriptcode.png 609w, https:\/\/www.cmonsite.fr\/site\/webup\/2024\/06\/javascriptcode-300x116.png 300w\" sizes=\"(max-width: 609px) 100vw, 609px\" \/>\t\t\t\t\t\t\t\t\t\t\t\t\t\t\t<\/div>\n\t\t\t\t<\/div>\n\t\t\t\t<div class=\"elementor-element elementor-element-41031c9 elementor-widget elementor-widget-text-editor\" data-id=\"41031c9\" data-element_type=\"widget\" data-e-type=\"widget\" data-widget_type=\"text-editor.default\">\n\t\t\t\t<div class=\"elementor-widget-container\">\n\t\t\t\t\t\t\t\t\t<p>Dans le fen\u00eatre contextuelle qui s&#8217;ouvre, collez le code copi\u00e9 pr\u00e9c\u00e9demment, et cliquez sur &#8220;Installer mon Pixel Pinterest&#8221;.<\/p>\t\t\t\t\t\t\t\t<\/div>\n\t\t\t\t<\/div>\n\t\t\t\t<div class=\"elementor-element elementor-element-3ec8583 elementor-widget elementor-widget-image\" data-id=\"3ec8583\" data-element_type=\"widget\" data-e-type=\"widget\" data-widget_type=\"image.default\">\n\t\t\t\t<div class=\"elementor-widget-container\">\n\t\t\t\t\t\t\t\t\t\t\t\t\t\t\t<img loading=\"lazy\" decoding=\"async\" width=\"997\" height=\"447\" src=\"https:\/\/www.cmonsite.fr\/site\/webup\/2024\/06\/modalejavascript.png\" class=\"attachment-full size-full wp-image-26729\" alt=\"\" srcset=\"https:\/\/www.cmonsite.fr\/site\/webup\/2024\/06\/modalejavascript.png 997w, https:\/\/www.cmonsite.fr\/site\/webup\/2024\/06\/modalejavascript-300x135.png 300w, https:\/\/www.cmonsite.fr\/site\/webup\/2024\/06\/modalejavascript-768x344.png 768w\" sizes=\"(max-width: 997px) 100vw, 997px\" \/>\t\t\t\t\t\t\t\t\t\t\t\t\t\t\t<\/div>\n\t\t\t\t<\/div>\n\t\t\t\t<div class=\"elementor-element elementor-element-8d56a2b elementor-widget elementor-widget-text-editor\" data-id=\"8d56a2b\" data-element_type=\"widget\" data-e-type=\"widget\" data-widget_type=\"text-editor.default\">\n\t\t\t\t<div class=\"elementor-widget-container\">\n\t\t\t\t\t\t\t\t\t<p>Une fois l&#8217;identifiant r\u00e9cup\u00e9r\u00e9, sauvegardez votre configuration avec le bouton &#8220;Enregistrer&#8221;.\u00a0<\/p>\t\t\t\t\t\t\t\t<\/div>\n\t\t\t\t<\/div>\n\t\t\t\t<div class=\"elementor-element elementor-element-2908d6a elementor-widget elementor-widget-image\" data-id=\"2908d6a\" data-element_type=\"widget\" data-e-type=\"widget\" data-widget_type=\"image.default\">\n\t\t\t\t<div class=\"elementor-widget-container\">\n\t\t\t\t\t\t\t\t\t\t\t\t\t\t\t<img loading=\"lazy\" decoding=\"async\" width=\"611\" height=\"233\" src=\"https:\/\/www.cmonsite.fr\/site\/webup\/2024\/06\/enregistrerconfig.png\" class=\"attachment-full size-full wp-image-26730\" alt=\"\" srcset=\"https:\/\/www.cmonsite.fr\/site\/webup\/2024\/06\/enregistrerconfig.png 611w, https:\/\/www.cmonsite.fr\/site\/webup\/2024\/06\/enregistrerconfig-300x114.png 300w\" sizes=\"(max-width: 611px) 100vw, 611px\" \/>\t\t\t\t\t\t\t\t\t\t\t\t\t\t\t<\/div>\n\t\t\t\t<\/div>\n\t\t\t\t<div class=\"elementor-element elementor-element-b7d9e6b elementor-widget elementor-widget-text-editor\" data-id=\"b7d9e6b\" data-element_type=\"widget\" data-e-type=\"widget\" data-widget_type=\"text-editor.default\">\n\t\t\t\t<div class=\"elementor-widget-container\">\n\t\t\t\t\t\t\t\t\t<p><b>F\u00e9licitations, vous venez d\u2019installer le pixel Pinterest sur votre site.<\/b><\/p>\t\t\t\t\t\t\t\t<\/div>\n\t\t\t\t<\/div>\n\t\t\t\t<\/div>\n\t\t\t\t<\/div>\n\t\t","protected":false},"excerpt":{"rendered":"<p>En ayant souscrit \u00e0 l&#8217;option Pinterest Tag Pixel, vous pouvez avoir des statistiques avanc\u00e9es sur vos publicit\u00e9s Pinterest pour mesurer leur efficacit\u00e9, et analyser l&#8217;engagement de vos clients sur votre boutique CmonSite gr\u00e2ce \u00e0 celles-ci.\u00a0 Avant de pouvoir installer le pixel sur votre site, il vous faudra un compte Pinterest Business, avec un compte publicitaire [&hellip;]<\/p>\n","protected":false},"author":1,"featured_media":0,"parent":24664,"menu_order":4,"comment_status":"closed","ping_status":"closed","template":"","meta":{"_helpful_status":1,"footnotes":""},"class_list":["post-26712","page","type-page","status-publish","hentry"],"_links":{"self":[{"href":"https:\/\/www.cmonsite.fr\/site\/wp-json\/wp\/v2\/pages\/26712","targetHints":{"allow":["GET"]}}],"collection":[{"href":"https:\/\/www.cmonsite.fr\/site\/wp-json\/wp\/v2\/pages"}],"about":[{"href":"https:\/\/www.cmonsite.fr\/site\/wp-json\/wp\/v2\/types\/page"}],"author":[{"embeddable":true,"href":"https:\/\/www.cmonsite.fr\/site\/wp-json\/wp\/v2\/users\/1"}],"replies":[{"embeddable":true,"href":"https:\/\/www.cmonsite.fr\/site\/wp-json\/wp\/v2\/comments?post=26712"}],"version-history":[{"count":18,"href":"https:\/\/www.cmonsite.fr\/site\/wp-json\/wp\/v2\/pages\/26712\/revisions"}],"predecessor-version":[{"id":26742,"href":"https:\/\/www.cmonsite.fr\/site\/wp-json\/wp\/v2\/pages\/26712\/revisions\/26742"}],"up":[{"embeddable":true,"href":"https:\/\/www.cmonsite.fr\/site\/wp-json\/wp\/v2\/pages\/24664"}],"wp:attachment":[{"href":"https:\/\/www.cmonsite.fr\/site\/wp-json\/wp\/v2\/media?parent=26712"}],"curies":[{"name":"wp","href":"https:\/\/api.w.org\/{rel}","templated":true}]}}