{"id":21683,"date":"2022-09-05T14:04:34","date_gmt":"2022-09-05T12:04:34","guid":{"rendered":"https:\/\/www.cmonsite.fr\/site\/?page_id=21683"},"modified":"2022-09-12T14:11:48","modified_gmt":"2022-09-12T12:11:48","slug":"club-sportif","status":"publish","type":"page","link":"https:\/\/www.cmonsite.fr\/site\/guides\/creation-site\/thematique\/club-sportif","title":{"rendered":"Comment cr\u00e9er un site pour un club sportif ?"},"content":{"rendered":"<div class=\"more-space\"><\/div>\n<div class=\"text-content\">\n<p>En tant que g\u00e9rant ou affili\u00e9 \u00e0 un club sportif, vous avez remarqu\u00e9 qu&#8217;il n&#8217;est pas toujours facile d&#8217;organiser des \u00e9v\u00e9nements et de les informer. Une des solutions efficaces pour r\u00e9soudre ce probl\u00e8me est de cr\u00e9er un <strong>site web <\/strong><a href=\"https:\/\/www.cmonsite.fr\/site\/guides\/creation-site\/thematique\">sur votre th\u00e9matique<\/a>. Cette alternative vous permet de toucher de nouveaux publics et de potentiels clients. Vous vous demandez comment en concevoir un qui soit efficace et adapt\u00e9 \u00e0 vos besoins ? Ce guide vous explique l&#8217;essentiel \u00e0 savoir pour <strong>cr\u00e9er le site de votre club sportif<\/strong>.<\/p>\n<h2>Pourquoi cr\u00e9er un site pour un club sportif ?<\/h2>\n<p>Avant de se pencher sur les moyens pour <strong>cr\u00e9er un site pour club sportif<\/strong>, il est important de conna\u00eetre en quoi ce projet est b\u00e9n\u00e9fique pour vous. Comme pour les entreprises, la transition num\u00e9rique est in\u00e9vitable pour un <strong>club sportif<\/strong>. Les adeptes de sport et les futurs sportifs ont adopt\u00e9 un nouveau mode de consommation. Fini le temps o\u00f9 ils passaient au club pour demander des informations. Actuellement, tout s&#8217;effectue en ligne ou sur Internet. Ainsi, vous r\u00e9pondez \u00e0 leurs attentes en proposant une plateforme en ligne.<\/p>\n<p>La <strong>cr\u00e9ation d&#8217;un site<\/strong> pour votre club sportif vous permet d&#8217;\u00eatre bien positionn\u00e9 face \u00e0 la concurrence. Le meilleur moyen de survivre sur le march\u00e9 est de proposer des services innovants. Par exemple, vous pouvez <strong>cr\u00e9er un site<\/strong> qui permet de s&#8217;inscrire en ligne ou de visionner des vid\u00e9os d&#8217;entra\u00eenement.<\/p>\n<p>Dans ces deux cas, le site du club sportif augmente les chances de recruter de nouveaux clients. Il vous permet aussi d&#8217;am\u00e9liorer votre visibilit\u00e9 et d&#8217;\u00eatre plus proche du public ainsi que de vos partenaires. En effet, plus votre club est visible, plus vous avez la possibilit\u00e9 de nouer des partenariats et de d\u00e9velopper vos activit\u00e9s.<\/p>\n<h2>Les points \u00e0 d\u00e9finir avant de cr\u00e9er un site<\/h2>\n<p>Avant de cr\u00e9er une plateforme en ligne ou de contacter un professionnel tel que CmonSite pour le r\u00e9aliser, vous devez r\u00e9fl\u00e9chir \u00e0 ce que vous souhaitez avoir. Commencez par choisir un logo et un nom qui attirent l&#8217;attention du public. Si votre club est d\u00e9j\u00e0 connu, vous pouvez passer aux \u00e9tapes suivantes :<\/p>\n<ul>\n<li><u>D\u00e9finir un budget<\/u> ;<\/li>\n<li><u>R\u00e9fl\u00e9chir sur le design<\/u> ;<\/li>\n<li><u>Imaginer le contenu<\/u> ;<\/li>\n<li><u>Penser \u00e0 l&#8217;ergonomie<\/u> ;<\/li>\n<\/ul>\n<p>La cr\u00e9ation d&#8217;un site internet repr\u00e9sente un projet comme les autres. Par cons\u00e9quent, il faut d\u00e9finir un budget. Cette \u00e9tape est cruciale dans la mesure o\u00f9 elle permet de d\u00e9terminer le type de plateforme que vous pouvez cr\u00e9er. Entre autres, les <strong>sites vitrine<\/strong> sont les plus simples et les moins chers. Un site e-commerce, par contre, est beaucoup plus on\u00e9reux.<\/p>\n<p>Penser \u00e0 l&#8217;avance le design vous permet d&#8217;acc\u00e9l\u00e9rer la r\u00e9alisation de votre projet. Vous pouvez facilement mettre en place ce dont vous avez besoin. Pour rappel, un <u>bon design doit \u00eatre attrayant<\/u>, dynamique, mais pas encombr\u00e9. Cela rejoint \u00e0 la prochaine \u00e9tape qui est d&#8217;imaginer le contenu : textes, vid\u00e9os et photos. Concernant l&#8217;<strong>ergonomie<\/strong>, l&#8217;id\u00e9al est d&#8217;avoir un site internet compatible et lisible sur tous les types de terminaux : PC, smartphone ou tablette. C&#8217;est le cas des plateformes cr\u00e9\u00e9es via CmonSite.<\/p>\n<h2>Que mettre sur la page d&#8217;accueil ?<\/h2>\n<p><img fetchpriority=\"high\" decoding=\"async\" class=\"alignnone size-full wp-image-21686\" src=\"https:\/\/www.cmonsite.fr\/site\/webup\/2022\/09\/office-820390_1280.jpg\" alt=\"\" width=\"1280\" height=\"853\" srcset=\"https:\/\/www.cmonsite.fr\/site\/webup\/2022\/09\/office-820390_1280.jpg 1280w, https:\/\/www.cmonsite.fr\/site\/webup\/2022\/09\/office-820390_1280-300x200.jpg 300w, https:\/\/www.cmonsite.fr\/site\/webup\/2022\/09\/office-820390_1280-1024x682.jpg 1024w, https:\/\/www.cmonsite.fr\/site\/webup\/2022\/09\/office-820390_1280-768x512.jpg 768w\" sizes=\"(max-width: 1280px) 100vw, 1280px\" \/><\/p>\n<p>Lors de la r\u00e9flexion sur les options et l&#8217;architecture du site web, il est important de s&#8217;attarder sur la page d&#8217;accueil. Comme pour un magasin physique, cette page fera office de vitrine. De ce fait, il est important de faire en sorte que les visiteurs tombent sur le maximum d&#8217;informations qui permettent de susciter leurs int\u00e9r\u00eats.<\/p>\n<p>Ainsi, votre <strong>page d&#8217;accueil<\/strong> doit au moins pr\u00e9senter les \u00e9l\u00e9ments suivants :<\/p>\n<ul>\n<li><u>logo et nom du club sportif<\/u> ;<\/li>\n<li>barre de menu ;<\/li>\n<li>informations sur les tarifs et les programmes ;<\/li>\n<li>historique du club ou pr\u00e9sentation des coachs ;<\/li>\n<li>images d&#8217;illustration ou vid\u00e9o ;<\/li>\n<li>informations pour le contact.<\/li>\n<\/ul>\n<p>Les besoins diff\u00e8rent d&#8217;un club \u00e0 un autre. Il est possible d&#8217;ajouter d&#8217;autres \u00e9l\u00e9ments si vous les jugez utiles. Il faut juste que la plateforme soit bien pr\u00e9sent\u00e9e et agr\u00e9able \u00e0 regarder. Si le visuel s\u00e9duit les visiteurs, ils auront envie de continuer \u00e0 naviguer sur votre site. N&#8217;oubliez pas que s&#8217;ils sont convaincus, vous avez de grandes chances d&#8217;attirer de nouveaux clients.<\/p>\n<h2>Faut-il cr\u00e9er un blog pour le site du club ?<\/h2>\n<p>La r\u00e9ponse est oui. En cr\u00e9ant un site pour votre club sportif, vous avez s\u00fbrement pour objectif de vous faire conna\u00eetre et d&#8217;augmenter le nombre d&#8217;abonn\u00e9s. Sachez que <strong>le blog<\/strong> est un puissant outil marketing. En effet, il s&#8217;agit d&#8217;un <u>espace de communication<\/u> qui permet de vous rapprocher encore plus de la client\u00e8le. Les textes pr\u00e9sents sur cette page attireront les visiteurs. Elle dispose \u00e9galement d&#8217;espace pour laisser des commentaires, ce qui donne aux clients et aux visiteurs l&#8217;opportunit\u00e9 d&#8217;interagir directement avec vous.<\/p>\n<p>Un autre point important est qu&#8217;il ne faut pas oublier la page de contact et la FAQ. La premi\u00e8re permet aux visiteurs de vous contacter rapidement. En g\u00e9n\u00e9ral, ils demandent des informations sur les tarifs, les promotions et le type d&#8217;\u00e9quipements sur place. Concernant la FAQ, cette page est pratique pour trouver rapidement des r\u00e9ponses.<\/p>\n<h2>Qui contacter pour cr\u00e9er un site club sportif ?<\/h2>\n<p>Actuellement, il existe plusieurs moyens de cr\u00e9er un <strong>site internet<\/strong>, m\u00eame si vous n&#8217;\u00eates pas d\u00e9veloppeur. Parmi eux, vous pouvez opter pour la <strong>cr\u00e9ation de site web no code<\/strong>. De nombreuses plateformes permettent de d\u00e9velopper ce type de projet. Il ne n\u00e9cessite pas de connaissances approfondies en la mati\u00e8re. Vous avez juste \u00e0 glisser et \u00e0 d\u00e9poser des composants pour cr\u00e9er un site internet. Toutefois, cette m\u00e9thode pr\u00e9sente une certaine limite, notamment au niveau des fonctionnalit\u00e9s et du design qui sont souvent basiques.<\/p>\n<p>Dans le cas o\u00f9 vous souhaitez avoir un site vitrine ou e-commerce de qualit\u00e9, la meilleure option est de recourir aux services d&#8217;un professionnel. Dans ce sens, CmonSite vous propose un accompagnement complet. Les offres varient en fonction des tarifs, mais il est possible de demander une <u>cr\u00e9ation de site jusqu&#8217;\u00e0 l&#8217;h\u00e9bergement<\/u>.<\/p>\n<p>Confier la <strong>cr\u00e9ation du site de votre club sportif<\/strong> \u00e0 un professionnel est avantageux dans la mesure o\u00f9 vous pouvez vous consacrer \u00e0 vos activit\u00e9s. Vous devez juste indiquer ce que vous souhaitez avoir comme site web. Ensuite, le d\u00e9veloppeur \u00e9met des suggestions avec des r\u00e9alisations \u00e0 l&#8217;appui. Apr\u00e8s, il effectue quelques modifications afin de vous permettre d&#8217;avoir une plateforme qui r\u00e9pond \u00e0 vos besoins.<\/p>\n<h2>Que faire apr\u00e8s la cr\u00e9ation d&#8217;un site web ?<\/h2>\n<p><img decoding=\"async\" class=\"alignnone size-full wp-image-21684\" src=\"https:\/\/www.cmonsite.fr\/site\/webup\/2022\/09\/yoga-3053488_1280.jpg\" alt=\"\" width=\"1280\" height=\"853\" srcset=\"https:\/\/www.cmonsite.fr\/site\/webup\/2022\/09\/yoga-3053488_1280.jpg 1280w, https:\/\/www.cmonsite.fr\/site\/webup\/2022\/09\/yoga-3053488_1280-300x200.jpg 300w, https:\/\/www.cmonsite.fr\/site\/webup\/2022\/09\/yoga-3053488_1280-1024x682.jpg 1024w, https:\/\/www.cmonsite.fr\/site\/webup\/2022\/09\/yoga-3053488_1280-768x512.jpg 768w\" sizes=\"(max-width: 1280px) 100vw, 1280px\" \/><\/p>\n<p>La cr\u00e9ation d&#8217;un site repr\u00e9sente une \u00e9tape pour faire conna\u00eetre votre club sportif. Une fois la plateforme lanc\u00e9e et connue du public, elle doit \u00eatre g\u00e9r\u00e9e correctement afin de fid\u00e9liser les clients et d&#8217;attirer de nouveaux prospects. Sa gestion consiste \u00e0 <strong>animer la plateforme<\/strong> en proposant r\u00e9guli\u00e8rement des nouveaut\u00e9s.<\/p>\n<p>Le blog que vous cr\u00e9erez est l&#8217;\u00e9l\u00e9ment le plus utile une fois le site lanc\u00e9. En effet, il permet d&#8217;\u00eatre mieux r\u00e9f\u00e9renc\u00e9 sur les moteurs de recherche s&#8217;il est correctement aliment\u00e9. En d&#8217;autres termes, il faut <u>ajouter des contenus pertinents sur le blog<\/u> afin d&#8217;attirer des visiteurs et de les pousser \u00e0 interagir entre eux. Pour un <strong>site de club sportif<\/strong>, les meilleurs contenus sont ceux qui sont centr\u00e9s sur le sport, la sant\u00e9 et le bien-\u00eatre.<\/p>\n<p>En dehors du blog, il est \u00e9galement indispensable de <u>travailler sur des strat\u00e9gies de r\u00e9f\u00e9rencement<\/u>. Il est vrai que les contenus aident d\u00e9j\u00e0 dans ce sens. Cependant, ils ne sont pas suffisants. Entre autres, vous devez faire du netlinking. Il s&#8217;agit de <u>cr\u00e9er des liens pertinents<\/u> qui m\u00e8neront tous vers le site de votre club sportif. Bien s\u00fbr, vous n&#8217;avez pas \u00e0 vous en faire concernant la mise en place de ces t\u00e2ches si vous engagez un professionnel pour cr\u00e9er et g\u00e9rer votre site.<\/p>\n<\/div>\n","protected":false},"excerpt":{"rendered":"<p>En tant que g\u00e9rant ou affili\u00e9 \u00e0 un club sportif, vous avez remarqu\u00e9 qu&#8217;il n&#8217;est pas toujours facile d&#8217;organiser des \u00e9v\u00e9nements et de les informer. Une des solutions efficaces pour r\u00e9soudre ce probl\u00e8me est de cr\u00e9er un site web sur votre th\u00e9matique. Cette alternative vous permet de toucher de nouveaux publics et de potentiels clients. [&hellip;]<\/p>\n","protected":false},"author":1,"featured_media":21685,"parent":21587,"menu_order":22,"comment_status":"closed","ping_status":"closed","template":"","meta":{"_helpful_status":1,"footnotes":""},"class_list":["post-21683","page","type-page","status-publish","has-post-thumbnail","hentry"],"_links":{"self":[{"href":"https:\/\/www.cmonsite.fr\/site\/wp-json\/wp\/v2\/pages\/21683","targetHints":{"allow":["GET"]}}],"collection":[{"href":"https:\/\/www.cmonsite.fr\/site\/wp-json\/wp\/v2\/pages"}],"about":[{"href":"https:\/\/www.cmonsite.fr\/site\/wp-json\/wp\/v2\/types\/page"}],"author":[{"embeddable":true,"href":"https:\/\/www.cmonsite.fr\/site\/wp-json\/wp\/v2\/users\/1"}],"replies":[{"embeddable":true,"href":"https:\/\/www.cmonsite.fr\/site\/wp-json\/wp\/v2\/comments?post=21683"}],"version-history":[{"count":1,"href":"https:\/\/www.cmonsite.fr\/site\/wp-json\/wp\/v2\/pages\/21683\/revisions"}],"predecessor-version":[{"id":21687,"href":"https:\/\/www.cmonsite.fr\/site\/wp-json\/wp\/v2\/pages\/21683\/revisions\/21687"}],"up":[{"embeddable":true,"href":"https:\/\/www.cmonsite.fr\/site\/wp-json\/wp\/v2\/pages\/21587"}],"wp:featuredmedia":[{"embeddable":true,"href":"https:\/\/www.cmonsite.fr\/site\/wp-json\/wp\/v2\/media\/21685"}],"wp:attachment":[{"href":"https:\/\/www.cmonsite.fr\/site\/wp-json\/wp\/v2\/media?parent=21683"}],"curies":[{"name":"wp","href":"https:\/\/api.w.org\/{rel}","templated":true}]}}