{"id":21437,"date":"2022-09-05T19:30:19","date_gmt":"2022-09-05T17:30:19","guid":{"rendered":"https:\/\/www.cmonsite.fr\/site\/?page_id=21437"},"modified":"2022-09-11T19:36:14","modified_gmt":"2022-09-11T17:36:14","slug":"diy","status":"publish","type":"page","link":"https:\/\/www.cmonsite.fr\/site\/guides\/creation-site\/comment-creer-un-site-internet\/diy","title":{"rendered":"Comment creer un site internet soi m\u00eame ?"},"content":{"rendered":"<div class=\"more-space\">Cr\u00e9er son site soi-m\u00eame peut s&#8217;av\u00e9rer une solution \u00e9conomique pour lancer son activit\u00e9 sur internet, mais permet aussi de mieux mat\u00e9rialiser chaque aspect de ses inspirations. De nombreuses solutions permettent, aujourd&#8217;hui, de <strong>cr\u00e9er des sites internet<\/strong> performants et ergonomiques avec tr\u00e8s peu, voire aucune connaissance en langage de d\u00e9veloppement web. Que faut-il savoir pour vous lancer <a href=\"https:\/\/www.cmonsite.fr\/site\/guides\/creation-site\/comment-creer-un-site-internet\">dans la cr\u00e9ation de votre site vous-m\u00eame<\/a> ?<\/div>\n<div class=\"text-content\">\n<h2>D\u00e9finissez l&#8217;objectif de votre site<\/h2>\n<p>Cette \u00e9tape rev\u00eat une importance particuli\u00e8re dans tout projet de <strong>cr\u00e9ation de site web<\/strong>. Souhaitez-vous <strong>cr\u00e9er votre propre site<\/strong> pour <u>faire du commerce en ligne<\/u>, pour proposer des services, pour mettre en relation des clients avec des prestataires ou vendeurs, pour g\u00e9n\u00e9rer des leads ou encore pour pr\u00e9senter votre activit\u00e9 sur internet ? En d\u00e9finissant votre objectif, vous serez en mesure de positionner votre site dans une cat\u00e9gorie et d&#8217;en d\u00e9terminer les fonctionnalit\u00e9s incontournables.<\/p>\n<p>La d\u00e9finition de vos objectifs facilitera l&#8217;identification des solutions envisageables pour mener \u00e0 bien votre projet. Vous pourriez, \u00e0 titre d&#8217;exemple, vous orienter vers un site builder pour <strong>cr\u00e9er votre propre site vitrine<\/strong> rapidement ou vous orienter vers un <u>CMS pour la vente en ligne<\/u> d&#8217;une grande vari\u00e9t\u00e9 de produits. Des objectifs clairs et quantifi\u00e9s permettront aussi de d\u00e9terminer les mesures n\u00e9cessaires quant \u00e0 la gestion et au r\u00e9f\u00e9rencement de votre plateforme.<\/p>\n<h2>Cr\u00e9ez votre charte graphique<\/h2>\n<p>La d\u00e9finition de la charte graphique constitue une pierre angulaire de la <strong>cr\u00e9ation d&#8217;un site e-commerce<\/strong>, d&#8217;un blog ou d&#8217;un site d&#8217;entreprise. Cette charte regroupe les \u00e9l\u00e9ments visuels tels que le logo, la palette de couleurs, la typographie et les ic\u00f4nes. La coh\u00e9rence rev\u00eat, ici encore, une importance particuli\u00e8re, et la charte graphique doit \u00eatre \u00e9tablie en correspondance avec votre <u>identit\u00e9 visuelle<\/u>.<\/p>\n<p>La charte graphique orientera de nombreuses actions relatives \u00e0 votre projet, telles que le choix de votre <u>template de CMS<\/u> ou de site builder. Il en est de m\u00eame pour la cr\u00e9ation des contenus et des illustrations pour alimenter et animer votre site internet.<\/p>\n<h2>Choisissez votre nom de domaine<\/h2>\n<p><img fetchpriority=\"high\" decoding=\"async\" class=\"alignnone size-full wp-image-21439\" src=\"https:\/\/www.cmonsite.fr\/site\/webup\/2022\/09\/macbook-2606968_1280.jpg\" alt=\"\" width=\"1280\" height=\"853\" srcset=\"https:\/\/www.cmonsite.fr\/site\/webup\/2022\/09\/macbook-2606968_1280.jpg 1280w, https:\/\/www.cmonsite.fr\/site\/webup\/2022\/09\/macbook-2606968_1280-300x200.jpg 300w, https:\/\/www.cmonsite.fr\/site\/webup\/2022\/09\/macbook-2606968_1280-1024x682.jpg 1024w, https:\/\/www.cmonsite.fr\/site\/webup\/2022\/09\/macbook-2606968_1280-768x512.jpg 768w\" sizes=\"(max-width: 1280px) 100vw, 1280px\" \/><\/p>\n<p>Le nom de domaine est l&#8217;adresse num\u00e9rique que l&#8217;internaute utilisera pour se rendre sur votre site web. Il est important de le choisir judicieusement lorsqu&#8217;on d\u00e9cide de <strong>cr\u00e9er son site soi-m\u00eame<\/strong>, car l&#8217;identit\u00e9 et la notori\u00e9t\u00e9 de la plateforme seront structur\u00e9es sur cette adresse. Pensez aussi \u00e0 choisir votre nom de domaine en coh\u00e9rence avec votre activit\u00e9 et votre secteur.<\/p>\n<p>L&#8217;extension du nom de domaine n&#8217;est pas en reste, et devra \u00eatre choisie avec pertinence lorsque l&#8217;on d\u00e9cide de <strong>cr\u00e9er son propre site web<\/strong>. Pr\u00e9f\u00e9rez d&#8217;ailleurs les <u>noms de domaine de premier niveau<\/u> pour susciter la confiance de l&#8217;internaute tout en facilitant la m\u00e9morisation. Voici quelques exemples d&#8217;extensions de domaine de premier niveau :<\/p>\n<ul>\n<li>.fr : nom de domaine de premier niveau national pour la France ;<\/li>\n<li>.com : nom de domaine de premier niveau pour les sites commerciaux ;<\/li>\n<li>.biz : nom de domaine de premier niveau pour les entreprises ;<\/li>\n<li>.info : nom de domaine de premier niveau pour les sites d&#8217;information ;<\/li>\n<li>.pro : nom de domaine de premier niveau pour les professionnels.<\/li>\n<\/ul>\n<h2>Choisissez un plan d&#8217;h\u00e9bergement<\/h2>\n<p>L&#8217;h\u00e9bergement vous offre l&#8217;espace n\u00e9cessaire pour le stockage des donn\u00e9es de votre site internet sur un serveur distant. Il peut s&#8217;agir d&#8217;un h\u00e9bergement mutualis\u00e9 sur lequel vous partagez un serveur avec d&#8217;autres utilisateurs, ou d&#8217;un service d\u00e9di\u00e9 impliquant l&#8217;affectation d&#8217;un serveur \u00e0 votre usage exclusif. Dans tous les cas, int\u00e9ressez-vous aux informations telles que la bande passante, l&#8217;espace allou\u00e9e ou encore les performances du serveur. Ces configurations vont influencer consid\u00e9rablement la fluidit\u00e9 de votre plateforme. Pensez aussi \u00e0 la prise en charge des <strong>protocoles SSL et HTTPS<\/strong>, lesquels s&#8217;av\u00e8rent incontournables pour la fiabilit\u00e9 de votre site et des transactions financi\u00e8res sur vos produits.<\/p>\n<h2>Un CMS pour un maximum de souplesse<\/h2>\n<p>Le CMS est un syst\u00e8me de gestion de contenu vous permettant de <strong>cr\u00e9er votre site vous-m\u00eame<\/strong>. WordPress, Joomla!, Magento, PrestaShop, Drupal, Moodle\u2026, l&#8217;offre \u00e0 ce niveau est particuli\u00e8rement vaste, et comprend des solutions payantes, mais aussi gratuites. Les CMS vous offrent la possibilit\u00e9 de g\u00e9rer des projets vari\u00e9s, des portfolios aux commerces de grande distribution, en passant par les plateformes sociales.<\/p>\n<p>Les CMS ont l&#8217;avantage d&#8217;une grande souplesse, gr\u00e2ce \u00e0 leurs biblioth\u00e8ques d&#8217;extensions et de th\u00e8mes. Ces ressources gratuites ou payantes offrent la possibilit\u00e9 de <strong>cr\u00e9er soi-m\u00eame un site responsive<\/strong>, moderne et convivial. La mise en place et la gestion des projets d&#8217;envergure avec un CMS peuvent cependant n\u00e9cessiter une certaine maitrise de langages de d\u00e9veloppement web. Voici quelques exemples de CMS parmi les plus pl\u00e9biscit\u00e9s :<\/p>\n<ul>\n<li>WordPress.org : convient \u00e0 tout type de site. Ce CMS dispose de la plus grande biblioth\u00e8que de ressources en ligne ;<\/li>\n<li>Joomla! : convient \u00e0 tout type de site. Il est tr\u00e8s appr\u00e9ci\u00e9 pour sa polyvalence et ses possibilit\u00e9s \u00e9tendues ;<\/li>\n<li>Drupal : convient \u00e0 tout type de site. Cette solution est sp\u00e9cialement indiqu\u00e9e pour les plateformes complexes ;<\/li>\n<li>PrestaShop : d\u00e9di\u00e9 au commerce en ligne, il est id\u00e9al pour les vastes catalogues de produits et le commerce international en multiboutique ;<\/li>\n<li>Magento : d\u00e9di\u00e9 au e-commerce d&#8217;envergure. Il s&#8217;agit d&#8217;un CMS assez complexe, mais fiable et puissant sur les projets d&#8217;envergure.<\/li>\n<\/ul>\n<h2>Un site builder pour cr\u00e9er un site soi-m\u00eame sans code<\/h2>\n<p>Apr\u00e8s les CMS, les <u>site builders<\/u> ou \u00e9diteurs de site ont davantage contribu\u00e9 \u00e0 la d\u00e9mocratisation de l&#8217;infopreuneuriat. Ces solutions permettent d&#8217;<strong>avoir un site en quelques heures<\/strong> sur internet sans avoir la moindre connaissance en d\u00e9veloppement web. C&#8217;est le cas notamment des plateformes Wix, Squarespace ou encore de la solution <u>e-commerce Shopify<\/u>.<\/p>\n<p>Les <strong>\u00e9diteurs de site web<\/strong> constituent une alternative pour <u>cr\u00e9er facilement son site en ligne<\/u> sans connaissances techniques avanc\u00e9es. Ils peuvent cependant atteindre rapidement leurs limites en mati\u00e8re de design, de performance et de fonctionnalit\u00e9s. Voici quelques solutions class\u00e9es parmi les <strong>meilleurs \u00e9diteurs de sites en ligne<\/strong> :<\/p>\n<ul>\n<li>Wix : l&#8217;un des \u00e9diteurs de sites les plus populaires du moment. Il permet de <strong>cr\u00e9er soi-m\u00eame un site web sans code<\/strong> en quelques heures ;<\/li>\n<li>Shopify : d\u00e9di\u00e9 au e-commerce, il est tr\u00e8s appr\u00e9ci\u00e9 pour sa simplicit\u00e9 d&#8217;utilisation ;<\/li>\n<li>Squarespace : un \u00e9diteur polyvalent qui dispose d&#8217;excellents th\u00e8mes et d&#8217;une banque d&#8217;extensions assez large ;<\/li>\n<li>GoDaddy : convient \u00e0 une grande vari\u00e9t\u00e9 de sites, dont les blogs, les e-commerces et les sites vitrines. Cette solution offre des options avanc\u00e9es de sauvegardes associ\u00e9es \u00e0 l&#8217;h\u00e9bergement GoDaddy ;<\/li>\n<li>WordPress.com : il s&#8217;agit de la version site builder de WordPress. Cette solution peut s&#8217;av\u00e9rer assez complexe, mais offre des possibilit\u00e9s \u00e9tendues.<\/li>\n<\/ul>\n<h2>Accordez de l&#8217;attention \u00e0 l&#8217;exp\u00e9rience utilisateur<\/h2>\n<p>L&#8217;<u>exp\u00e9rience utilisateur<\/u> m\u00e9rite une attention particuli\u00e8re si vous comptez <strong>cr\u00e9er un site internet<\/strong>. On pense souvent au design et au template responsive, mais l&#8217;UX va au-del\u00e0 de ces crit\u00e8res. Ce concept comprend notamment l&#8217;ergonomie des pages, les temps de chargement, la navigabilit\u00e9 sur des appareils vari\u00e9s, l&#8217;agencement des menus, la hi\u00e9rarchie des contenus m\u00e9dias et textuels, mais aussi l&#8217;intuitivit\u00e9 des fonctionnalit\u00e9s.<\/p>\n<p>La qualit\u00e9 de l&#8217;exp\u00e9rience utilisateur sera d\u00e9terminante vis-\u00e0-vis du r\u00e9f\u00e9rencement organique et de la notori\u00e9t\u00e9 de votre site internet. Les CMS et les \u00e9diteurs de site web investissent des efforts constants \u00e0 ce niveau, pour permettre la <strong>cr\u00e9ation de site web gratuit<\/strong> ou payant sans faire de compromis sur le volet UX.<\/p>\n<h2>Pensez au r\u00e9f\u00e9rencement de votre site<\/h2>\n<p><img decoding=\"async\" class=\"alignnone size-full wp-image-21438\" src=\"https:\/\/www.cmonsite.fr\/site\/webup\/2022\/09\/web-3828301_1280.jpg\" alt=\"\" width=\"1280\" height=\"853\" srcset=\"https:\/\/www.cmonsite.fr\/site\/webup\/2022\/09\/web-3828301_1280.jpg 1280w, https:\/\/www.cmonsite.fr\/site\/webup\/2022\/09\/web-3828301_1280-300x200.jpg 300w, https:\/\/www.cmonsite.fr\/site\/webup\/2022\/09\/web-3828301_1280-1024x682.jpg 1024w, https:\/\/www.cmonsite.fr\/site\/webup\/2022\/09\/web-3828301_1280-768x512.jpg 768w\" sizes=\"(max-width: 1280px) 100vw, 1280px\" \/><\/p>\n<p>Le r\u00e9f\u00e9rencement est essentiel pour optimiser votre visibilit\u00e9 en ligne, au m\u00eame titre que votre notori\u00e9t\u00e9. Il s&#8217;av\u00e8re int\u00e9ressant de mettre en place une strat\u00e9gie ainsi que les outils n\u00e9cessaires en ce sens, lorsque vous <strong>cr\u00e9ez vous-m\u00eame votre site internet<\/strong>. Vous avez la possibilit\u00e9 d&#8217;optimiser votre site pour le r\u00e9f\u00e9rencement gr\u00e2ce aux mesures techniques suivantes pendant la cr\u00e9ation :<\/p>\n<ul>\n<li>Organisez vos pages pour assurer une meilleure exp\u00e9rience de navigation et faciliter le crawling ;<\/li>\n<li>Supprimez les extensions inutiles pour all\u00e9ger votre site ;<\/li>\n<li>Optimisez vos images pour am\u00e9liorer le temps de chargement.<\/li>\n<\/ul>\n<p>Pensez aussi \u00e0 <u>int\u00e9grer les r\u00e9seaux sociaux \u00e0 votre site<\/u> pour tirer avantage du r\u00e9f\u00e9rencement social (Social Media Optimization). Ces plateformes constituent un levier non n\u00e9gligeable pour g\u00e9n\u00e9rer du trafic sur votre site internet.<\/p>\n<\/div>\n","protected":false},"excerpt":{"rendered":"<p>Cr\u00e9er son site soi-m\u00eame peut s&#8217;av\u00e9rer une solution \u00e9conomique pour lancer son activit\u00e9 sur internet, mais permet aussi de mieux mat\u00e9rialiser chaque aspect de ses inspirations. De nombreuses solutions permettent, aujourd&#8217;hui, de cr\u00e9er des sites internet performants et ergonomiques avec tr\u00e8s peu, voire aucune connaissance en langage de d\u00e9veloppement web. Que faut-il savoir pour vous [&hellip;]<\/p>\n","protected":false},"author":1,"featured_media":21440,"parent":21297,"menu_order":6,"comment_status":"closed","ping_status":"closed","template":"","meta":{"_helpful_status":1,"footnotes":""},"class_list":["post-21437","page","type-page","status-publish","has-post-thumbnail","hentry"],"_links":{"self":[{"href":"https:\/\/www.cmonsite.fr\/site\/wp-json\/wp\/v2\/pages\/21437","targetHints":{"allow":["GET"]}}],"collection":[{"href":"https:\/\/www.cmonsite.fr\/site\/wp-json\/wp\/v2\/pages"}],"about":[{"href":"https:\/\/www.cmonsite.fr\/site\/wp-json\/wp\/v2\/types\/page"}],"author":[{"embeddable":true,"href":"https:\/\/www.cmonsite.fr\/site\/wp-json\/wp\/v2\/users\/1"}],"replies":[{"embeddable":true,"href":"https:\/\/www.cmonsite.fr\/site\/wp-json\/wp\/v2\/comments?post=21437"}],"version-history":[{"count":1,"href":"https:\/\/www.cmonsite.fr\/site\/wp-json\/wp\/v2\/pages\/21437\/revisions"}],"predecessor-version":[{"id":21441,"href":"https:\/\/www.cmonsite.fr\/site\/wp-json\/wp\/v2\/pages\/21437\/revisions\/21441"}],"up":[{"embeddable":true,"href":"https:\/\/www.cmonsite.fr\/site\/wp-json\/wp\/v2\/pages\/21297"}],"wp:featuredmedia":[{"embeddable":true,"href":"https:\/\/www.cmonsite.fr\/site\/wp-json\/wp\/v2\/media\/21440"}],"wp:attachment":[{"href":"https:\/\/www.cmonsite.fr\/site\/wp-json\/wp\/v2\/media?parent=21437"}],"curies":[{"name":"wp","href":"https:\/\/api.w.org\/{rel}","templated":true}]}}