{"id":15809,"date":"2021-06-14T16:29:29","date_gmt":"2021-06-14T14:29:57","guid":{"rendered":"https:\/\/www.cmonsite.fr\/site\/aide\/?page_id=15809"},"modified":"2023-07-20T11:32:55","modified_gmt":"2023-07-20T09:32:55","slug":"comment-recuperer-ses-factures-pour-sa-comptabilite","status":"publish","type":"page","link":"https:\/\/www.cmonsite.fr\/site\/aide\/ventes-et-commandes\/comment-recuperer-ses-factures-pour-sa-comptabilite","title":{"rendered":"Comment t\u00e9l\u00e9charger les factures de mes clients ?"},"content":{"rendered":"\t\t<div data-elementor-type=\"wp-page\" data-elementor-id=\"15809\" class=\"elementor elementor-15809\" data-elementor-post-type=\"page\">\n\t\t\t\t\t\t<section class=\"elementor-section elementor-top-section elementor-element elementor-element-cd08412 elementor-section-boxed elementor-section-height-default elementor-section-height-default\" data-id=\"cd08412\" data-element_type=\"section\" data-e-type=\"section\">\n\t\t\t\t\t\t<div class=\"elementor-container elementor-column-gap-default\">\n\t\t\t\t\t<div class=\"elementor-column elementor-col-100 elementor-top-column elementor-element elementor-element-168207f\" data-id=\"168207f\" data-element_type=\"column\" data-e-type=\"column\">\n\t\t\t<div class=\"elementor-widget-wrap elementor-element-populated\">\n\t\t\t\t\t\t<div class=\"elementor-element elementor-element-02feab5 elementor-widget elementor-widget-heading\" data-id=\"02feab5\" data-element_type=\"widget\" data-e-type=\"widget\" data-widget_type=\"heading.default\">\n\t\t\t\t<div class=\"elementor-widget-container\">\n\t\t\t\t\t<h2 class=\"elementor-heading-title elementor-size-default\">1. Acc\u00e9der \u00e0 la page d'export des donn\u00e9es<\/h2>\t\t\t\t<\/div>\n\t\t\t\t<\/div>\n\t\t\t\t<div class=\"elementor-element elementor-element-88548dc elementor-widget elementor-widget-text-editor\" data-id=\"88548dc\" data-element_type=\"widget\" data-e-type=\"widget\" data-widget_type=\"text-editor.default\">\n\t\t\t\t<div class=\"elementor-widget-container\">\n\t\t\t\t\t\t\t\t\t<p>Vous pouvez exporter le r\u00e9capitulatif de toutes les factures g\u00e9n\u00e9r\u00e9s lors des commandes de vos clients. Cette proc\u00e9dure vous aidera pour \u00e9tablir votre comptabilit\u00e9.\u00a0<\/p><p>Pour cela rendez-vous dans &#8220;<b>Boutique<\/b>&#8221; puis <a href=\"https:\/\/www.cmonsite.fr\/configboutique.php#export\" target=\"_blank\" rel=\"noopener\">Export de donn\u00e9es<\/a>.<\/p>\t\t\t\t\t\t\t\t<\/div>\n\t\t\t\t<\/div>\n\t\t\t\t<div class=\"elementor-element elementor-element-ae3e0ce elementor-widget elementor-widget-image\" data-id=\"ae3e0ce\" data-element_type=\"widget\" data-e-type=\"widget\" data-widget_type=\"image.default\">\n\t\t\t\t<div class=\"elementor-widget-container\">\n\t\t\t\t\t\t\t\t\t\t\t\t\t\t\t\t<a href=\"https:\/\/www.cmonsite.fr\/creer-un-site\/wp-content\/uploads\/2021\/06\/export-donnees.png\" data-elementor-open-lightbox=\"yes\" data-elementor-lightbox-title=\"export-donn\u00e9es\" data-e-action-hash=\"#elementor-action%3Aaction%3Dlightbox%26settings%3DeyJpZCI6MTU4MTEsInVybCI6Imh0dHBzOlwvXC93d3cuY21vbnNpdGUuZnJcL3NpdGVcL3dwLWNvbnRlbnRcL3VwbG9hZHNcLzIwMjFcLzA2XC9leHBvcnQtZG9ubmVlcy5wbmcifQ%3D%3D\">\n\t\t\t\t\t\t\t<img fetchpriority=\"high\" decoding=\"async\" width=\"1118\" height=\"429\" src=\"https:\/\/www.cmonsite.fr\/site\/webup\/2021\/06\/export-donnees.png\" class=\"attachment-full size-full wp-image-15811\" alt=\"\" srcset=\"https:\/\/www.cmonsite.fr\/site\/webup\/2021\/06\/export-donnees.png 1118w, https:\/\/www.cmonsite.fr\/site\/webup\/2021\/06\/export-donnees-300x115.png 300w, https:\/\/www.cmonsite.fr\/site\/webup\/2021\/06\/export-donnees-1024x393.png 1024w, https:\/\/www.cmonsite.fr\/site\/webup\/2021\/06\/export-donnees-768x295.png 768w\" sizes=\"(max-width: 1118px) 100vw, 1118px\" \/>\t\t\t\t\t\t\t\t<\/a>\n\t\t\t\t\t\t\t\t\t\t\t\t\t\t\t<\/div>\n\t\t\t\t<\/div>\n\t\t\t\t<div class=\"elementor-element elementor-element-674e3a5 elementor-widget elementor-widget-spacer\" data-id=\"674e3a5\" data-element_type=\"widget\" data-e-type=\"widget\" data-widget_type=\"spacer.default\">\n\t\t\t\t<div class=\"elementor-widget-container\">\n\t\t\t\t\t\t\t<div class=\"elementor-spacer\">\n\t\t\t<div class=\"elementor-spacer-inner\"><\/div>\n\t\t<\/div>\n\t\t\t\t\t\t<\/div>\n\t\t\t\t<\/div>\n\t\t\t\t\t<\/div>\n\t\t<\/div>\n\t\t\t\t\t<\/div>\n\t\t<\/section>\n\t\t\t\t<section class=\"elementor-section elementor-top-section elementor-element elementor-element-6f285fb elementor-section-boxed elementor-section-height-default elementor-section-height-default\" data-id=\"6f285fb\" data-element_type=\"section\" data-e-type=\"section\">\n\t\t\t\t\t\t<div class=\"elementor-container elementor-column-gap-default\">\n\t\t\t\t\t<div class=\"elementor-column elementor-col-50 elementor-top-column elementor-element elementor-element-5e7c244\" data-id=\"5e7c244\" data-element_type=\"column\" data-e-type=\"column\">\n\t\t\t<div class=\"elementor-widget-wrap elementor-element-populated\">\n\t\t\t\t\t\t<div class=\"elementor-element elementor-element-7184cc3 elementor-widget elementor-widget-heading\" data-id=\"7184cc3\" data-element_type=\"widget\" data-e-type=\"widget\" data-widget_type=\"heading.default\">\n\t\t\t\t<div class=\"elementor-widget-container\">\n\t\t\t\t\t<h2 class=\"elementor-heading-title elementor-size-default\">2. Exporter le r\u00e9capitulatif des factures<\/h2>\t\t\t\t<\/div>\n\t\t\t\t<\/div>\n\t\t\t\t<div class=\"elementor-element elementor-element-19506ed elementor-widget elementor-widget-text-editor\" data-id=\"19506ed\" data-element_type=\"widget\" data-e-type=\"widget\" data-widget_type=\"text-editor.default\">\n\t\t\t\t<div class=\"elementor-widget-container\">\n\t\t\t\t\t\t\t\t\t<p>Il vous suffira de bien choisir la date de d\u00e9but de l&#8217;export ainsi que la date de fin. Puis de cliquer sur &#8220;<b>Exporter le r\u00e9capitulatif de facturation en CSV&#8221;.<\/b>&nbsp;Cette action vous t\u00e9l\u00e9chargera un fichier en format tableau Excel.<\/p>\t\t\t\t\t\t\t\t<\/div>\n\t\t\t\t<\/div>\n\t\t\t\t\t<\/div>\n\t\t<\/div>\n\t\t\t\t<div class=\"elementor-column elementor-col-50 elementor-top-column elementor-element elementor-element-618f56a\" data-id=\"618f56a\" data-element_type=\"column\" data-e-type=\"column\">\n\t\t\t<div class=\"elementor-widget-wrap elementor-element-populated\">\n\t\t\t\t\t\t<div class=\"elementor-element elementor-element-a699053 elementor-widget elementor-widget-image\" data-id=\"a699053\" data-element_type=\"widget\" data-e-type=\"widget\" data-widget_type=\"image.default\">\n\t\t\t\t<div class=\"elementor-widget-container\">\n\t\t\t\t\t\t\t\t\t\t\t\t\t\t\t\t<a href=\"https:\/\/www.cmonsite.fr\/creer-un-site\/wp-content\/uploads\/2021\/06\/export-factures.png\" data-elementor-open-lightbox=\"yes\" data-elementor-lightbox-title=\"export-factures\" data-e-action-hash=\"#elementor-action%3Aaction%3Dlightbox%26settings%3DeyJpZCI6MTU4MTIsInVybCI6Imh0dHBzOlwvXC93d3cuY21vbnNpdGUuZnJcL3NpdGVcL3dwLWNvbnRlbnRcL3VwbG9hZHNcLzIwMjFcLzA2XC9leHBvcnQtZmFjdHVyZXMucG5nIn0%3D\">\n\t\t\t\t\t\t\t<img decoding=\"async\" width=\"468\" height=\"227\" src=\"https:\/\/www.cmonsite.fr\/site\/webup\/2021\/06\/export-factures.png\" class=\"attachment-full size-full wp-image-15812\" alt=\"\" srcset=\"https:\/\/www.cmonsite.fr\/site\/webup\/2021\/06\/export-factures.png 468w, https:\/\/www.cmonsite.fr\/site\/webup\/2021\/06\/export-factures-300x146.png 300w\" sizes=\"(max-width: 468px) 100vw, 468px\" \/>\t\t\t\t\t\t\t\t<\/a>\n\t\t\t\t\t\t\t\t\t\t\t\t\t\t\t<\/div>\n\t\t\t\t<\/div>\n\t\t\t\t\t<\/div>\n\t\t<\/div>\n\t\t\t\t\t<\/div>\n\t\t<\/section>\n\t\t\t\t<\/div>\n\t\t","protected":false},"excerpt":{"rendered":"<p>1. Acc\u00e9der \u00e0 la page d&#8217;export des donn\u00e9es Vous pouvez exporter le r\u00e9capitulatif de toutes les factures g\u00e9n\u00e9r\u00e9s lors des commandes de vos clients. Cette proc\u00e9dure vous aidera pour \u00e9tablir votre comptabilit\u00e9.\u00a0 Pour cela rendez-vous dans &#8220;Boutique&#8221; puis Export de donn\u00e9es. 2. Exporter le r\u00e9capitulatif des factures Il vous suffira de bien choisir la date [&hellip;]<\/p>\n","protected":false},"author":1,"featured_media":0,"parent":22993,"menu_order":4,"comment_status":"closed","ping_status":"closed","template":"","meta":{"_helpful_status":1,"footnotes":""},"class_list":["post-15809","page","type-page","status-publish","hentry"],"_links":{"self":[{"href":"https:\/\/www.cmonsite.fr\/site\/wp-json\/wp\/v2\/pages\/15809","targetHints":{"allow":["GET"]}}],"collection":[{"href":"https:\/\/www.cmonsite.fr\/site\/wp-json\/wp\/v2\/pages"}],"about":[{"href":"https:\/\/www.cmonsite.fr\/site\/wp-json\/wp\/v2\/types\/page"}],"author":[{"embeddable":true,"href":"https:\/\/www.cmonsite.fr\/site\/wp-json\/wp\/v2\/users\/1"}],"replies":[{"embeddable":true,"href":"https:\/\/www.cmonsite.fr\/site\/wp-json\/wp\/v2\/comments?post=15809"}],"version-history":[{"count":8,"href":"https:\/\/www.cmonsite.fr\/site\/wp-json\/wp\/v2\/pages\/15809\/revisions"}],"predecessor-version":[{"id":25113,"href":"https:\/\/www.cmonsite.fr\/site\/wp-json\/wp\/v2\/pages\/15809\/revisions\/25113"}],"up":[{"embeddable":true,"href":"https:\/\/www.cmonsite.fr\/site\/wp-json\/wp\/v2\/pages\/22993"}],"wp:attachment":[{"href":"https:\/\/www.cmonsite.fr\/site\/wp-json\/wp\/v2\/media?parent=15809"}],"curies":[{"name":"wp","href":"https:\/\/api.w.org\/{rel}","templated":true}]}}