{"id":15284,"date":"2021-02-24T11:08:47","date_gmt":"2021-02-24T10:08:47","guid":{"rendered":"https:\/\/www.cmonsite.fr\/site\/aide\/?page_id=15284"},"modified":"2024-02-21T16:04:15","modified_gmt":"2024-02-21T15:04:15","slug":"installer-sumup-sur-son-site","status":"publish","type":"page","link":"https:\/\/www.cmonsite.fr\/site\/aide\/moyens-de-paiement\/installer-sumup-sur-son-site","title":{"rendered":"Installer Sumup sur son site"},"content":{"rendered":"\t\t<div data-elementor-type=\"wp-page\" data-elementor-id=\"15284\" class=\"elementor elementor-15284\" data-elementor-post-type=\"page\">\n\t\t\t\t\t\t<section class=\"elementor-section elementor-top-section elementor-element elementor-element-bf67903 elementor-section-boxed elementor-section-height-default elementor-section-height-default\" data-id=\"bf67903\" data-element_type=\"section\" data-e-type=\"section\">\n\t\t\t\t\t\t<div class=\"elementor-container elementor-column-gap-default\">\n\t\t\t\t\t<div class=\"elementor-column elementor-col-100 elementor-top-column elementor-element elementor-element-0c92ba0\" data-id=\"0c92ba0\" data-element_type=\"column\" data-e-type=\"column\">\n\t\t\t<div class=\"elementor-widget-wrap elementor-element-populated\">\n\t\t\t\t\t\t<section class=\"elementor-section elementor-inner-section elementor-element elementor-element-0a3a4f7 elementor-section-boxed elementor-section-height-default elementor-section-height-default\" data-id=\"0a3a4f7\" data-element_type=\"section\" data-e-type=\"section\">\n\t\t\t\t\t\t<div class=\"elementor-container elementor-column-gap-default\">\n\t\t\t\t\t<div class=\"elementor-column elementor-col-50 elementor-inner-column elementor-element elementor-element-29e28e5\" data-id=\"29e28e5\" data-element_type=\"column\" data-e-type=\"column\">\n\t\t\t<div class=\"elementor-widget-wrap elementor-element-populated\">\n\t\t\t\t\t\t<div class=\"elementor-element elementor-element-9f1cafd elementor-widget elementor-widget-image\" data-id=\"9f1cafd\" data-element_type=\"widget\" data-e-type=\"widget\" data-widget_type=\"image.default\">\n\t\t\t\t<div class=\"elementor-widget-container\">\n\t\t\t\t\t\t\t\t\t\t\t\t\t\t\t\t<a href=\"https:\/\/tillersystems504.partnerlinks.io\/cmonsite\">\n\t\t\t\t\t\t\t<img decoding=\"async\" width=\"300\" height=\"87\" src=\"https:\/\/www.cmonsite.fr\/site\/webup\/2021\/02\/sumupLogo-300x87.png\" class=\"attachment-medium size-medium wp-image-15302\" alt=\"\" srcset=\"https:\/\/www.cmonsite.fr\/site\/webup\/2021\/02\/sumupLogo-300x87.png 300w, https:\/\/www.cmonsite.fr\/site\/webup\/2021\/02\/sumupLogo-1024x297.png 1024w, https:\/\/www.cmonsite.fr\/site\/webup\/2021\/02\/sumupLogo-768x223.png 768w, https:\/\/www.cmonsite.fr\/site\/webup\/2021\/02\/sumupLogo-1536x445.png 1536w, https:\/\/www.cmonsite.fr\/site\/webup\/2021\/02\/sumupLogo-2048x594.png 2048w\" sizes=\"(max-width: 300px) 100vw, 300px\" \/>\t\t\t\t\t\t\t\t<\/a>\n\t\t\t\t\t\t\t\t\t\t\t\t\t\t\t<\/div>\n\t\t\t\t<\/div>\n\t\t\t\t\t<\/div>\n\t\t<\/div>\n\t\t\t\t<div class=\"elementor-column elementor-col-50 elementor-inner-column elementor-element elementor-element-a700770\" data-id=\"a700770\" data-element_type=\"column\" data-e-type=\"column\">\n\t\t\t<div class=\"elementor-widget-wrap elementor-element-populated\">\n\t\t\t\t\t\t<div class=\"elementor-element elementor-element-6307d63 elementor-widget elementor-widget-spacer\" data-id=\"6307d63\" data-element_type=\"widget\" data-e-type=\"widget\" data-widget_type=\"spacer.default\">\n\t\t\t\t<div class=\"elementor-widget-container\">\n\t\t\t\t\t\t\t<div class=\"elementor-spacer\">\n\t\t\t<div class=\"elementor-spacer-inner\"><\/div>\n\t\t<\/div>\n\t\t\t\t\t\t<\/div>\n\t\t\t\t<\/div>\n\t\t\t\t<div class=\"elementor-element elementor-element-d4fb2cb elementor-widget elementor-widget-text-editor\" data-id=\"d4fb2cb\" data-element_type=\"widget\" data-e-type=\"widget\" data-widget_type=\"text-editor.default\">\n\t\t\t\t<div class=\"elementor-widget-container\">\n\t\t\t\t\t\t\t\t\t<p><span style=\"font-weight: 400;\">Un nouveau moyen de paiement d\u00e9barque sur CmonSite !\u00a0<\/span><\/p><p><span style=\"font-weight: 400;\"><a href=\"https:\/\/tillersystems504.partnerlinks.io\/cmonsite\" target=\"_blank\" rel=\"noopener\">SumUp<\/a> vous permet de proposer le paiement par carte bancaire via l\u2019achat de terminaux de paiement.<\/span><\/p>\t\t\t\t\t\t\t\t<\/div>\n\t\t\t\t<\/div>\n\t\t\t\t\t<\/div>\n\t\t<\/div>\n\t\t\t\t\t<\/div>\n\t\t<\/section>\n\t\t\t\t<div class=\"elementor-element elementor-element-79f9b5c elementor-widget elementor-widget-heading\" data-id=\"79f9b5c\" data-element_type=\"widget\" data-e-type=\"widget\" data-widget_type=\"heading.default\">\n\t\t\t\t<div class=\"elementor-widget-container\">\n\t\t\t\t\t<h2 class=\"elementor-heading-title elementor-size-default\">Commandez un terminal Sumup<\/h2>\t\t\t\t<\/div>\n\t\t\t\t<\/div>\n\t\t\t\t\t<\/div>\n\t\t<\/div>\n\t\t\t\t\t<\/div>\n\t\t<\/section>\n\t\t\t\t<section class=\"elementor-section elementor-top-section elementor-element elementor-element-8b154fb elementor-section-boxed elementor-section-height-default elementor-section-height-default\" data-id=\"8b154fb\" data-element_type=\"section\" data-e-type=\"section\">\n\t\t\t\t\t\t<div class=\"elementor-container elementor-column-gap-default\">\n\t\t\t\t\t<div class=\"elementor-column elementor-col-100 elementor-top-column elementor-element elementor-element-81d56ed\" data-id=\"81d56ed\" data-element_type=\"column\" data-e-type=\"column\">\n\t\t\t<div class=\"elementor-widget-wrap elementor-element-populated\">\n\t\t\t\t\t\t<div class=\"elementor-element elementor-element-db32f7a elementor-widget elementor-widget-text-editor\" data-id=\"db32f7a\" data-element_type=\"widget\" data-e-type=\"widget\" data-widget_type=\"text-editor.default\">\n\t\t\t\t<div class=\"elementor-widget-container\">\n\t\t\t\t\t\t\t\t\t<p><span style=\"font-weight: 400;\">Les<a href=\"https:\/\/tillersystems504.partnerlinks.io\/cmonsite\" target=\"_blank\" rel=\"noopener\"> terminaux de paiement SumUp<\/a> sont disponibles \u00e0 l\u2019achat entre 29 et 199\u20ac en fonction des mod\u00e8les. Aucun frais de location n\u2019est pratiqu\u00e9 sur les boitiers, vous payez simplement leur achat.<\/span><\/p><p><span style=\"font-weight: 400;\">Tr\u00e8s pratique en cas de boutique physique, participation \u00e0 des salons ou vente \u00e0 domicile, vous pourrez notamment proposer le paiement sans contact \u00e0 votre client\u00e8le via n\u2019importe quel mod\u00e8le de bo\u00eetier.\u00a0<\/span><\/p><p><span style=\"font-weight: 400;\">Ces terminaux fonctionnent sur les cartes bancaires types Visa, Mastercard, American Express mais \u00e9galement avec Google et Apple Pay.<\/span><\/p><p><span style=\"text-align: center;\">Vous pourrez \u00e9galement connecter votre terminal de paiement directement \u00e0 CmonSite.<\/span><span style=\"font-weight: 400;\"><br \/><\/span><\/p>\t\t\t\t\t\t\t\t<\/div>\n\t\t\t\t<\/div>\n\t\t\t\t\t<\/div>\n\t\t<\/div>\n\t\t\t\t\t<\/div>\n\t\t<\/section>\n\t\t\t\t<section class=\"elementor-section elementor-top-section elementor-element elementor-element-eff1b76 elementor-section-boxed elementor-section-height-default elementor-section-height-default\" data-id=\"eff1b76\" data-element_type=\"section\" data-e-type=\"section\">\n\t\t\t\t\t\t<div class=\"elementor-container elementor-column-gap-default\">\n\t\t\t\t\t<div class=\"elementor-column elementor-col-100 elementor-top-column elementor-element elementor-element-1484d84\" data-id=\"1484d84\" data-element_type=\"column\" data-e-type=\"column\">\n\t\t\t<div class=\"elementor-widget-wrap elementor-element-populated\">\n\t\t\t\t\t\t<div class=\"elementor-element elementor-element-f93b207 elementor-widget elementor-widget-spacer\" data-id=\"f93b207\" data-element_type=\"widget\" data-e-type=\"widget\" data-widget_type=\"spacer.default\">\n\t\t\t\t<div class=\"elementor-widget-container\">\n\t\t\t\t\t\t\t<div class=\"elementor-spacer\">\n\t\t\t<div class=\"elementor-spacer-inner\"><\/div>\n\t\t<\/div>\n\t\t\t\t\t\t<\/div>\n\t\t\t\t<\/div>\n\t\t\t\t<div class=\"elementor-element elementor-element-52b46d5 elementor-widget elementor-widget-image\" data-id=\"52b46d5\" data-element_type=\"widget\" data-e-type=\"widget\" data-widget_type=\"image.default\">\n\t\t\t\t<div class=\"elementor-widget-container\">\n\t\t\t\t\t\t\t\t\t\t\t\t\t\t\t\t<a href=\"https:\/\/www.cmonsite.fr\/creer-un-site\/wp-content\/uploads\/2021\/02\/ModelesTPE.png\" data-elementor-open-lightbox=\"yes\" data-elementor-lightbox-title=\"ModelesTPE\" data-e-action-hash=\"#elementor-action%3Aaction%3Dlightbox%26settings%3DeyJpZCI6MTUzMDEsInVybCI6Imh0dHBzOlwvXC93d3cuY21vbnNpdGUuZnJcL3NpdGVcL3dwLWNvbnRlbnRcL3VwbG9hZHNcLzIwMjFcLzAyXC9Nb2RlbGVzVFBFLnBuZyJ9\">\n\t\t\t\t\t\t\t<img fetchpriority=\"high\" decoding=\"async\" width=\"1165\" height=\"556\" src=\"https:\/\/www.cmonsite.fr\/site\/webup\/2021\/02\/ModelesTPE.png\" class=\"attachment-1536x1536 size-1536x1536 wp-image-15301\" alt=\"\" srcset=\"https:\/\/www.cmonsite.fr\/site\/webup\/2021\/02\/ModelesTPE.png 1165w, https:\/\/www.cmonsite.fr\/site\/webup\/2021\/02\/ModelesTPE-300x143.png 300w, https:\/\/www.cmonsite.fr\/site\/webup\/2021\/02\/ModelesTPE-1024x489.png 1024w, https:\/\/www.cmonsite.fr\/site\/webup\/2021\/02\/ModelesTPE-768x367.png 768w\" sizes=\"(max-width: 1165px) 100vw, 1165px\" \/>\t\t\t\t\t\t\t\t<\/a>\n\t\t\t\t\t\t\t\t\t\t\t\t\t\t\t<\/div>\n\t\t\t\t<\/div>\n\t\t\t\t\t<\/div>\n\t\t<\/div>\n\t\t\t\t\t<\/div>\n\t\t<\/section>\n\t\t\t\t<section class=\"elementor-section elementor-top-section elementor-element elementor-element-43e9851 elementor-section-boxed elementor-section-height-default elementor-section-height-default\" data-id=\"43e9851\" data-element_type=\"section\" data-e-type=\"section\">\n\t\t\t\t\t\t<div class=\"elementor-container elementor-column-gap-default\">\n\t\t\t\t\t<div class=\"elementor-column elementor-col-100 elementor-top-column elementor-element elementor-element-45c4d8c\" data-id=\"45c4d8c\" data-element_type=\"column\" data-e-type=\"column\">\n\t\t\t<div class=\"elementor-widget-wrap elementor-element-populated\">\n\t\t\t\t\t\t<div class=\"elementor-element elementor-element-667e6b8 elementor-widget elementor-widget-spacer\" data-id=\"667e6b8\" data-element_type=\"widget\" data-e-type=\"widget\" data-widget_type=\"spacer.default\">\n\t\t\t\t<div class=\"elementor-widget-container\">\n\t\t\t\t\t\t\t<div class=\"elementor-spacer\">\n\t\t\t<div class=\"elementor-spacer-inner\"><\/div>\n\t\t<\/div>\n\t\t\t\t\t\t<\/div>\n\t\t\t\t<\/div>\n\t\t\t\t<div class=\"elementor-element elementor-element-325a526 elementor-widget elementor-widget-text-editor\" data-id=\"325a526\" data-element_type=\"widget\" data-e-type=\"widget\" data-widget_type=\"text-editor.default\">\n\t\t\t\t<div class=\"elementor-widget-container\">\n\t\t\t\t\t\t\t\t\t<p><span style=\"background-color: transparent; font-family: Arial; font-size: 11pt; white-space: pre-wrap; text-align: justify; font-weight: var( --e-global-typography-text-font-weight );\">Sur CmonSite, il est \u00e9galement possible d\u2019utiliser <a href=\"https:\/\/tillersystems504.partnerlinks.io\/cmonsite\" target=\"_blank\" rel=\"noopener\">SumUp<\/a> en tant que moyen de paiement par carte bancaire classique sans achat de bo\u00eetier.\u00a0La commission dans ce cas s&#8217;\u00e9l\u00e8ve \u00e0 2.50 % de la vente. <\/span><\/p><div><span style=\"background-color: transparent; font-family: Arial; font-size: 11pt; white-space: pre-wrap; text-align: justify; font-weight: var( --e-global-typography-text-font-weight );\">\u00a0<\/span><\/div>\t\t\t\t\t\t\t\t<\/div>\n\t\t\t\t<\/div>\n\t\t\t\t\t<\/div>\n\t\t<\/div>\n\t\t\t\t\t<\/div>\n\t\t<\/section>\n\t\t\t\t<section class=\"elementor-section elementor-top-section elementor-element elementor-element-e0cf21c elementor-section-boxed elementor-section-height-default elementor-section-height-default\" data-id=\"e0cf21c\" data-element_type=\"section\" data-e-type=\"section\">\n\t\t\t\t\t\t<div class=\"elementor-container elementor-column-gap-default\">\n\t\t\t\t\t<div class=\"elementor-column elementor-col-100 elementor-top-column elementor-element elementor-element-60562e3\" data-id=\"60562e3\" data-element_type=\"column\" data-e-type=\"column\">\n\t\t\t<div class=\"elementor-widget-wrap elementor-element-populated\">\n\t\t\t\t\t\t<section class=\"elementor-section elementor-inner-section elementor-element elementor-element-3c91657 elementor-section-boxed elementor-section-height-default elementor-section-height-default\" data-id=\"3c91657\" data-element_type=\"section\" data-e-type=\"section\">\n\t\t\t\t\t\t<div class=\"elementor-container elementor-column-gap-default\">\n\t\t\t\t\t<div class=\"elementor-column elementor-col-50 elementor-inner-column elementor-element elementor-element-cf54c12\" data-id=\"cf54c12\" data-element_type=\"column\" data-e-type=\"column\">\n\t\t\t<div class=\"elementor-widget-wrap elementor-element-populated\">\n\t\t\t\t\t\t<div class=\"elementor-element elementor-element-647f49b elementor-widget elementor-widget-spacer\" data-id=\"647f49b\" data-element_type=\"widget\" data-e-type=\"widget\" data-widget_type=\"spacer.default\">\n\t\t\t\t<div class=\"elementor-widget-container\">\n\t\t\t\t\t\t\t<div class=\"elementor-spacer\">\n\t\t\t<div class=\"elementor-spacer-inner\"><\/div>\n\t\t<\/div>\n\t\t\t\t\t\t<\/div>\n\t\t\t\t<\/div>\n\t\t\t\t<div class=\"elementor-element elementor-element-cff99e2 elementor-widget elementor-widget-text-editor\" data-id=\"cff99e2\" data-element_type=\"widget\" data-e-type=\"widget\" data-widget_type=\"text-editor.default\">\n\t\t\t\t<div class=\"elementor-widget-container\">\n\t\t\t\t\t\t\t\t\t<p><span style=\"font-weight: 400;\"><a href=\"https:\/\/tillersystems504.partnerlinks.io\/cmonsite\" target=\"_blank\" rel=\"noopener\">SumUp<\/a> vous propose \u00e9galement en compl\u00e9ment de votre terminal de paiement, de commander la carte Mastercard <a href=\"https:\/\/tillersystems504.partnerlinks.io\/cmonsite\">SumUp<\/a>.\u00a0<\/span><\/p><p><span style=\"font-weight: 400;\">Gratuite, elle vous permet de r\u00e9cup\u00e9rer l\u2019argent de vos transactions plus rapidement qu\u2019en connectant votre carte bancaire habituelle.<\/span><\/p>\t\t\t\t\t\t\t\t<\/div>\n\t\t\t\t<\/div>\n\t\t\t\t\t<\/div>\n\t\t<\/div>\n\t\t\t\t<div class=\"elementor-column elementor-col-50 elementor-inner-column elementor-element elementor-element-417196a\" data-id=\"417196a\" data-element_type=\"column\" data-e-type=\"column\">\n\t\t\t<div class=\"elementor-widget-wrap elementor-element-populated\">\n\t\t\t\t\t\t<div class=\"elementor-element elementor-element-bd17791 elementor-widget elementor-widget-image\" data-id=\"bd17791\" data-element_type=\"widget\" data-e-type=\"widget\" data-widget_type=\"image.default\">\n\t\t\t\t<div class=\"elementor-widget-container\">\n\t\t\t\t\t\t\t\t\t\t\t\t\t\t\t\t<a href=\"https:\/\/www.cmonsite.fr\/creer-un-site\/wp-content\/uploads\/2021\/02\/MastercardSumUp.png\" data-elementor-open-lightbox=\"yes\" data-elementor-lightbox-title=\"MastercardSumUp\" data-e-action-hash=\"#elementor-action%3Aaction%3Dlightbox%26settings%3DeyJpZCI6MTUzMDAsInVybCI6Imh0dHBzOlwvXC93d3cuY21vbnNpdGUuZnJcL3NpdGVcL3dwLWNvbnRlbnRcL3VwbG9hZHNcLzIwMjFcLzAyXC9NYXN0ZXJjYXJkU3VtVXAucG5nIn0%3D\">\n\t\t\t\t\t\t\t<img decoding=\"async\" width=\"300\" height=\"222\" src=\"https:\/\/www.cmonsite.fr\/site\/webup\/2021\/02\/MastercardSumUp-300x222.png\" class=\"attachment-medium size-medium wp-image-15300\" alt=\"\" srcset=\"https:\/\/www.cmonsite.fr\/site\/webup\/2021\/02\/MastercardSumUp-300x222.png 300w, https:\/\/www.cmonsite.fr\/site\/webup\/2021\/02\/MastercardSumUp.png 530w\" sizes=\"(max-width: 300px) 100vw, 300px\" \/>\t\t\t\t\t\t\t\t<\/a>\n\t\t\t\t\t\t\t\t\t\t\t\t\t\t\t<\/div>\n\t\t\t\t<\/div>\n\t\t\t\t\t<\/div>\n\t\t<\/div>\n\t\t\t\t\t<\/div>\n\t\t<\/section>\n\t\t\t\t<div class=\"elementor-element elementor-element-f490300 elementor-widget elementor-widget-heading\" data-id=\"f490300\" data-element_type=\"widget\" data-e-type=\"widget\" data-widget_type=\"heading.default\">\n\t\t\t\t<div class=\"elementor-widget-container\">\n\t\t\t\t\t<h2 class=\"elementor-heading-title elementor-size-default\">Installez Sumup sur CmonSite<\/h2>\t\t\t\t<\/div>\n\t\t\t\t<\/div>\n\t\t\t\t\t<\/div>\n\t\t<\/div>\n\t\t\t\t\t<\/div>\n\t\t<\/section>\n\t\t\t\t<section class=\"elementor-section elementor-top-section elementor-element elementor-element-33fdf76 elementor-section-boxed elementor-section-height-default elementor-section-height-default\" data-id=\"33fdf76\" data-element_type=\"section\" data-e-type=\"section\">\n\t\t\t\t\t\t<div class=\"elementor-container elementor-column-gap-default\">\n\t\t\t\t\t<div class=\"elementor-column elementor-col-100 elementor-top-column elementor-element elementor-element-7cdc1b5\" data-id=\"7cdc1b5\" data-element_type=\"column\" data-e-type=\"column\">\n\t\t\t<div class=\"elementor-widget-wrap elementor-element-populated\">\n\t\t\t\t\t\t<section class=\"elementor-section elementor-inner-section elementor-element elementor-element-64fd7c5 elementor-section-boxed elementor-section-height-default elementor-section-height-default\" data-id=\"64fd7c5\" data-element_type=\"section\" data-e-type=\"section\">\n\t\t\t\t\t\t<div class=\"elementor-container elementor-column-gap-default\">\n\t\t\t\t\t<div class=\"elementor-column elementor-col-50 elementor-inner-column elementor-element elementor-element-53f87a9\" data-id=\"53f87a9\" data-element_type=\"column\" data-e-type=\"column\">\n\t\t\t<div class=\"elementor-widget-wrap elementor-element-populated\">\n\t\t\t\t\t\t<div class=\"elementor-element elementor-element-1eed33a elementor-widget elementor-widget-image\" data-id=\"1eed33a\" data-element_type=\"widget\" data-e-type=\"widget\" data-widget_type=\"image.default\">\n\t\t\t\t<div class=\"elementor-widget-container\">\n\t\t\t\t\t\t\t\t\t\t\t\t\t\t\t\t<a href=\"https:\/\/www.cmonsite.fr\/creer-un-site\/wp-content\/uploads\/2021\/02\/ActiverPaiementSumUp.png\" data-elementor-open-lightbox=\"yes\" data-elementor-lightbox-title=\"ActiverPaiementSumUp\" data-e-action-hash=\"#elementor-action%3Aaction%3Dlightbox%26settings%3DeyJpZCI6MTUyOTksInVybCI6Imh0dHBzOlwvXC93d3cuY21vbnNpdGUuZnJcL3NpdGVcL3dwLWNvbnRlbnRcL3VwbG9hZHNcLzIwMjFcLzAyXC9BY3RpdmVyUGFpZW1lbnRTdW1VcC5wbmcifQ%3D%3D\">\n\t\t\t\t\t\t\t<img loading=\"lazy\" decoding=\"async\" width=\"800\" height=\"182\" src=\"https:\/\/www.cmonsite.fr\/site\/webup\/2021\/02\/ActiverPaiementSumUp.png\" class=\"attachment-large size-large wp-image-15299\" alt=\"\" srcset=\"https:\/\/www.cmonsite.fr\/site\/webup\/2021\/02\/ActiverPaiementSumUp.png 958w, https:\/\/www.cmonsite.fr\/site\/webup\/2021\/02\/ActiverPaiementSumUp-300x68.png 300w, https:\/\/www.cmonsite.fr\/site\/webup\/2021\/02\/ActiverPaiementSumUp-768x175.png 768w\" sizes=\"(max-width: 800px) 100vw, 800px\" \/>\t\t\t\t\t\t\t\t<\/a>\n\t\t\t\t\t\t\t\t\t\t\t\t\t\t\t<\/div>\n\t\t\t\t<\/div>\n\t\t\t\t\t<\/div>\n\t\t<\/div>\n\t\t\t\t<div class=\"elementor-column elementor-col-50 elementor-inner-column elementor-element elementor-element-c4bda1e\" data-id=\"c4bda1e\" data-element_type=\"column\" data-e-type=\"column\">\n\t\t\t<div class=\"elementor-widget-wrap elementor-element-populated\">\n\t\t\t\t\t\t<div class=\"elementor-element elementor-element-0cbb713 elementor-widget elementor-widget-text-editor\" data-id=\"0cbb713\" data-element_type=\"widget\" data-e-type=\"widget\" data-widget_type=\"text-editor.default\">\n\t\t\t\t<div class=\"elementor-widget-container\">\n\t\t\t\t\t\t\t\t\t<p><span style=\"font-weight: 400;\">Pour cr\u00e9er ou connecter votre compte sur CmonSite, il faudra vous rendre dans l&#8217;onglet \u201cBoutique\u201d puis cliquer sur \u201cMoyens de paiement\u201d.\u00a0<\/span><\/p><p><span style=\"font-weight: 400;\">Vous trouverez parmi la liste de nos moyens de paiement, la solution <a href=\"https:\/\/tillersystems504.partnerlinks.io\/cmonsite\" target=\"_blank\" rel=\"noopener\">SumUp<\/a>.\u00a0<\/span><\/p><p><span style=\"font-weight: 400;\">Vous pourrez alors simplement cr\u00e9er votre compte ou commander un terminal de paiement, ou connecter votre compte si vous en poss\u00e9dez d\u00e9j\u00e0 un.<\/span><\/p>\t\t\t\t\t\t\t\t<\/div>\n\t\t\t\t<\/div>\n\t\t\t\t\t<\/div>\n\t\t<\/div>\n\t\t\t\t\t<\/div>\n\t\t<\/section>\n\t\t\t\t\t<\/div>\n\t\t<\/div>\n\t\t\t\t\t<\/div>\n\t\t<\/section>\n\t\t\t\t<\/div>\n\t\t","protected":false},"excerpt":{"rendered":"<p>Un nouveau moyen de paiement d\u00e9barque sur CmonSite !\u00a0 SumUp vous permet de proposer le paiement par carte bancaire via l\u2019achat de terminaux de paiement. Commandez un terminal Sumup Les terminaux de paiement SumUp sont disponibles \u00e0 l\u2019achat entre 29 et 199\u20ac en fonction des mod\u00e8les. Aucun frais de location n\u2019est pratiqu\u00e9 sur les boitiers, [&hellip;]<\/p>\n","protected":false},"author":1,"featured_media":18486,"parent":22983,"menu_order":6,"comment_status":"closed","ping_status":"closed","template":"","meta":{"_helpful_status":1,"footnotes":""},"class_list":["post-15284","page","type-page","status-publish","has-post-thumbnail","hentry"],"_links":{"self":[{"href":"https:\/\/www.cmonsite.fr\/site\/wp-json\/wp\/v2\/pages\/15284","targetHints":{"allow":["GET"]}}],"collection":[{"href":"https:\/\/www.cmonsite.fr\/site\/wp-json\/wp\/v2\/pages"}],"about":[{"href":"https:\/\/www.cmonsite.fr\/site\/wp-json\/wp\/v2\/types\/page"}],"author":[{"embeddable":true,"href":"https:\/\/www.cmonsite.fr\/site\/wp-json\/wp\/v2\/users\/1"}],"replies":[{"embeddable":true,"href":"https:\/\/www.cmonsite.fr\/site\/wp-json\/wp\/v2\/comments?post=15284"}],"version-history":[{"count":4,"href":"https:\/\/www.cmonsite.fr\/site\/wp-json\/wp\/v2\/pages\/15284\/revisions"}],"predecessor-version":[{"id":26303,"href":"https:\/\/www.cmonsite.fr\/site\/wp-json\/wp\/v2\/pages\/15284\/revisions\/26303"}],"up":[{"embeddable":true,"href":"https:\/\/www.cmonsite.fr\/site\/wp-json\/wp\/v2\/pages\/22983"}],"wp:featuredmedia":[{"embeddable":true,"href":"https:\/\/www.cmonsite.fr\/site\/wp-json\/wp\/v2\/media\/18486"}],"wp:attachment":[{"href":"https:\/\/www.cmonsite.fr\/site\/wp-json\/wp\/v2\/media?parent=15284"}],"curies":[{"name":"wp","href":"https:\/\/api.w.org\/{rel}","templated":true}]}}