{"id":13370,"date":"2020-09-18T17:22:15","date_gmt":"2020-09-18T15:22:15","guid":{"rendered":"https:\/\/www.cmonsite.fr\/site\/aide\/?page_id=13370"},"modified":"2023-07-20T10:57:10","modified_gmt":"2023-07-20T08:57:10","slug":"proposer-emballage-cadeau","status":"publish","type":"page","link":"https:\/\/www.cmonsite.fr\/site\/aide\/gestion-des-produits\/proposer-emballage-cadeau","title":{"rendered":"Proposer un emballage cadeau \u00e0 vos clients"},"content":{"rendered":"<p><strong>Pour proposez facilement \u00e0 vos clients de choisir un emballage cadeau lors de leur commande, deux solutions s&#8217;offrent \u00e0 vous :<\/strong><\/p>\n<p>&nbsp;<\/p>\n<hr \/>\n<p>&nbsp;<\/p>\n<ul>\n<li><strong>Soit l&#8217;emballage cadeau s&#8217;applique sur le total de la commande :<\/strong><\/li>\n<\/ul>\n<p>Pour proposer un emballage cadeau \u00e0 vos clients en fin de commande, rendez vous dans l&#8217;onglet \u00ab<strong><em>Boutique<\/em><\/strong>\u00bb puis \u00ab<strong><em>Configuration de la boutique<\/em><\/strong>\u00bb. Cliquez ensuite sur \u00ab<strong><em>Processus de commande<\/em><\/strong>\u00bb ou directement ici : <a href=\"https:\/\/www.cmonsite.fr\/configboutique.php#commande\" target=\"_blank\" rel=\"noopener noreferrer\">cliquez ici<\/a>.<\/p>\n<p>Puis \u00e0 la section \u00ab<strong><em>Formulaire compl\u00e9mentaire sur la page de commande<\/em><\/strong>\u00bb, vous allez pouvoir cr\u00e9er une proposition d&#8217;emballage cadeau qui appara\u00eetra en m\u00eame temps que le choix du moyen de paiement.<\/p>\n<p>&nbsp;<\/p>\n<p>Commencez par ajouter une question. Dans ce cas de figure, cela peut \u00eatre \u00ab<em>Souhaitez-vous un emballage pour votre commande ?<\/em> \u00bb.<\/p>\n<p>Choisissez si le client est oblig\u00e9 de donner ou non sa r\u00e9ponse concernant l&#8217;emballage dans le champ \u00ab<em>Rendre la r\u00e9ponse obligatoire<\/em>\u00bb.<\/p>\n<p>Veillez \u00e0 bien cocher la case \u00ab<em>Rendre les options du panier payantes<\/em>\u00bb pour que vous puissiez indiquer le prix de vos emballages.<\/p>\n<p>Dans le champ \u00ab<em>Type de r\u00e9ponse de la question<\/em>\u00bb, choisissez la fa\u00e7on dont le choix est pr\u00e9sent\u00e9 au client.<\/p>\n<p>Remplissez le champ \u00ab<em>Libell\u00e9 de l&#8217;option<\/em>\u00bb pour d\u00e9terminer le nom de l&#8217;option qui s&#8217;affichera aux visiteurs.<\/p>\n<p>Enfin, rentrez le prix de votre emballage dans \u00ab<em>Prix de l&#8217;option<\/em>\u00bb.<\/p>\n<p>Validez en cliquant sur \u00ab<em>Ajouter l&#8217;option<\/em>\u00bb puis \u00ab<em>Ajouter la question<\/em>\u00bb.<\/p>\n<p>&nbsp;<\/p>\n<hr \/>\n<p>&nbsp;<\/p>\n<ul>\n<li><strong>Soit l&#8217;emballage s&#8217;applique sur le produit\u00a0<\/strong><\/li>\n<\/ul>\n<p>Pour commencer, il vous faut cr\u00e9er une d\u00e9clinaison pour vos emballages.<br \/>\nRendez vous dans l&#8217;onglet \u00ab<em>Boutique<\/em>\u00bb puis cliquez sur \u00ab<em>D\u00e9clinaisons produits<\/em>\u00bb. <a href=\"https:\/\/www.cmonsite.fr\/gestion_groupe_attribut.php\" target=\"_blank\" rel=\"noopener noreferrer\">Cliquez ici<\/a> pour acc\u00e9der directement \u00e0 cet espace.<\/p>\n<p>Il faut alors que vous choisissiez :<\/p>\n<ul>\n<li>un nom pour votre groupe d&#8217;attributs : ici, on peut choisir &#8220;Emballage cadeau&#8221;<\/li>\n<li>le type d&#8217;attribut : il d\u00e9finit la fa\u00e7on dont le choix du client se pr\u00e9sente \u00e0 lui. La case \u00e0 cocher est plus visuelle.<\/li>\n<\/ul>\n<p>Cliquez alors sur \u00ab<em>Cr\u00e9er le groupe d&#8217;attributs\u00bb <\/em>pour valider vos choix.<\/p>\n<p><img fetchpriority=\"high\" decoding=\"async\" class=\"size-full wp-image-13375 aligncenter\" src=\"https:\/\/www.cmonsite.fr\/site\/webup\/2020\/09\/creer-groupe-attribut-1.jpg\" alt=\"\" width=\"1258\" height=\"258\" srcset=\"https:\/\/www.cmonsite.fr\/site\/webup\/2020\/09\/creer-groupe-attribut-1.jpg 1258w, https:\/\/www.cmonsite.fr\/site\/webup\/2020\/09\/creer-groupe-attribut-1-300x62.jpg 300w, https:\/\/www.cmonsite.fr\/site\/webup\/2020\/09\/creer-groupe-attribut-1-1024x210.jpg 1024w, https:\/\/www.cmonsite.fr\/site\/webup\/2020\/09\/creer-groupe-attribut-1-768x158.jpg 768w\" sizes=\"(max-width: 1258px) 100vw, 1258px\" \/><\/p>\n<p>&nbsp;<\/p>\n<p>Apr\u00e8s avoir cr\u00e9\u00e9 votre groupe d&#8217;attributs, cliquez sur \u00ab<em>Modifier<\/em>\u00bb.<br \/>\nVous allez pouvoir cr\u00e9er et ajouter des attributs \u00e0 ce groupe. Dans le cas de l&#8217;emballage, vous pouvez mettre \u00ab<em>Oui<\/em>\u00bb ou \u00ab<em>Non<\/em>\u00bb pour laisser le choix au client.<br \/>\nRentrez le \u00ab<em>Nom de l&#8217;attribut<\/em>\u00bb puis cliquez sur \u00ab<em>Cr\u00e9er l&#8217;attribut\u00bb<\/em>. Celui-ci s&#8217;affichera dans \u00ab<em>Liste des attributs du groupe<\/em>\u00bb, comme vous pouvez le voir ci-dessous :<\/p>\n<p><a href=\"https:\/\/www.cmonsite.fr\/site\/webup\/2020\/09\/liste-groupe-attribut.jpg\"><img decoding=\"async\" class=\"size-full wp-image-13385 aligncenter\" src=\"https:\/\/www.cmonsite.fr\/site\/webup\/2020\/09\/liste-groupe-attribut.jpg\" alt=\"\" width=\"1220\" height=\"781\" srcset=\"https:\/\/www.cmonsite.fr\/site\/webup\/2020\/09\/liste-groupe-attribut.jpg 1220w, https:\/\/www.cmonsite.fr\/site\/webup\/2020\/09\/liste-groupe-attribut-300x192.jpg 300w, https:\/\/www.cmonsite.fr\/site\/webup\/2020\/09\/liste-groupe-attribut-1024x656.jpg 1024w, https:\/\/www.cmonsite.fr\/site\/webup\/2020\/09\/liste-groupe-attribut-768x492.jpg 768w\" sizes=\"(max-width: 1220px) 100vw, 1220px\" \/><\/a><\/p>\n<p>&nbsp;<\/p>\n<p>Une fois le groupe d&#8217;attributs cr\u00e9\u00e9, rendez vous sur la fiche produit pour laquelle vous d\u00e9sirez proposer l&#8217;emballage.<\/p>\n<p>Cliquez alors sur \u00ab<em>Ajouter un groupe d&#8217;options<\/em>\u00bb.<\/p>\n<p>Dans le menu d\u00e9roulant, s\u00e9lectionnez le groupe \u00ab<em>Emballage cadeau<\/em>\u00bb puis cliquez sur \u00ab<em>Ajouter le groupe d&#8217;options<\/em>\u00bb.<\/p>\n<p>S\u00e9lectionnez \u00ab<em>Le choix de l&#8217;option par le client n&#8217;est pas obligatoire<\/em>\u00bb afin de ne pas leur imposer de cocher la case (par d\u00e9faut, l&#8217;emballage cadeau ne sera pas ajout\u00e9).<\/p>\n<p>C&#8217;est ensuite ici que vous allez pouvoir d\u00e9finir le prix de votre emballage cadeau sur le produit.<br \/>\nLe menu d\u00e9roulant sous \u00ab<em>Prix TTC<\/em>\u00bb vous permet de d\u00e9terminer l&#8217;impact qu&#8217;aura votre option sur le prix du produit. Nous vous conseillons de laisser s\u00e9lectionn\u00e9 \u00ab<em>Augmentation du prix de base de x \u20ac (TTC)<\/em>\u00bb.<\/p>\n<p>Renseignez le prix de votre emballage dans la case pr\u00e9vue \u00e0 cet effet. L&#8217;espace \u00ab<em>Prix promo TTC<\/em>\u00bb\u00a0 permet d&#8217;offrir ou de proposer une r\u00e9duction sur le prix de l&#8217;emballage cadeau si vous le souhaitez.<\/p>\n<p>&nbsp;<\/p>\n<p><a href=\"https:\/\/www.cmonsite.fr\/site\/webup\/2020\/09\/options-selectionnables-1.jpg\"><img decoding=\"async\" class=\"size-full wp-image-13386 aligncenter\" src=\"https:\/\/www.cmonsite.fr\/site\/webup\/2020\/09\/options-selectionnables-1.jpg\" alt=\"\" width=\"1153\" height=\"542\" srcset=\"https:\/\/www.cmonsite.fr\/site\/webup\/2020\/09\/options-selectionnables-1.jpg 1153w, https:\/\/www.cmonsite.fr\/site\/webup\/2020\/09\/options-selectionnables-1-300x141.jpg 300w, https:\/\/www.cmonsite.fr\/site\/webup\/2020\/09\/options-selectionnables-1-1024x481.jpg 1024w, https:\/\/www.cmonsite.fr\/site\/webup\/2020\/09\/options-selectionnables-1-768x361.jpg 768w\" sizes=\"(max-width: 1153px) 100vw, 1153px\" \/><\/a><\/p>\n<p>&nbsp;<\/p>\n","protected":false},"excerpt":{"rendered":"<p>Pour proposez facilement \u00e0 vos clients de choisir un emballage cadeau lors de leur commande, deux solutions s&#8217;offrent \u00e0 vous : &nbsp; &nbsp; Soit l&#8217;emballage cadeau s&#8217;applique sur le total de la commande : Pour proposer un emballage cadeau \u00e0 vos clients en fin de commande, rendez vous dans l&#8217;onglet \u00abBoutique\u00bb puis \u00abConfiguration de la [&hellip;]<\/p>\n","protected":false},"author":1,"featured_media":18486,"parent":24736,"menu_order":21,"comment_status":"closed","ping_status":"closed","template":"","meta":{"_helpful_status":1,"footnotes":""},"class_list":["post-13370","page","type-page","status-publish","has-post-thumbnail","hentry"],"_links":{"self":[{"href":"https:\/\/www.cmonsite.fr\/site\/wp-json\/wp\/v2\/pages\/13370","targetHints":{"allow":["GET"]}}],"collection":[{"href":"https:\/\/www.cmonsite.fr\/site\/wp-json\/wp\/v2\/pages"}],"about":[{"href":"https:\/\/www.cmonsite.fr\/site\/wp-json\/wp\/v2\/types\/page"}],"author":[{"embeddable":true,"href":"https:\/\/www.cmonsite.fr\/site\/wp-json\/wp\/v2\/users\/1"}],"replies":[{"embeddable":true,"href":"https:\/\/www.cmonsite.fr\/site\/wp-json\/wp\/v2\/comments?post=13370"}],"version-history":[{"count":11,"href":"https:\/\/www.cmonsite.fr\/site\/wp-json\/wp\/v2\/pages\/13370\/revisions"}],"predecessor-version":[{"id":23476,"href":"https:\/\/www.cmonsite.fr\/site\/wp-json\/wp\/v2\/pages\/13370\/revisions\/23476"}],"up":[{"embeddable":true,"href":"https:\/\/www.cmonsite.fr\/site\/wp-json\/wp\/v2\/pages\/24736"}],"wp:featuredmedia":[{"embeddable":true,"href":"https:\/\/www.cmonsite.fr\/site\/wp-json\/wp\/v2\/media\/18486"}],"wp:attachment":[{"href":"https:\/\/www.cmonsite.fr\/site\/wp-json\/wp\/v2\/media?parent=13370"}],"curies":[{"name":"wp","href":"https:\/\/api.w.org\/{rel}","templated":true}]}}