{"id":13259,"date":"2020-10-22T17:32:26","date_gmt":"2020-10-22T15:32:26","guid":{"rendered":"https:\/\/www.cmonsite.fr\/site\/aide\/?page_id=13259"},"modified":"2020-10-22T17:32:26","modified_gmt":"2020-10-22T15:32:26","slug":"comment-activer-les-avis-client-sur-vos-fiches-produits","status":"publish","type":"page","link":"https:\/\/www.cmonsite.fr\/site\/aide\/gestion-des-clients\/comment-activer-les-avis-client-sur-vos-fiches-produits","title":{"rendered":"Comment activer les avis client sur vos fiches produits ?"},"content":{"rendered":"\t\t<div data-elementor-type=\"wp-page\" data-elementor-id=\"13259\" class=\"elementor elementor-13259\" data-elementor-post-type=\"page\">\n\t\t\t\t\t\t<section class=\"elementor-section elementor-top-section elementor-element elementor-element-3cb9fa3f elementor-section-boxed elementor-section-height-default elementor-section-height-default\" data-id=\"3cb9fa3f\" data-element_type=\"section\" data-e-type=\"section\">\n\t\t\t\t\t\t<div class=\"elementor-container elementor-column-gap-default\">\n\t\t\t\t\t<div class=\"elementor-column elementor-col-100 elementor-top-column elementor-element elementor-element-743cbb5\" data-id=\"743cbb5\" data-element_type=\"column\" data-e-type=\"column\">\n\t\t\t<div class=\"elementor-widget-wrap elementor-element-populated\">\n\t\t\t\t\t\t<div class=\"elementor-element elementor-element-b6cfe84 elementor-widget elementor-widget-text-editor\" data-id=\"b6cfe84\" data-element_type=\"widget\" data-e-type=\"widget\" data-widget_type=\"text-editor.default\">\n\t\t\t\t<div class=\"elementor-widget-container\">\n\t\t\t\t\t\t\t\t\tActiver les avis clients sur vos produits permet de rassurer les visiteurs int\u00e9ress\u00e9s par les produits en question.\r\n<h2>1. Param\u00e9trer les avis clients<\/h2>\r\nRendez-vous \u00e0 la rubrique &#8220;<em><strong>Boutique<\/strong><\/em>&#8220;, section &#8220;<strong><em>Configuration de la boutique<\/em><\/strong>&#8221; \u00e0 &#8220;<a href=\"https:\/\/www.cmonsite.fr\/gestion_commentaires_produits.php\"><strong><em>Avis sur les fiches produits<\/em><\/strong><\/a>&#8220;.\r\n\r\nActivez les commentaires sous vos fiches produits.\r\n\r\nChoisissez de les mod\u00e9rer avant publication ou activez la publication automatique.\r\n\r\nAjoutez la possibilit\u00e9 de mettre une note sur vos produits par vos clients et \u00e9galement de partager les produits sur leurs r\u00e9seaux sociaux.\r\n\r\n<a href=\"https:\/\/www.cmonsite.fr\/creer-un-site\/wp-content\/uploads\/2020\/12\/avis-fiche-produit-1-1.jpg\"><img fetchpriority=\"high\" decoding=\"async\" class=\"size-full wp-image-14325 aligncenter\" src=\"https:\/\/www.cmonsite.fr\/creer-un-site\/wp-content\/uploads\/2020\/12\/avis-fiche-produit-1-1.jpg\" alt=\"\" width=\"1231\" height=\"277\" srcset=\"https:\/\/www.cmonsite.fr\/site\/webup\/2020\/12\/avis-fiche-produit-1-1.jpg 1231w, https:\/\/www.cmonsite.fr\/site\/webup\/2020\/12\/avis-fiche-produit-1-1-300x68.jpg 300w, https:\/\/www.cmonsite.fr\/site\/webup\/2020\/12\/avis-fiche-produit-1-1-1024x230.jpg 1024w, https:\/\/www.cmonsite.fr\/site\/webup\/2020\/12\/avis-fiche-produit-1-1-768x173.jpg 768w\" sizes=\"(max-width: 1231px) 100vw, 1231px\" \/><\/a>\r\n<h2>2. L&#8217;affichage des avis produits sur Google<\/h2>\r\nLorsque vos clients chercheront un produit qui se rapproche du v\u00f4tre, il sera propos\u00e9 dans les r\u00e9sultats de recherche.\r\nVotre produit sera accompagn\u00e9 des informations de prix, de note et du nombre d&#8217;avis.<a href=\"https:\/\/www.cmonsite.fr\/creer-un-site\/wp-content\/uploads\/2020\/08\/avisplantes.png\"><img decoding=\"async\" class=\"aligncenter size-full wp-image-13262\" src=\"https:\/\/www.cmonsite.fr\/creer-un-site\/wp-content\/uploads\/2020\/08\/avisplantes.png\" alt=\"\" width=\"569\" height=\"168\" srcset=\"https:\/\/www.cmonsite.fr\/site\/webup\/2020\/08\/avisplantes.png 569w, https:\/\/www.cmonsite.fr\/site\/webup\/2020\/08\/avisplantes-300x89.png 300w\" sizes=\"(max-width: 569px) 100vw, 569px\" \/><\/a>\r\n\r\n&nbsp;\t\t\t\t\t\t\t\t<\/div>\n\t\t\t\t<\/div>\n\t\t\t\t\t<\/div>\n\t\t<\/div>\n\t\t\t\t\t<\/div>\n\t\t<\/section>\n\t\t\t\t<section class=\"elementor-section elementor-top-section elementor-element elementor-element-5b09704 elementor-section-boxed elementor-section-height-default elementor-section-height-default\" data-id=\"5b09704\" data-element_type=\"section\" data-e-type=\"section\">\n\t\t\t\t\t\t<div class=\"elementor-container elementor-column-gap-default\">\n\t\t\t\t\t<div class=\"elementor-column elementor-col-100 elementor-top-column elementor-element elementor-element-5c96eb4\" data-id=\"5c96eb4\" data-element_type=\"column\" data-e-type=\"column\">\n\t\t\t<div class=\"elementor-widget-wrap elementor-element-populated\">\n\t\t\t\t\t\t<div class=\"elementor-element elementor-element-7435ece elementor-widget-divider--view-line elementor-widget elementor-widget-divider\" data-id=\"7435ece\" data-element_type=\"widget\" data-e-type=\"widget\" data-widget_type=\"divider.default\">\n\t\t\t\t<div class=\"elementor-widget-container\">\n\t\t\t\t\t\t\t<div class=\"elementor-divider\">\n\t\t\t<span class=\"elementor-divider-separator\">\n\t\t\t\t\t\t<\/span>\n\t\t<\/div>\n\t\t\t\t\t\t<\/div>\n\t\t\t\t<\/div>\n\t\t\t\t<div class=\"elementor-element elementor-element-f93ce5a elementor-widget elementor-widget-text-editor\" data-id=\"f93ce5a\" data-element_type=\"widget\" data-e-type=\"widget\" data-widget_type=\"text-editor.default\">\n\t\t\t\t<div class=\"elementor-widget-container\">\n\t\t\t\t\t\t\t\t\t<p><span style=\"font-weight: bold; text-align: center;\">D\u00e9couvrez comment activer les avis clients sur votre site, en vid\u00e9o :\u00a0<\/span><\/p>\t\t\t\t\t\t\t\t<\/div>\n\t\t\t\t<\/div>\n\t\t\t\t\t<\/div>\n\t\t<\/div>\n\t\t\t\t\t<\/div>\n\t\t<\/section>\n\t\t\t\t<section class=\"elementor-section elementor-top-section elementor-element elementor-element-523e62d elementor-section-boxed elementor-section-height-default elementor-section-height-default\" data-id=\"523e62d\" data-element_type=\"section\" data-e-type=\"section\">\n\t\t\t\t\t\t<div class=\"elementor-container elementor-column-gap-default\">\n\t\t\t\t\t<div class=\"elementor-column elementor-col-33 elementor-top-column elementor-element elementor-element-f91a46d\" data-id=\"f91a46d\" data-element_type=\"column\" data-e-type=\"column\">\n\t\t\t<div class=\"elementor-widget-wrap\">\n\t\t\t\t\t\t\t<\/div>\n\t\t<\/div>\n\t\t\t\t<div class=\"elementor-column elementor-col-33 elementor-top-column elementor-element elementor-element-f834e4a\" data-id=\"f834e4a\" data-element_type=\"column\" data-e-type=\"column\">\n\t\t\t<div class=\"elementor-widget-wrap elementor-element-populated\">\n\t\t\t\t\t\t<div class=\"elementor-element elementor-element-4c89de9 elementor-widget elementor-widget-video\" data-id=\"4c89de9\" data-element_type=\"widget\" data-e-type=\"widget\" data-settings=\"{&quot;youtube_url&quot;:&quot;https:\\\/\\\/www.youtube.com\\\/watch?v=7rb_Xgt1Lq4&quot;,&quot;video_type&quot;:&quot;youtube&quot;,&quot;controls&quot;:&quot;yes&quot;}\" data-widget_type=\"video.default\">\n\t\t\t\t<div class=\"elementor-widget-container\">\n\t\t\t\t\t\t\t<div class=\"elementor-wrapper elementor-open-inline\">\n\t\t\t<div class=\"elementor-video\"><\/div>\t\t<\/div>\n\t\t\t\t\t\t<\/div>\n\t\t\t\t<\/div>\n\t\t\t\t\t<\/div>\n\t\t<\/div>\n\t\t\t\t<div class=\"elementor-column elementor-col-33 elementor-top-column elementor-element elementor-element-d8a06ed\" data-id=\"d8a06ed\" data-element_type=\"column\" data-e-type=\"column\">\n\t\t\t<div class=\"elementor-widget-wrap\">\n\t\t\t\t\t\t\t<\/div>\n\t\t<\/div>\n\t\t\t\t\t<\/div>\n\t\t<\/section>\n\t\t\t\t<\/div>\n\t\t","protected":false},"excerpt":{"rendered":"<p>Activer les avis clients sur vos produits permet de rassurer les visiteurs int\u00e9ress\u00e9s par les produits en question. 1. Param\u00e9trer les avis clients Rendez-vous \u00e0 la rubrique &#8220;Boutique&#8220;, section &#8220;Configuration de la boutique&#8221; \u00e0 &#8220;Avis sur les fiches produits&#8220;. Activez les commentaires sous vos fiches produits. Choisissez de les mod\u00e9rer avant publication ou activez la [&hellip;]<\/p>\n","protected":false},"author":1,"featured_media":18010,"parent":24725,"menu_order":6,"comment_status":"closed","ping_status":"closed","template":"","meta":{"_helpful_status":1,"footnotes":""},"class_list":["post-13259","page","type-page","status-publish","has-post-thumbnail","hentry"],"_links":{"self":[{"href":"https:\/\/www.cmonsite.fr\/site\/wp-json\/wp\/v2\/pages\/13259","targetHints":{"allow":["GET"]}}],"collection":[{"href":"https:\/\/www.cmonsite.fr\/site\/wp-json\/wp\/v2\/pages"}],"about":[{"href":"https:\/\/www.cmonsite.fr\/site\/wp-json\/wp\/v2\/types\/page"}],"author":[{"embeddable":true,"href":"https:\/\/www.cmonsite.fr\/site\/wp-json\/wp\/v2\/users\/1"}],"replies":[{"embeddable":true,"href":"https:\/\/www.cmonsite.fr\/site\/wp-json\/wp\/v2\/comments?post=13259"}],"version-history":[{"count":1,"href":"https:\/\/www.cmonsite.fr\/site\/wp-json\/wp\/v2\/pages\/13259\/revisions"}],"predecessor-version":[{"id":20945,"href":"https:\/\/www.cmonsite.fr\/site\/wp-json\/wp\/v2\/pages\/13259\/revisions\/20945"}],"up":[{"embeddable":true,"href":"https:\/\/www.cmonsite.fr\/site\/wp-json\/wp\/v2\/pages\/24725"}],"wp:featuredmedia":[{"embeddable":true,"href":"https:\/\/www.cmonsite.fr\/site\/wp-json\/wp\/v2\/media\/18010"}],"wp:attachment":[{"href":"https:\/\/www.cmonsite.fr\/site\/wp-json\/wp\/v2\/media?parent=13259"}],"curies":[{"name":"wp","href":"https:\/\/api.w.org\/{rel}","templated":true}]}}