{"id":12842,"date":"2020-05-24T19:43:59","date_gmt":"2020-05-24T17:43:38","guid":{"rendered":"https:\/\/www.cmonsite.fr\/site\/aide\/?page_id=12842"},"modified":"2022-11-14T14:45:20","modified_gmt":"2022-11-14T13:45:20","slug":"comment-obtenir-des-backlinks","status":"publish","type":"page","link":"https:\/\/www.cmonsite.fr\/site\/aide\/referencement\/comment-obtenir-des-backlinks","title":{"rendered":"Comment obtenir des backlinks ?"},"content":{"rendered":"<h2>Comment obtenir des backlinks : D\u00e9finitions<\/h2>\n<p>Les backlinks sont les liens entrants qui pointent vers votre site internet. Le r\u00e9f\u00e9rencement naturel ou SEO est compos\u00e9 de deux piliers majeurs :<\/p>\n<ul>\n<li>Le r\u00e9f\u00e9rencement interne de votre site (la qualit\u00e9 de votre contenu et son maillage interne).<\/li>\n<li>Le SEO externe de votre site : Les backlinks qui pointent vers votre site.<\/li>\n<\/ul>\n<p>Si vous voulez obtenir des r\u00e9sultats en termes de r\u00e9f\u00e9rencement naturel, vous devez travailler sur ces deux piliers. Un contenu de qualit\u00e9 sans liens entrants ou avec des liens de mauvaise qualit\u00e9 ne vous permettra pas d\u2019obtenir des retours sur investissement.<\/p>\n<h2>Comment obtenir des backlinks : DoFollow versus NoFollow<\/h2>\n<p>Il y a deux types de backlink\u00a0:<\/p>\n<ul>\n<li>Un backlink qui renvoie du \u00abjus \u00bb : Un param\u00e8tre dans le lien html indique \u00ab dofollow \u00bb, cela indique aux robots de Google de suivre le lien. La cons\u00e9quence est majeure, si le lien est DoFollow cela contribuera \u00e0 votre popularit\u00e9 et \u00e0 votre r\u00e9f\u00e9rencement sur Google.<\/li>\n<\/ul>\n<p>Voici \u00e0 quoi ressemble un lien DoFollow\u00a0:<\/p>\n<p>&lt;a href=\u201dhttps:\/\/www.cmonsite.fr\/\u201d rel=\u201ddofollow\u201d&gt;Cmonsite&lt;\/a&gt;<\/p>\n<ul>\n<li>Un backlink qui renvoie pas de &#8220;ju&#8221; : Un param\u00e8tre dans le lien html indique \u00ab nofollow \u00bb, ce qui indique aux robots de Google de ne pas suivre le lien.<\/li>\n<\/ul>\n<p>Voici \u00e0 quoi ressemble un lien NoFollow :<\/p>\n<p>&lt;a href=\u201dhttps:\/\/www.cmonsite.fr\/\u201d rel=\u201dnofollow\u201d&gt;Cmonsite&lt;\/a&gt;<\/p>\n<p>Cela ne veut pas dire qu\u2019il vous faut 100% backlinks DoFollow. Bien au contraire, les backlinks no follow montrent \u00e0 Google que votre r\u00e9f\u00e9rencement est\u2026naturel ! Vous comprenez la logique ? Beaucoup de sites web et de r\u00e9f\u00e9renceurs font cette erreur, soyez vigilants pour r\u00e9ussir votre strat\u00e9gie de netlinking.<\/p>\n<h2>Les ancres nomm\u00e9es<\/h2>\n<p>Les ancres nomm\u00e9es sont les noms visibles sur le lien\u00a0:<\/p>\n<ul>\n<li>Par exemple pour l\u2019adresse <a href=\"https:\/\/www.cmonsite.fr\/\">https:\/\/www.cmonsite.fr\/<\/a>, dans un article on peut avoir un lien sur le mot <a href=\"https:\/\/www.cmonsite.fr\/\">CmonSite<\/a>, c\u2019est ce que l\u2019on appelle une ancre nomm\u00e9e.<\/li>\n<li>Il est important de varier les ancres et ne pas utiliser toujours les m\u00eames.<\/li>\n<li>Si vous cherchez \u00e0 vous r\u00e9f\u00e9rencer sur le mot \u00ab produit sans gluten \u00bb, il est conseill\u00e9 de ne pas d\u00e9passer 30% d\u2019ancres nomm\u00e9s \u00ab produit sans gluten \u00bb sur les liens qui renvoient vers votre site.<\/li>\n<li>Donc 70% de vos liens doivent utiliser d&#8217;autres mots : &#8220;gluten&#8221;, &#8220;le nom de votre site&#8221;&#8230;Ou l&#8217;adresse directement sans ancre nomm\u00e9e : https:\/\/www.lenomdevotreboutique.fr\/.<\/li>\n<\/ul>\n<h2>Respecter les bonnes pratiques de Google<\/h2>\n<p>Le r\u00e9f\u00e9rencement naturel sur Google n\u2019est pas automatiquement une r\u00e9ussite d\u00e8s lors que l\u2019on s\u2019y met. Et il est n\u00e9cessaire de respecter des bonnes pratiques pour que le r\u00e9f\u00e9rencement naturel fonctionne et ne soit pas nocif. Des mauvaises pratiques en termes de SEO, une popularit\u00e9 simul\u00e9e, ou une &#8220;suroptimisation&#8221; peuvent :<\/p>\n<ul>\n<li>\u00catre sanctionn\u00e9es par Google.<\/li>\n<li>Les sanctions peuvent \u00eatre irr\u00e9m\u00e9diables pour votre marque et votre site internet.<\/li>\n<li>Votre r\u00e9f\u00e9rencement peut d\u00e9gringoler dans les abysses de Google du jour au lendemain.<\/li>\n<\/ul>\n<p>Pour cela, il faut encore et toujours proposer un contenu unique\u00a0: Le duplicate content (contenu d\u00e9j\u00e0 existant sur Google et copi\u00e9 coll\u00e9 sur votre site) est tr\u00e8s fortement sanctionn\u00e9. Il est n\u00e9cessaire de produire votre propre contenu.<\/p>\n<h3>Respecter les bonnes pratiques en termes de backlinks\u00a0:<\/h3>\n<ul>\n<li>Pas d\u2019\u00e9change de lien.<\/li>\n<li>Eviter de &#8220;suroptimiser&#8221; vos ancres.<\/li>\n<li>Les liens vers des sites ou sur des annuaires douteux sont \u00e0 proscrire.<\/li>\n<li>Pour que votre r\u00e9f\u00e9rencement fonctionne, il doit para\u00eetre le plus naturel possible.<\/li>\n<\/ul>\n<p>Et surtout \u00eatre patient : Les effets du r\u00e9f\u00e9rencement naturel peuvent \u00eatre longs. Au minimum 6 mois pour que vos positions sur Google commencent \u00e0 vous apporter du trafic, parfois plus. Il faut bien-s\u00fbr activer d&#8217;autres leviers webmarketing pour faire conna\u00eetre votre site comme les r\u00e9seaux sociaux, les relations presse et les blogs.<\/p>\n<h2>Obtenir des backlinks gr\u00e2ce aux Relations Presse<\/h2>\n<p>Les Relations Presse permettent d\u2019obtenir des retomb\u00e9es dans la presse papier, radio ou t\u00e9l\u00e9vision mais aussi sur la presse en ligne. Les sites de presse en ligne sont souvent per\u00e7us comme des sites d\u2019autorit\u00e9 par Google.<\/p>\n<p>Ainsi un lien obtenu sur un site comme <a href=\"https:\/\/www.lefigaro.fr\/\" target=\"_blank\" rel=\"noopener noreferrer\">Lefigaro.fr<\/a> aura un fort impact pour votre visibilit\u00e9 (environ 110 millions de visiteurs chaque mois\u00a0!) mais aussi sur votre SEO\u00a0: Google consid\u00e8re que lefigaro.fr est un site de confiance et en faisant un lien sur votre site, cela cr\u00e9dibilise votre site aux yeux de Google.<a href=\"https:\/\/www.cmonsite.fr\/site\/webup\/2020\/05\/backlinks_lefigaro_seo.jpg\"><img fetchpriority=\"high\" decoding=\"async\" class=\"aligncenter wp-image-12843 size-full\" src=\"https:\/\/www.cmonsite.fr\/site\/webup\/2020\/05\/backlinks_lefigaro_seo.jpg\" alt=\"obtenir_des_backlinks_lefigaro\" width=\"450\" height=\"638\" srcset=\"https:\/\/www.cmonsite.fr\/site\/webup\/2020\/05\/backlinks_lefigaro_seo.jpg 450w, https:\/\/www.cmonsite.fr\/site\/webup\/2020\/05\/backlinks_lefigaro_seo-212x300.jpg 212w\" sizes=\"(max-width: 450px) 100vw, 450px\" \/><\/a><\/p>\n<p>Ainsi lorsque vous obtenez une retomb\u00e9e sur un site de presse en ligne, n\u2019oubliez pas de demander au journaliste de placer un lien vers votre site.<\/p>\n<h2>Obtenir des backlinks gr\u00e2ce aux bloggueurs<\/h2>\n<p>Obtenir des backlinks gr\u00e2ce \u00e0 un partenariat bloggueur boostera aussi votre SEO\u00a0:<\/p>\n<ul>\n<li>Il y a de tout parmi les blogs, analysez le trafic gr\u00e2ce notamment \u00e0 l\u2019outil Similarweb (pluging sur le navigateur Chrome).<\/li>\n<li>Observez l\u2019engagement\u00a0: nombre de commentaires sur les posts\u2026<\/li>\n<li>Identifiez des blogs en rapport avec votre th\u00e9matique. Si vous vendez des drones, un article sur un blog de cuisine ne servira pas votre SEO.<\/li>\n<li>Proposez un partenariat en contactant le blog\u00a0: Un cadeau, un code promo ou une contribution financi\u00e8re (un partenariat avec un blog est rarement gratuit).<\/li>\n<li>Demandez \u00e0 ce que le lien vers votre site reste au moins 6 mois sur le blog (pour vous assurer que le bloggueur n\u2019enl\u00e8vera pas l\u2019article et vous assurer un vrai impact).<\/li>\n<\/ul>\n<h2>Obtenir des backlinks gr\u00e2ce aux r\u00e9seaux sociaux<\/h2>\n<p>Lorsque l&#8217;on parle de vous sur les r\u00e9seaux sociaux et que vous obtenez du trafic via ce canal, votre r\u00e9f\u00e9rencement naturel s&#8217;am\u00e9liore. M\u00eame si les liens en provenance des r\u00e9seaux sociaux sont NoFollow, Google consid\u00e8re que votre site internet gagne en popularit\u00e9 et vous pouvez am\u00e9liorer vos positions.<\/p>\n<p>&nbsp;<\/p>\n","protected":false},"excerpt":{"rendered":"<p>Comment obtenir des backlinks : D\u00e9finitions Les backlinks sont les liens entrants qui pointent vers votre site internet. Le r\u00e9f\u00e9rencement naturel ou SEO est compos\u00e9 de deux piliers majeurs : Le r\u00e9f\u00e9rencement interne de votre site (la qualit\u00e9 de votre contenu et son maillage interne). Le SEO externe de votre site : Les backlinks qui [&hellip;]<\/p>\n","protected":false},"author":1,"featured_media":6705,"parent":280,"menu_order":4,"comment_status":"closed","ping_status":"closed","template":"","meta":{"_helpful_status":1,"footnotes":""},"class_list":["post-12842","page","type-page","status-publish","has-post-thumbnail","hentry"],"_links":{"self":[{"href":"https:\/\/www.cmonsite.fr\/site\/wp-json\/wp\/v2\/pages\/12842","targetHints":{"allow":["GET"]}}],"collection":[{"href":"https:\/\/www.cmonsite.fr\/site\/wp-json\/wp\/v2\/pages"}],"about":[{"href":"https:\/\/www.cmonsite.fr\/site\/wp-json\/wp\/v2\/types\/page"}],"author":[{"embeddable":true,"href":"https:\/\/www.cmonsite.fr\/site\/wp-json\/wp\/v2\/users\/1"}],"replies":[{"embeddable":true,"href":"https:\/\/www.cmonsite.fr\/site\/wp-json\/wp\/v2\/comments?post=12842"}],"version-history":[{"count":5,"href":"https:\/\/www.cmonsite.fr\/site\/wp-json\/wp\/v2\/pages\/12842\/revisions"}],"predecessor-version":[{"id":25062,"href":"https:\/\/www.cmonsite.fr\/site\/wp-json\/wp\/v2\/pages\/12842\/revisions\/25062"}],"up":[{"embeddable":true,"href":"https:\/\/www.cmonsite.fr\/site\/wp-json\/wp\/v2\/pages\/280"}],"wp:featuredmedia":[{"embeddable":true,"href":"https:\/\/www.cmonsite.fr\/site\/wp-json\/wp\/v2\/media\/6705"}],"wp:attachment":[{"href":"https:\/\/www.cmonsite.fr\/site\/wp-json\/wp\/v2\/media?parent=12842"}],"curies":[{"name":"wp","href":"https:\/\/api.w.org\/{rel}","templated":true}]}}