{"id":11920,"date":"2019-03-21T17:51:41","date_gmt":"2019-03-21T16:51:41","guid":{"rendered":"https:\/\/www.cmonsite.fr\/site\/aide\/?page_id=11920"},"modified":"2019-03-21T17:51:41","modified_gmt":"2019-03-21T16:51:41","slug":"creer-une-application-facebook","status":"publish","type":"page","link":"https:\/\/www.cmonsite.fr\/site\/aide\/astuces-informations\/modules-externes\/creer-une-application-facebook","title":{"rendered":"Cr\u00e9er une application Facebook"},"content":{"rendered":"<p>Afin de cr\u00e9er une application Facebook, vous devez vous rendre sur la page : <a href=\"https:\/\/developers.facebook.com\/apps\/\" target=\"_blank\" rel=\"noopener noreferrer\">https:\/\/developers.facebook.com\/apps\/<\/a> et cliquer sur \u00ab Inscrivez-vous d\u00e8s maintenant ! \u00bb<\/p>\n<p><a href=\"https:\/\/www.cmonsite.fr\/site\/webup\/2019\/03\/page-compte-facebook-developers.png\"><img fetchpriority=\"high\" decoding=\"async\" class=\"alignnone size-full wp-image-11923\" src=\"https:\/\/www.cmonsite.fr\/site\/webup\/2019\/03\/page-compte-facebook-developers.png\" alt=\"\" width=\"1899\" height=\"195\" srcset=\"https:\/\/www.cmonsite.fr\/site\/webup\/2019\/03\/page-compte-facebook-developers.png 1899w, https:\/\/www.cmonsite.fr\/site\/webup\/2019\/03\/page-compte-facebook-developers-300x31.png 300w, https:\/\/www.cmonsite.fr\/site\/webup\/2019\/03\/page-compte-facebook-developers-1024x105.png 1024w, https:\/\/www.cmonsite.fr\/site\/webup\/2019\/03\/page-compte-facebook-developers-768x79.png 768w, https:\/\/www.cmonsite.fr\/site\/webup\/2019\/03\/page-compte-facebook-developers-1536x158.png 1536w\" sizes=\"(max-width: 1899px) 100vw, 1899px\" \/><\/a><\/p>\n<p>Apr\u00e8s avoir cliqu\u00e9 sur le bouton, Facebook va vous demander de compl\u00e9ter des informations afin de pouvoir cr\u00e9er votre application Facebook.<\/p>\n<p>&nbsp;<\/p>\n<p>D\u00e9but de la cr\u00e9ation de l&#8217;application, vous devez cliquer sur Suivant\u00a0:<\/p>\n<p><a href=\"https:\/\/www.cmonsite.fr\/site\/webup\/2019\/03\/facebook-developers-etape-1.png\"><img decoding=\"async\" class=\"aligncenter wp-image-11927 size-full\" style=\"font-style: normal; font-weight: 300;\" src=\"https:\/\/www.cmonsite.fr\/site\/webup\/2019\/03\/facebook-developers-etape-1.png\" alt=\"\" width=\"749\" height=\"497\" srcset=\"https:\/\/www.cmonsite.fr\/site\/webup\/2019\/03\/facebook-developers-etape-1.png 749w, https:\/\/www.cmonsite.fr\/site\/webup\/2019\/03\/facebook-developers-etape-1-300x199.png 300w\" sizes=\"(max-width: 749px) 100vw, 749px\" \/><\/a><\/p>\n<p>&nbsp;<\/p>\n<p>Ensuite Facebook vous demande de faire une v\u00e9rification de compte, pour cela vous devez renseigner un num\u00e9ro de t\u00e9l\u00e9phone. Une fois le num\u00e9ro de t\u00e9l\u00e9phone renseign\u00e9 vous devez obtenir le code de confirmation de votre num\u00e9ro de t\u00e9l\u00e9phone, pour cela vous devez cliquer sur \u00ab Envoyez par texto \u00bb ou \u00ab Envoyer par appel t\u00e9l\u00e9phonique \u00bb :<\/p>\n<p><a href=\"https:\/\/www.cmonsite.fr\/site\/webup\/2019\/03\/facebook-developers-etape-2.png\"><img decoding=\"async\" class=\"aligncenter wp-image-11930 size-full\" src=\"https:\/\/www.cmonsite.fr\/site\/webup\/2019\/03\/facebook-developers-etape-2.png\" alt=\"\" width=\"740\" height=\"549\" srcset=\"https:\/\/www.cmonsite.fr\/site\/webup\/2019\/03\/facebook-developers-etape-2.png 740w, https:\/\/www.cmonsite.fr\/site\/webup\/2019\/03\/facebook-developers-etape-2-300x223.png 300w\" sizes=\"(max-width: 740px) 100vw, 740px\" \/><\/a><\/p>\n<p>Une fois que vous avez renseign\u00e9 le code de confirmation, vous pouvez cliquer sur le bouton V\u00e9rifier.<\/p>\n<p>&nbsp;<\/p>\n<p>Apr\u00e8s v\u00e9rification de votre code de confirmation, vous devez renseigner les informations de votre application Facebook et des informations \u00e0 votre sujet\u00a0:<br \/>\n<a href=\"https:\/\/www.cmonsite.fr\/site\/webup\/2019\/03\/facebook-developers-etape-3.png\"><img loading=\"lazy\" decoding=\"async\" class=\"aligncenter wp-image-11931 size-full\" src=\"https:\/\/www.cmonsite.fr\/site\/webup\/2019\/03\/facebook-developers-etape-3.png\" alt=\"\" width=\"748\" height=\"495\" srcset=\"https:\/\/www.cmonsite.fr\/site\/webup\/2019\/03\/facebook-developers-etape-3.png 748w, https:\/\/www.cmonsite.fr\/site\/webup\/2019\/03\/facebook-developers-etape-3-300x199.png 300w\" sizes=\"(max-width: 748px) 100vw, 748px\" \/><\/a><\/p>\n<p>&nbsp;<\/p>\n<p>Une fois les \u00e9tapes valid\u00e9es, vous allez \u00eatre redirig\u00e9 sur l&#8217;interface de votre application Facebook. Afin de finaliser la cr\u00e9ation de votre application, vous devez vous rendre sur la page Param\u00e8tres &gt; G\u00e9n\u00e9ral.<\/p>\n<p>Vous allez devoir renseigner :<\/p>\n<ul>\n<li>Domaines de l&#8217;app (URL de votre site)<\/li>\n<li>URL de la politique de confidentialit\u00e9<\/li>\n<li>Cat\u00e9gorie : s\u00e9lectionnez une cat\u00e9gorie \/ sous-cat\u00e9gorie qui se rapproche de la th\u00e9matique de votre site<\/li>\n<\/ul>\n<p><a href=\"https:\/\/www.cmonsite.fr\/site\/webup\/2019\/03\/facebook-developers-finalisation.png\"><img loading=\"lazy\" decoding=\"async\" class=\"size-full wp-image-11934 aligncenter\" src=\"https:\/\/www.cmonsite.fr\/site\/webup\/2019\/03\/facebook-developers-finalisation.png\" alt=\"\" width=\"1894\" height=\"975\" srcset=\"https:\/\/www.cmonsite.fr\/site\/webup\/2019\/03\/facebook-developers-finalisation.png 1894w, https:\/\/www.cmonsite.fr\/site\/webup\/2019\/03\/facebook-developers-finalisation-300x154.png 300w, https:\/\/www.cmonsite.fr\/site\/webup\/2019\/03\/facebook-developers-finalisation-1024x527.png 1024w, https:\/\/www.cmonsite.fr\/site\/webup\/2019\/03\/facebook-developers-finalisation-768x395.png 768w, https:\/\/www.cmonsite.fr\/site\/webup\/2019\/03\/facebook-developers-finalisation-1536x791.png 1536w\" sizes=\"(max-width: 1894px) 100vw, 1894px\" \/><\/a><\/p>\n<p>&nbsp;<\/p>\n<p>Apr\u00e8s avoir renseign\u00e9 ces trois champs, vous allez pouvoir rendre publique votre application Facebook via le bouton \u00ab\u00a0D\u00c9SACTIV\u00c9\u00a0\u00bb\u00a0:<\/p>\n<p><a href=\"https:\/\/www.cmonsite.fr\/site\/webup\/2019\/03\/facebook-developers-application-production.png\"><img loading=\"lazy\" decoding=\"async\" class=\"size-full wp-image-11936 aligncenter\" src=\"https:\/\/www.cmonsite.fr\/site\/webup\/2019\/03\/facebook-developers-application-production.png\" alt=\"\" width=\"1895\" height=\"288\" srcset=\"https:\/\/www.cmonsite.fr\/site\/webup\/2019\/03\/facebook-developers-application-production.png 1895w, https:\/\/www.cmonsite.fr\/site\/webup\/2019\/03\/facebook-developers-application-production-300x46.png 300w, https:\/\/www.cmonsite.fr\/site\/webup\/2019\/03\/facebook-developers-application-production-1024x156.png 1024w, https:\/\/www.cmonsite.fr\/site\/webup\/2019\/03\/facebook-developers-application-production-768x117.png 768w, https:\/\/www.cmonsite.fr\/site\/webup\/2019\/03\/facebook-developers-application-production-1536x233.png 1536w\" sizes=\"(max-width: 1895px) 100vw, 1895px\" \/><\/a><\/p>\n<p>&nbsp;<\/p>\n<p>Facebook va vous demander une confirmation avant de rendre l&#8217;application publique\u00a0:<a href=\"https:\/\/www.cmonsite.fr\/site\/webup\/2019\/03\/facebook-developers-application-publique.png\"><img loading=\"lazy\" decoding=\"async\" class=\"size-full wp-image-11937 aligncenter\" src=\"https:\/\/www.cmonsite.fr\/site\/webup\/2019\/03\/facebook-developers-application-publique.png\" alt=\"\" width=\"455\" height=\"193\" srcset=\"https:\/\/www.cmonsite.fr\/site\/webup\/2019\/03\/facebook-developers-application-publique.png 455w, https:\/\/www.cmonsite.fr\/site\/webup\/2019\/03\/facebook-developers-application-publique-300x127.png 300w\" sizes=\"(max-width: 455px) 100vw, 455px\" \/><\/a><\/p>\n<p>&nbsp;<\/p>\n<p>Apr\u00e8s avoir rendu l&#8217;application publique, vous allez pouvoir renseigner l&#8217;identifiant de l&#8217;application sur CmonSite\u00a0:<a href=\"https:\/\/www.cmonsite.fr\/site\/webup\/2019\/03\/facebook-developers-application-terminee.png\"><img loading=\"lazy\" decoding=\"async\" class=\"size-full wp-image-11938 aligncenter\" src=\"https:\/\/www.cmonsite.fr\/site\/webup\/2019\/03\/facebook-developers-application-terminee.png\" alt=\"\" width=\"1902\" height=\"231\" srcset=\"https:\/\/www.cmonsite.fr\/site\/webup\/2019\/03\/facebook-developers-application-terminee.png 1902w, https:\/\/www.cmonsite.fr\/site\/webup\/2019\/03\/facebook-developers-application-terminee-300x36.png 300w, https:\/\/www.cmonsite.fr\/site\/webup\/2019\/03\/facebook-developers-application-terminee-1024x124.png 1024w, https:\/\/www.cmonsite.fr\/site\/webup\/2019\/03\/facebook-developers-application-terminee-768x93.png 768w, https:\/\/www.cmonsite.fr\/site\/webup\/2019\/03\/facebook-developers-application-terminee-1536x187.png 1536w\" sizes=\"(max-width: 1902px) 100vw, 1902px\" \/><\/a><\/p>\n<p>&nbsp;<\/p>\n<p style=\"font-size: large; text-align: center;\">F\u00e9licitations ! Vous venez de cr\u00e9er une application Facebook !<\/p>\n<p>&nbsp;<\/p>\n<p>&nbsp;<\/p>\n<p>&nbsp;<\/p>\n<p>&nbsp;<\/p>\n<p>&nbsp;<\/p>\n","protected":false},"excerpt":{"rendered":"<p>Afin de cr\u00e9er une application Facebook, vous devez vous rendre sur la page : https:\/\/developers.facebook.com\/apps\/ et cliquer sur \u00ab Inscrivez-vous d\u00e8s maintenant ! \u00bb Apr\u00e8s avoir cliqu\u00e9 sur le bouton, Facebook va vous demander de compl\u00e9ter des informations afin de pouvoir cr\u00e9er votre application Facebook. &nbsp; D\u00e9but de la cr\u00e9ation de l&#8217;application, vous devez cliquer [&hellip;]<\/p>\n","protected":false},"author":1,"featured_media":18471,"parent":3020,"menu_order":17,"comment_status":"closed","ping_status":"closed","template":"","meta":{"_helpful_status":1,"footnotes":""},"class_list":["post-11920","page","type-page","status-publish","has-post-thumbnail","hentry"],"_links":{"self":[{"href":"https:\/\/www.cmonsite.fr\/site\/wp-json\/wp\/v2\/pages\/11920","targetHints":{"allow":["GET"]}}],"collection":[{"href":"https:\/\/www.cmonsite.fr\/site\/wp-json\/wp\/v2\/pages"}],"about":[{"href":"https:\/\/www.cmonsite.fr\/site\/wp-json\/wp\/v2\/types\/page"}],"author":[{"embeddable":true,"href":"https:\/\/www.cmonsite.fr\/site\/wp-json\/wp\/v2\/users\/1"}],"replies":[{"embeddable":true,"href":"https:\/\/www.cmonsite.fr\/site\/wp-json\/wp\/v2\/comments?post=11920"}],"version-history":[{"count":1,"href":"https:\/\/www.cmonsite.fr\/site\/wp-json\/wp\/v2\/pages\/11920\/revisions"}],"predecessor-version":[{"id":21124,"href":"https:\/\/www.cmonsite.fr\/site\/wp-json\/wp\/v2\/pages\/11920\/revisions\/21124"}],"up":[{"embeddable":true,"href":"https:\/\/www.cmonsite.fr\/site\/wp-json\/wp\/v2\/pages\/3020"}],"wp:featuredmedia":[{"embeddable":true,"href":"https:\/\/www.cmonsite.fr\/site\/wp-json\/wp\/v2\/media\/18471"}],"wp:attachment":[{"href":"https:\/\/www.cmonsite.fr\/site\/wp-json\/wp\/v2\/media?parent=11920"}],"curies":[{"name":"wp","href":"https:\/\/api.w.org\/{rel}","templated":true}]}}