{"id":1175,"date":"2012-11-27T09:13:49","date_gmt":"2012-11-27T09:13:49","guid":{"rendered":"https:\/\/www.cmonsite.fr\/site\/aide\/?page_id=1175"},"modified":"2012-11-27T09:13:49","modified_gmt":"2012-11-27T09:13:49","slug":"galerie-photo","status":"publish","type":"page","link":"https:\/\/www.cmonsite.fr\/site\/aide\/menu-et-pages\/galerie-photo","title":{"rendered":"Ajouter des images \/ photos dans une galerie photo"},"content":{"rendered":"<h2><span style=\"font-size: x-large;\">1<\/span>. Acc\u00e9dez \u00e0 vos galeries d&#8217;images<\/h2>\n<p style=\"font-style: normal; line-height: 24px; color: #333333;\">Apr\u00e8s vous \u00eatre connect\u00e9 \u00e0 votre compte, allez dans la rubrique<br \/>\n\u00ab<strong><em> Pages \/ Cat\u00e9gories<\/em><\/strong>\u00bb, et s\u00e9lectionnez l\u2019Album o\u00f9 vous souhaitez ajouter des images. Pour savoir comment cr\u00e9er un album, <a href=\"\/\/www.cmonsite.fr\/site\/aide\/contenu-design-modules\/modules\/creer-un-album\/\" target=\"_blank\" rel=\"noopener\">cliquez ici<\/a>.<\/p>\n<p>&nbsp;<\/p>\n<h2><span style=\"font-size: x-large;\">2<\/span>. Ajoutez une image depuis votre ordinateur<\/h2>\n<p style=\"font-style: normal; line-height: 24px; color: #333333;\">Cliquez sur le bouton \u00ab<strong style=\"font-style: normal; line-height: 24px;\">\u00a0Ajouter une ou plusieurs photos<\/strong> \u00bb<em style=\"line-height: 24px;\">\u00a0<\/em>pour aller chercher dans votre ordinateur la photo de votre choix et cliquez sur\u00a0<strong style=\"font-style: normal; line-height: 24px;\"><em>Envoyer<\/em><\/strong>.<\/p>\n<p style=\"font-style: normal; line-height: 24px; color: #333333;\"><a href=\"https:\/\/www.cmonsite.fr\/site\/webup\/2021\/02\/ajouter-photos.jpg\"><img fetchpriority=\"high\" decoding=\"async\" class=\"size-full wp-image-14973 aligncenter\" src=\"https:\/\/www.cmonsite.fr\/site\/webup\/2021\/02\/ajouter-photos.jpg\" alt=\"\" width=\"1264\" height=\"883\" srcset=\"https:\/\/www.cmonsite.fr\/site\/webup\/2021\/02\/ajouter-photos.jpg 1264w, https:\/\/www.cmonsite.fr\/site\/webup\/2021\/02\/ajouter-photos-300x210.jpg 300w, https:\/\/www.cmonsite.fr\/site\/webup\/2021\/02\/ajouter-photos-1024x715.jpg 1024w, https:\/\/www.cmonsite.fr\/site\/webup\/2021\/02\/ajouter-photos-768x537.jpg 768w\" sizes=\"(max-width: 1264px) 100vw, 1264px\" \/><\/a><\/p>\n<hr \/>\n<p style=\"text-align: center;\"><span style=\"font-size: large;\">Les formats accept\u00e9s par CmonSite sont :\u00a0<strong>JPG<\/strong>,\u00a0<strong>GIF\u00a0<\/strong>et\u00a0<strong>PNG<\/strong><\/span><\/p>\n<hr \/>\n<h2><span style=\"font-size: x-large;\">3<\/span>. Ajoutez une description \u00e0 vos images<\/h2>\n<p style=\"font-style: normal; line-height: 24px; color: #333333;\">Vous pouvez \u00e9galement <strong><em>commenter<\/em> <\/strong>chaque photo, en saisissant votre commentaire et en cliquant sur\u00a0<strong><em>Enregistrer<\/em><\/strong>.<\/p>\n<p style=\"font-style: normal; line-height: 24px; color: #333333;\">Taille maximale du commentaire : 255 caract\u00e8res.<br \/>\nNotez que les commentaires s&#8217;affichent au survol de la souris sur votre site avec la plupart des designs.<\/p>\n<p>Il est aussi possible d&#8217;ajouter un <strong><em>lien<\/em> <\/strong>sur les images de votre album.<br \/>\nVous avez deux possibilit\u00e9s pour y ajouter un lien :<\/p>\n<ul>\n<li>Collez directement l&#8217;URL de la page vers la laquelle vous souhaitez rediriger votre visiteur dans le champ <strong><em>Lien sur votre image<\/em><\/strong>.<\/li>\n<li>Cliquez sur <strong><em>Lien<\/em> <\/strong>\u00e0 la droite de ce champ pour avoir un acc\u00e8s direct \u00e0 l&#8217;ensemble de vos pages mais aussi de vos produits ou vos marques.<\/li>\n<\/ul>\n<p><a href=\"https:\/\/www.cmonsite.fr\/site\/webup\/2021\/02\/image.jpg\"><img decoding=\"async\" class=\"size-full wp-image-14975 aligncenter\" src=\"https:\/\/www.cmonsite.fr\/site\/webup\/2021\/02\/image.jpg\" alt=\"\" width=\"1256\" height=\"482\" srcset=\"https:\/\/www.cmonsite.fr\/site\/webup\/2021\/02\/image.jpg 1256w, https:\/\/www.cmonsite.fr\/site\/webup\/2021\/02\/image-300x115.jpg 300w, https:\/\/www.cmonsite.fr\/site\/webup\/2021\/02\/image-1024x393.jpg 1024w, https:\/\/www.cmonsite.fr\/site\/webup\/2021\/02\/image-768x295.jpg 768w\" sizes=\"(max-width: 1256px) 100vw, 1256px\" \/><\/a><\/p>\n<hr \/>\n<p style=\"text-align: center;\"><span style=\"font-size: large;\">\u00a0<strong style=\"text-align: center;\">La taille maximale d&#8217;une photo upload\u00e9e est de<\/strong>\u00a0<strong style=\"text-align: center;\">2 MO !<\/strong><\/span><\/p>\n<hr \/>\n<h2><span style=\"font-size: x-large;\">\u00a0 4<\/span>. Actions possibles sur les images d&#8217;un album<\/h2>\n<p>Plusieurs ic\u00f4nes s&#8217;affichent \u00e0 c\u00f4t\u00e9 de chaque photo, vous permettant de faire de l\u00e9g\u00e8res modifications.<br \/>\n<img decoding=\"async\" class=\" wp-image-5304 alignnone\" src=\"\/\/www.cmonsite.fr\/site\/aide\/wp-content\/uploads\/2012\/11\/flechesalbums.png\" alt=\"fleches d\u00e9placement d'images dans les albums\" width=\"48\" height=\"28\" \/>\u00a0Ces deux fl\u00e8ches vertes ci-contre vous permettent de\u00a0d\u00e9placer vos photos de haut en bas dans l&#8217;album. Pour positionner les images dans l&#8217;ordre voulu, vous pouvez \u00e9galement les faire glisser en gardant le bouton gauche de la souris enfonc\u00e9 dessus.<br \/>\n<a href=\"\/\/www.cmonsite.fr\/site\/aide\/wp-content\/uploads\/2012\/11\/tournerimage.png\"><img loading=\"lazy\" decoding=\"async\" class=\"alignnone wp-image-5305\" src=\"\/\/www.cmonsite.fr\/site\/aide\/wp-content\/uploads\/2012\/11\/tournerimage.png\" alt=\"tournerimage\" width=\"24\" height=\"26\" \/><\/a> Cette ic\u00f4ne ci-contre vous permet de faire pivoter l&#8217;image dans le sens voulu. Chaque clic fera tourner l&#8217;image d&#8217;un angle de 90\u00b0.<\/p>\n<p>&nbsp;<\/p>\n<h2><span style=\"font-size: x-large;\">5<\/span>. Personnalisez votre galerie d&#8217;images<\/h2>\n<p style=\"font-style: normal; line-height: 24px; color: #333333;\">Les galeries d&#8217;images de <strong><em>CmonSite<\/em><\/strong> poss\u00e8dent leur propre \u00e9diteur de texte, celui-ci fonctionne de la m\u00eame mani\u00e8re que celui de vos pages.<\/p>\n<p>Vous avez la possibilit\u00e9 de placer du texte, des images ou vid\u00e9os sur la page de votre galerie en cliquant sur <strong><em>Editer le contenu de votre page<\/em><\/strong><strong><em>.<\/em><\/strong><\/p>\n<p style=\"font-style: normal; line-height: 24px; color: #333333;\">Une fois avoir termin\u00e9 vos modifications via l&#8217;Editeur CmonSite, cliquez sur <strong><em>Enregistrer<\/em><\/strong> lorsque vous avez termin\u00e9.<\/p>\n<p><a href=\"https:\/\/www.cmonsite.fr\/site\/webup\/2021\/02\/editer-contenu.png\"><img loading=\"lazy\" decoding=\"async\" class=\"size-full wp-image-14974 aligncenter\" src=\"https:\/\/www.cmonsite.fr\/site\/webup\/2021\/02\/editer-contenu.png\" alt=\"\" width=\"1287\" height=\"698\" srcset=\"https:\/\/www.cmonsite.fr\/site\/webup\/2021\/02\/editer-contenu.png 1287w, https:\/\/www.cmonsite.fr\/site\/webup\/2021\/02\/editer-contenu-300x163.png 300w, https:\/\/www.cmonsite.fr\/site\/webup\/2021\/02\/editer-contenu-1024x555.png 1024w, https:\/\/www.cmonsite.fr\/site\/webup\/2021\/02\/editer-contenu-768x417.png 768w\" sizes=\"(max-width: 1287px) 100vw, 1287px\" \/><\/a><\/p>\n<p><strong>Notez que chaque album photos peut contenir jusqu&#8217;\u00e0 :<\/strong><\/p>\n<p><strong>&#8211;\u00a0\u00a0\u00a0\u00a0\u00a0\u00a0\u00a0 16\u00a0<\/strong>photos pour la formule\u00a0<strong>DECOUVERTE et PERSO<\/strong>,<\/p>\n<p><strong>&#8211;\u00a0\u00a0\u00a0\u00a0\u00a0\u00a0\u00a0 32\u00a0<\/strong>photos pour la formule\u00a0<strong>\u00a0ZEN<\/strong>,<\/p>\n<p><strong>&#8211;\u00a0\u00a0\u00a0\u00a0\u00a0\u00a0\u00a0 100\u00a0<\/strong>photos pour la formule\u00a0<strong>PREMIUM<\/strong>,<\/p>\n<p><strong>&#8211;\u00a0\u00a0\u00a0\u00a0\u00a0\u00a0\u00a0 200\u00a0<\/strong>photos pour la formule\u00a0<strong>PRO<\/strong>,<\/p>\n<p><em>Voir aussi\u00a0dans la m\u00eame th\u00e9matique :<\/em><\/p>\n<ul>\n<li><a href=\"\/\/www.cmonsite.fr\/site\/aide\/contenu-design-modules\/contenu\/diaporama-page-accueil\/\" target=\"_blank\" rel=\"noopener\"><span style=\"color: #a9c748;\">Ajouter des images dans le diaporama de la page d&#8217;accueil<\/span><\/a><\/li>\n<li><a href=\"\/\/www.cmonsite.fr\/site\/aide\/contenu-design-modules\/modules\/creer-un-album\/\" target=\"_blank\" rel=\"noopener\">Cr\u00e9er un album<\/a><\/li>\n<li><a href=\"\/\/www.cmonsite.fr\/site\/aide\/contenu-design-modules\/contenu\/images-pages\/\" target=\"_blank\" rel=\"noopener\">Ajouter des images sur une page<\/a><\/li>\n<li><a href=\"\/\/www.cmonsite.fr\/site\/aide\/contenu-design-modules\/modules\/diaporamas-pages\/\" target=\"_blank\" rel=\"noopener\">Ajouter un diaporama sur une page<\/a><\/li>\n<li><a href=\"\/\/www.cmonsite.fr\/site\/aide\/contenu-design-modules\/design\/banniere-site\/\" target=\"_blank\" rel=\"noopener\">Ins\u00e9rer une banni\u00e8re sur le haut du site<\/a><\/li>\n<li><a href=\"\/\/www.cmonsite.fr\/site\/aide\/contenu-design-modules\/design\/image-de-fond-site\/\" target=\"_blank\" rel=\"noopener\">Ins\u00e9rer une image de fond<\/a><\/li>\n<\/ul>\n","protected":false},"excerpt":{"rendered":"<p>1. Acc\u00e9dez \u00e0 vos galeries d&#8217;images Apr\u00e8s vous \u00eatre connect\u00e9 \u00e0 votre compte, allez dans la rubrique \u00ab Pages \/ Cat\u00e9gories\u00bb, et s\u00e9lectionnez l\u2019Album o\u00f9 vous souhaitez ajouter des images. Pour savoir comment cr\u00e9er un album, cliquez ici. &nbsp; 2. Ajoutez une image depuis votre ordinateur Cliquez sur le bouton \u00ab\u00a0Ajouter une ou plusieurs photos [&hellip;]<\/p>\n","protected":false},"author":1,"featured_media":18514,"parent":24734,"menu_order":8,"comment_status":"open","ping_status":"closed","template":"","meta":{"_helpful_status":1,"footnotes":""},"class_list":["post-1175","page","type-page","status-publish","has-post-thumbnail","hentry"],"_links":{"self":[{"href":"https:\/\/www.cmonsite.fr\/site\/wp-json\/wp\/v2\/pages\/1175","targetHints":{"allow":["GET"]}}],"collection":[{"href":"https:\/\/www.cmonsite.fr\/site\/wp-json\/wp\/v2\/pages"}],"about":[{"href":"https:\/\/www.cmonsite.fr\/site\/wp-json\/wp\/v2\/types\/page"}],"author":[{"embeddable":true,"href":"https:\/\/www.cmonsite.fr\/site\/wp-json\/wp\/v2\/users\/1"}],"replies":[{"embeddable":true,"href":"https:\/\/www.cmonsite.fr\/site\/wp-json\/wp\/v2\/comments?post=1175"}],"version-history":[{"count":1,"href":"https:\/\/www.cmonsite.fr\/site\/wp-json\/wp\/v2\/pages\/1175\/revisions"}],"predecessor-version":[{"id":21038,"href":"https:\/\/www.cmonsite.fr\/site\/wp-json\/wp\/v2\/pages\/1175\/revisions\/21038"}],"up":[{"embeddable":true,"href":"https:\/\/www.cmonsite.fr\/site\/wp-json\/wp\/v2\/pages\/24734"}],"wp:featuredmedia":[{"embeddable":true,"href":"https:\/\/www.cmonsite.fr\/site\/wp-json\/wp\/v2\/media\/18514"}],"wp:attachment":[{"href":"https:\/\/www.cmonsite.fr\/site\/wp-json\/wp\/v2\/media?parent=1175"}],"curies":[{"name":"wp","href":"https:\/\/api.w.org\/{rel}","templated":true}]}}