{"id":11264,"date":"2018-04-24T12:08:38","date_gmt":"2018-04-24T10:08:38","guid":{"rendered":"https:\/\/www.cmonsite.fr\/site\/aide\/?page_id=11264"},"modified":"2022-10-31T18:27:46","modified_gmt":"2022-10-31T17:27:46","slug":"stripe-sur-cmonsite","status":"publish","type":"page","link":"https:\/\/www.cmonsite.fr\/site\/aide\/moyens-de-paiement\/stripe-sur-cmonsite","title":{"rendered":"Stripe sur CmonSite"},"content":{"rendered":"\t\t<div data-elementor-type=\"wp-page\" data-elementor-id=\"11264\" class=\"elementor elementor-11264\" data-elementor-post-type=\"page\">\n\t\t\t\t\t\t<section class=\"elementor-section elementor-top-section elementor-element elementor-element-3e8ac8c7 elementor-section-boxed elementor-section-height-default elementor-section-height-default\" data-id=\"3e8ac8c7\" data-element_type=\"section\" data-e-type=\"section\">\n\t\t\t\t\t\t<div class=\"elementor-container elementor-column-gap-default\">\n\t\t\t\t\t<div class=\"elementor-column elementor-col-100 elementor-top-column elementor-element elementor-element-2e045140\" data-id=\"2e045140\" data-element_type=\"column\" data-e-type=\"column\">\n\t\t\t<div class=\"elementor-widget-wrap elementor-element-populated\">\n\t\t\t\t\t\t<div class=\"elementor-element elementor-element-51bbcd36 elementor-widget elementor-widget-text-editor\" data-id=\"51bbcd36\" data-element_type=\"widget\" data-e-type=\"widget\" data-widget_type=\"text-editor.default\">\n\t\t\t\t<div class=\"elementor-widget-container\">\n\t\t\t\t\t\t\t\t\t<p>Avec CmonSite vous avez la possibilit\u00e9 d&#8217;utiliser le module de paiement <strong>Stripe<\/strong> pour votre site e-commerce.<\/p><p><img decoding=\"async\" class=\"wp-image-11246  aligncenter\" src=\"https:\/\/www.cmonsite.fr\/site\/webup\/2018\/04\/stripe-logo.png\" alt=\"\" width=\"129\" height=\"52\" \/><\/p><h2 style=\"text-align: left;\"><span style=\"font-size: x-large;\">1<\/span>. Qu&#8217;est-ce que Stripe ?<\/h2><p>Stripe est un module de paiement s\u00e9curis\u00e9 qui permet \u00e0 vos clients de payer directement leurs achats avec leur carte VISA, MasterCard, American Express&#8230;<\/p><p>Sur mobile, vos clients pourront \u00e9galement vous r\u00e9gler via Google Pay ou Apple Pay.<\/p><p>L\u2019activation de Stripe ne demande aucun contrat VAD aupr\u00e8s de votre banque ni de frais d\u2019installation.<br \/><span style=\"font-weight: 300;\">De plus, gr\u00e2ce \u00e0 Stripe vous aurez le d\u00e9tail de l\u2019ensemble des op\u00e9rations r\u00e9alis\u00e9es. Vous aurez acc\u00e8s aux erreurs et \u00e9checs de paiements et en conna\u00eetrez la raison.<\/span><\/p><hr \/><p style=\"text-align: center;\"><span style=\"font-size: large;\">Nous ne prenons\u00a0aucune commission sur vos ventes. C\u2019est normal, vous gagnez ce que vous vendez !\u00a0<\/span><\/p><hr \/><h2><span style=\"font-size: x-large;\">2<\/span>. Configuration de Stripe<\/h2><p>Pour configurer Stripe, il vous suffit simplement de cr\u00e9er un compte en\u00a0cliquant sur le lien ci-dessous et suivre les instructions\u00a0:<\/p><p style=\"text-align: center;\"><a style=\"text-align: right;\" href=\"https:\/\/connect.stripe.com\/oauth\/authorize?response_type=code&amp;client_id=ca_CBYyuFHu4w43bnxTLuUvL4ksz5pxiyM2&amp;scope=read_write\" target=\"_blank\" rel=\"noopener\">COMPTE STRIPE S\u00c9CURIS\u00c9<\/a><\/p><p>Une fois votre compte Stripe activ\u00e9, celui-ci s&#8217;installera automatiquement sur votre site.<\/p><h2><span style=\"font-size: x-large;\">3<\/span>. Les commissions de Stripe<\/h2><p>Si vous utilisez Stripe, n&#8217;oubliez pas que celui-ci prend une<strong>\u00a0<\/strong><strong>commission sur vos ventes. Pour en savoir plus,<\/strong><a href=\"https:\/\/stripe.com\/fr\/pricing\" target=\"_blank\" rel=\"noopener noreferrer\"><strong> cliquez ici.<\/strong><\/a><\/p><p style=\"text-align: center;\"><a href=\"\/\/www.cmonsite.fr\/creer-un-site\/wp-content\/uploads\/2012\/11\/tableau-paypal.jpg\">\u00a0<\/a><\/p><hr \/>\t\t\t\t\t\t\t\t<\/div>\n\t\t\t\t<\/div>\n\t\t\t\t\t<\/div>\n\t\t<\/div>\n\t\t\t\t\t<\/div>\n\t\t<\/section>\n\t\t\t\t<section class=\"elementor-section elementor-top-section elementor-element elementor-element-67d1913 elementor-section-boxed elementor-section-height-default elementor-section-height-default\" data-id=\"67d1913\" data-element_type=\"section\" data-e-type=\"section\">\n\t\t\t\t\t\t<div class=\"elementor-container elementor-column-gap-default\">\n\t\t\t\t\t<div class=\"elementor-column elementor-col-100 elementor-top-column elementor-element elementor-element-c5fa305\" data-id=\"c5fa305\" data-element_type=\"column\" data-e-type=\"column\">\n\t\t\t<div class=\"elementor-widget-wrap elementor-element-populated\">\n\t\t\t\t\t\t<div class=\"elementor-element elementor-element-96d75a9 elementor-widget elementor-widget-heading\" data-id=\"96d75a9\" data-element_type=\"widget\" data-e-type=\"widget\" data-widget_type=\"heading.default\">\n\t\t\t\t<div class=\"elementor-widget-container\">\n\t\t\t\t\t<h2 class=\"elementor-heading-title elementor-size-default\">D\u00e9couvrez notre tutoriel vid\u00e9o sur les \u00e9tapes \u00e0 suivre pour la cr\u00e9ation et la configuration d'un site E-commerce avec CmonSite<\/h2>\t\t\t\t<\/div>\n\t\t\t\t<\/div>\n\t\t\t\t<div class=\"elementor-element elementor-element-094ad30 elementor-widget elementor-widget-spacer\" data-id=\"094ad30\" data-element_type=\"widget\" data-e-type=\"widget\" data-widget_type=\"spacer.default\">\n\t\t\t\t<div class=\"elementor-widget-container\">\n\t\t\t\t\t\t\t<div class=\"elementor-spacer\">\n\t\t\t<div class=\"elementor-spacer-inner\"><\/div>\n\t\t<\/div>\n\t\t\t\t\t\t<\/div>\n\t\t\t\t<\/div>\n\t\t\t\t\t<\/div>\n\t\t<\/div>\n\t\t\t\t\t<\/div>\n\t\t<\/section>\n\t\t\t\t<section class=\"elementor-section elementor-top-section elementor-element elementor-element-18d1d37 elementor-section-boxed elementor-section-height-default elementor-section-height-default\" data-id=\"18d1d37\" data-element_type=\"section\" data-e-type=\"section\">\n\t\t\t\t\t\t<div class=\"elementor-container elementor-column-gap-default\">\n\t\t\t\t\t<div class=\"elementor-column elementor-col-33 elementor-top-column elementor-element elementor-element-16be999\" data-id=\"16be999\" data-element_type=\"column\" data-e-type=\"column\">\n\t\t\t<div class=\"elementor-widget-wrap\">\n\t\t\t\t\t\t\t<\/div>\n\t\t<\/div>\n\t\t\t\t<div class=\"elementor-column elementor-col-33 elementor-top-column elementor-element elementor-element-ea9c1dc\" data-id=\"ea9c1dc\" data-element_type=\"column\" data-e-type=\"column\">\n\t\t\t<div class=\"elementor-widget-wrap elementor-element-populated\">\n\t\t\t\t\t\t<div class=\"elementor-element elementor-element-8a37d00 elementor-widget elementor-widget-video\" data-id=\"8a37d00\" data-element_type=\"widget\" data-e-type=\"widget\" data-settings=\"{&quot;youtube_url&quot;:&quot;https:\\\/\\\/youtu.be\\\/2kkuMIJnwMo?t=72&quot;,&quot;video_type&quot;:&quot;youtube&quot;,&quot;controls&quot;:&quot;yes&quot;}\" data-widget_type=\"video.default\">\n\t\t\t\t<div class=\"elementor-widget-container\">\n\t\t\t\t\t\t\t<div class=\"elementor-wrapper elementor-open-inline\">\n\t\t\t<div class=\"elementor-video\"><\/div>\t\t<\/div>\n\t\t\t\t\t\t<\/div>\n\t\t\t\t<\/div>\n\t\t\t\t\t<\/div>\n\t\t<\/div>\n\t\t\t\t<div class=\"elementor-column elementor-col-33 elementor-top-column elementor-element elementor-element-a59320b\" data-id=\"a59320b\" data-element_type=\"column\" data-e-type=\"column\">\n\t\t\t<div class=\"elementor-widget-wrap\">\n\t\t\t\t\t\t\t<\/div>\n\t\t<\/div>\n\t\t\t\t\t<\/div>\n\t\t<\/section>\n\t\t\t\t<section class=\"elementor-section elementor-top-section elementor-element elementor-element-cc3bc10 elementor-section-boxed elementor-section-height-default elementor-section-height-default\" data-id=\"cc3bc10\" data-element_type=\"section\" data-e-type=\"section\">\n\t\t\t\t\t\t<div class=\"elementor-container elementor-column-gap-default\">\n\t\t\t\t\t<div class=\"elementor-column elementor-col-100 elementor-top-column elementor-element elementor-element-170a38f\" data-id=\"170a38f\" data-element_type=\"column\" data-e-type=\"column\">\n\t\t\t<div class=\"elementor-widget-wrap elementor-element-populated\">\n\t\t\t\t\t\t<div class=\"elementor-element elementor-element-05890d8 elementor-widget-divider--view-line elementor-widget elementor-widget-divider\" data-id=\"05890d8\" data-element_type=\"widget\" data-e-type=\"widget\" data-widget_type=\"divider.default\">\n\t\t\t\t<div class=\"elementor-widget-container\">\n\t\t\t\t\t\t\t<div class=\"elementor-divider\">\n\t\t\t<span class=\"elementor-divider-separator\">\n\t\t\t\t\t\t<\/span>\n\t\t<\/div>\n\t\t\t\t\t\t<\/div>\n\t\t\t\t<\/div>\n\t\t\t\t<div class=\"elementor-element elementor-element-51fa768 elementor-widget elementor-widget-text-editor\" data-id=\"51fa768\" data-element_type=\"widget\" data-e-type=\"widget\" data-widget_type=\"text-editor.default\">\n\t\t\t\t<div class=\"elementor-widget-container\">\n\t\t\t\t\t\t\t\t\t<p>Voir aussi dans la m\u00eame th\u00e9matique :<\/p><ul><li style=\"list-style-type: none;\"><ul><li><a href=\"https:\/\/www.cmonsite.fr\/creer-un-site\/boutique\/creer-une-fiche-produit\/\" target=\"_blank\" rel=\"noopener noreferrer\">Cr\u00e9er une fiche produit<\/a><\/li><li><a href=\"https:\/\/www.cmonsite.fr\/creer-un-site\/boutique\/editer-catalogue-produits-boutique\/\" target=\"_blank\" rel=\"noopener noreferrer\">G\u00e9rer le catalogue produit<\/a><\/li><li><a href=\"https:\/\/www.cmonsite.fr\/creer-un-site\/boutique\/configurer-moyens-de-paiement-boutique\/\" target=\"_blank\" rel=\"noopener noreferrer\">Configurer la boutique et les moyens de paiement<\/a><\/li><\/ul><\/li><\/ul>\t\t\t\t\t\t\t\t<\/div>\n\t\t\t\t<\/div>\n\t\t\t\t\t<\/div>\n\t\t<\/div>\n\t\t\t\t\t<\/div>\n\t\t<\/section>\n\t\t\t\t<\/div>\n\t\t","protected":false},"excerpt":{"rendered":"<p>Avec CmonSite vous avez la possibilit\u00e9 d&#8217;utiliser le module de paiement Stripe pour votre site e-commerce. 1. Qu&#8217;est-ce que Stripe ? Stripe est un module de paiement s\u00e9curis\u00e9 qui permet \u00e0 vos clients de payer directement leurs achats avec leur carte VISA, MasterCard, American Express&#8230; Sur mobile, vos clients pourront \u00e9galement vous r\u00e9gler via Google [&hellip;]<\/p>\n","protected":false},"author":1,"featured_media":18004,"parent":22983,"menu_order":1,"comment_status":"closed","ping_status":"closed","template":"","meta":{"_helpful_status":1,"footnotes":""},"class_list":["post-11264","page","type-page","status-publish","has-post-thumbnail","hentry"],"_links":{"self":[{"href":"https:\/\/www.cmonsite.fr\/site\/wp-json\/wp\/v2\/pages\/11264","targetHints":{"allow":["GET"]}}],"collection":[{"href":"https:\/\/www.cmonsite.fr\/site\/wp-json\/wp\/v2\/pages"}],"about":[{"href":"https:\/\/www.cmonsite.fr\/site\/wp-json\/wp\/v2\/types\/page"}],"author":[{"embeddable":true,"href":"https:\/\/www.cmonsite.fr\/site\/wp-json\/wp\/v2\/users\/1"}],"replies":[{"embeddable":true,"href":"https:\/\/www.cmonsite.fr\/site\/wp-json\/wp\/v2\/comments?post=11264"}],"version-history":[{"count":4,"href":"https:\/\/www.cmonsite.fr\/site\/wp-json\/wp\/v2\/pages\/11264\/revisions"}],"predecessor-version":[{"id":23013,"href":"https:\/\/www.cmonsite.fr\/site\/wp-json\/wp\/v2\/pages\/11264\/revisions\/23013"}],"up":[{"embeddable":true,"href":"https:\/\/www.cmonsite.fr\/site\/wp-json\/wp\/v2\/pages\/22983"}],"wp:featuredmedia":[{"embeddable":true,"href":"https:\/\/www.cmonsite.fr\/site\/wp-json\/wp\/v2\/media\/18004"}],"wp:attachment":[{"href":"https:\/\/www.cmonsite.fr\/site\/wp-json\/wp\/v2\/media?parent=11264"}],"curies":[{"name":"wp","href":"https:\/\/api.w.org\/{rel}","templated":true}]}}