{"id":11146,"date":"2018-03-29T16:23:29","date_gmt":"2018-03-29T14:23:27","guid":{"rendered":"https:\/\/www.cmonsite.fr\/site\/aide\/?page_id=11146"},"modified":"2023-07-04T11:36:55","modified_gmt":"2023-07-04T09:36:55","slug":"creer-des-filtres-produits","status":"publish","type":"page","link":"https:\/\/www.cmonsite.fr\/site\/aide\/gestion-des-produits\/creer-des-filtres-produits","title":{"rendered":"Comment cr\u00e9er des filtres sur mes produits ?"},"content":{"rendered":"<p>Cette option permet aux visiteurs de filtrer les produits pr\u00e9sents sur votre site par prix, couleur, marque, taille\u2026<\/p>\n<p>Pour pouvoir mettre en place des filtres, il faut en amont cr\u00e9er vos fiches produits.<br \/>\nSi vous n&#8217;avez pas encore cr\u00e9\u00e9 de fiche produit, cliquez-ici :<a href=\"https:\/\/www.cmonsite.fr\/site\/aide\/boutique\/creer-une-fiche-produit\/\"> Cr\u00e9er une fiche produit.<\/a><\/p>\n<h2>1. Acc\u00e9dez aux caract\u00e9ristiques<\/h2>\n<p>Pour acc\u00e9der \u00e0 la gestion des caract\u00e9ristiques, rendez-vous dans module<strong> &#8220;Boutique&#8221;<\/strong>\u00a0puis cliquez sur <strong>&#8220;<a href=\"https:\/\/www.cmonsite.fr\/gestion_caracteristiques.php\">Caract\u00e9ristiques produits<\/a>&#8220;<\/strong>.<\/p>\n<table style=\"width: 1193px;\">\n<tbody>\n<tr>\n<td style=\"width: 435px;\">Ajoutez un groupe de caract\u00e9ristiques en cliquant sur le bouton<\/td>\n<td style=\"width: 738px;\"><strong><a href=\"https:\/\/www.cmonsite.fr\/site\/webup\/2020\/12\/bouton-ajouter-caracteristiques.jpg\"><img decoding=\"async\" class=\"alignnone size-full wp-image-14229\" src=\"https:\/\/www.cmonsite.fr\/site\/webup\/2020\/12\/bouton-ajouter-caracteristiques.jpg\" alt=\"\" width=\"307\" height=\"39\" srcset=\"https:\/\/www.cmonsite.fr\/site\/webup\/2020\/12\/bouton-ajouter-caracteristiques.jpg 307w, https:\/\/www.cmonsite.fr\/site\/webup\/2020\/12\/bouton-ajouter-caracteristiques-300x38.jpg 300w\" sizes=\"(max-width: 307px) 100vw, 307px\" \/><\/a><\/strong><\/td>\n<\/tr>\n<\/tbody>\n<\/table>\n<h2><\/h2>\n<h2>2. Ajoutez une valeur au groupe de caract\u00e9ristiques<\/h2>\n<p>Attribuez \u00e0 votre groupe de caract\u00e9ristiques\u00a0:<\/p>\n<ul>\n<li>Un nom (Ex\u00a0: COULEUR)<\/li>\n<li>S\u00e9lectionnez une ou plusieurs caract\u00e9ristiques (Ex\u00a0: pour une robe rose et jaune, il est possible de lui attribuer les deux couleurs afin qu\u2019elle puisse ressortir dans les filtres, aussi bien pour la couleur rose que pour la couleur jaune)<\/li>\n<li>Activez l\u2019utilisation du filtre \u00e0 facette en s\u00e9lectionnant <strong>&#8220;OUI&#8221;<\/strong><\/li>\n<\/ul>\n<p style=\"text-align: center;\"><a href=\"https:\/\/www.cmonsite.fr\/site\/webup\/2020\/12\/ajouter-caracteristique-filtre.png\"><img fetchpriority=\"high\" decoding=\"async\" class=\"size-full wp-image-14228 aligncenter\" src=\"https:\/\/www.cmonsite.fr\/site\/webup\/2020\/12\/ajouter-caracteristique-filtre.png\" alt=\"\" width=\"978\" height=\"332\" srcset=\"https:\/\/www.cmonsite.fr\/site\/webup\/2020\/12\/ajouter-caracteristique-filtre.png 978w, https:\/\/www.cmonsite.fr\/site\/webup\/2020\/12\/ajouter-caracteristique-filtre-300x102.png 300w, https:\/\/www.cmonsite.fr\/site\/webup\/2020\/12\/ajouter-caracteristique-filtre-768x261.png 768w\" sizes=\"(max-width: 978px) 100vw, 978px\" \/><\/a><\/p>\n<h2>3. Editer les valeurs de vos caract\u00e9ristiques<\/h2>\n<p>A l\u2019aide du bouton <strong>\u00ab\u00a0Editer les valeurs\u00a0\u00bb<\/strong> vous pouvez ajouter une liste.<br \/>\n<span style=\"font-weight: 300;\">Par exemple, pour la caract\u00e9ristique \u00ab Couleur \u00bb vous pouvez lui attribuer des coloris : Bleu, Vert, Rose\u2026<\/span><\/p>\n<p><a href=\"https:\/\/www.cmonsite.fr\/site\/webup\/2020\/12\/gestion-caracteristiques.jpg\"><img decoding=\"async\" class=\"size-full wp-image-14231 aligncenter\" src=\"https:\/\/www.cmonsite.fr\/site\/webup\/2020\/12\/gestion-caracteristiques.jpg\" alt=\"\" width=\"1251\" height=\"565\" srcset=\"https:\/\/www.cmonsite.fr\/site\/webup\/2020\/12\/gestion-caracteristiques.jpg 1251w, https:\/\/www.cmonsite.fr\/site\/webup\/2020\/12\/gestion-caracteristiques-300x135.jpg 300w, https:\/\/www.cmonsite.fr\/site\/webup\/2020\/12\/gestion-caracteristiques-1024x462.jpg 1024w, https:\/\/www.cmonsite.fr\/site\/webup\/2020\/12\/gestion-caracteristiques-768x347.jpg 768w\" sizes=\"(max-width: 1251px) 100vw, 1251px\" \/><\/a><\/p>\n<h2><\/h2>\n<h2>4. Attribuer les caract\u00e9ristiques \u00e0 vos produits :<\/h2>\n<p>Une fois vos caract\u00e9ristiques cr\u00e9\u00e9es, retournez dans vos fiches produits et s\u00e9lectionnez un produit.<br \/>\nCliquez dans l\u2019onglet <strong>\u00ab\u00a0Caract\u00e9ristiques\u00a0\u00bb<\/strong> puis s\u00e9lectionnez les caract\u00e9ristiques propres au produit.<\/p>\n<p>&nbsp;<\/p>\n<p><strong>A NOTER\u00a0:<\/strong><br \/>\n<span style=\"font-weight: 300;\">&#8211; Si une valeur est manquante, vous pouvez l\u2019ajouter \u00e0 tout moment en cliquant sur <strong>\u00ab\u00a0+ Ajouter une valeur pr\u00e9d\u00e9finie\u00a0\u00bb<\/strong><br \/>\n<\/span><span style=\"font-weight: 300;\">&#8211; Si une caract\u00e9ristique est manquante, vous pouvez l\u2019ajouter \u00e0 tout moment en cliquant sur<strong> \u00ab + Ajouter une caract\u00e9ristique \u00bb<\/strong><\/span><\/p>\n<p><a href=\"https:\/\/www.cmonsite.fr\/site\/webup\/2020\/12\/definir-caracteristiques.png\"><img loading=\"lazy\" decoding=\"async\" class=\"size-full wp-image-14230 aligncenter\" src=\"https:\/\/www.cmonsite.fr\/site\/webup\/2020\/12\/definir-caracteristiques.png\" alt=\"\" width=\"1159\" height=\"620\" srcset=\"https:\/\/www.cmonsite.fr\/site\/webup\/2020\/12\/definir-caracteristiques.png 1159w, https:\/\/www.cmonsite.fr\/site\/webup\/2020\/12\/definir-caracteristiques-300x160.png 300w, https:\/\/www.cmonsite.fr\/site\/webup\/2020\/12\/definir-caracteristiques-1024x548.png 1024w, https:\/\/www.cmonsite.fr\/site\/webup\/2020\/12\/definir-caracteristiques-768x411.png 768w\" sizes=\"(max-width: 1159px) 100vw, 1159px\" \/><\/a><\/p>\n<p>&nbsp;<\/p>\n<p>Renouvelez l\u2019op\u00e9ration pour chacun de vos produits pour qu\u2019ils puissent ressortir lorsque votre visiteur utilise les filtres, comme dans l\u2019exemple ci-dessous.<\/p>\n<p><a href=\"https:\/\/www.cmonsite.fr\/site\/webup\/2018\/06\/exemple-filtre.jpg\"><img loading=\"lazy\" decoding=\"async\" class=\"aligncenter size-full wp-image-11480\" src=\"https:\/\/www.cmonsite.fr\/site\/webup\/2018\/06\/exemple-filtre.jpg\" alt=\"\" width=\"982\" height=\"689\" srcset=\"https:\/\/www.cmonsite.fr\/site\/webup\/2018\/06\/exemple-filtre.jpg 982w, https:\/\/www.cmonsite.fr\/site\/webup\/2018\/06\/exemple-filtre-300x210.jpg 300w, https:\/\/www.cmonsite.fr\/site\/webup\/2018\/06\/exemple-filtre-768x539.jpg 768w\" sizes=\"(max-width: 982px) 100vw, 982px\" \/><\/a><\/p>\n<p>&nbsp;<\/p>\n<p>Voir aussi dans la m\u00eame th\u00e9matique :<\/p>\n<ul>\n<li><a href=\"\/\/www.cmonsite.fr\/site\/aide\/boutique\/creer-une-fiche-produit\/\" target=\"_blank\" rel=\"noopener noreferrer\">Cr\u00e9er une fiche produit<\/a><\/li>\n<li><a href=\"https:\/\/www.cmonsite.fr\/site\/aide\/bien-commencer\/questions-frequentes\/options-selectionnables\/\">Options s\u00e9lectionnables<\/a><\/li>\n<li><a href=\"https:\/\/www.cmonsite.fr\/site\/aide\/boutique\/declinaisons-produits\/\">G\u00e9rer ses d\u00e9clinaisons produits<\/a><\/li>\n<\/ul>\n<p>&nbsp;<\/p>\n","protected":false},"excerpt":{"rendered":"<p>Cette option permet aux visiteurs de filtrer les produits pr\u00e9sents sur votre site par prix, couleur, marque, taille\u2026 Pour pouvoir mettre en place des filtres, il faut en amont cr\u00e9er vos fiches produits. Si vous n&#8217;avez pas encore cr\u00e9\u00e9 de fiche produit, cliquez-ici : Cr\u00e9er une fiche produit. 1. Acc\u00e9dez aux caract\u00e9ristiques Pour acc\u00e9der \u00e0 [&hellip;]<\/p>\n","protected":false},"author":1,"featured_media":18010,"parent":24736,"menu_order":10,"comment_status":"closed","ping_status":"closed","template":"","meta":{"_helpful_status":1,"footnotes":""},"class_list":["post-11146","page","type-page","status-publish","has-post-thumbnail","hentry"],"_links":{"self":[{"href":"https:\/\/www.cmonsite.fr\/site\/wp-json\/wp\/v2\/pages\/11146","targetHints":{"allow":["GET"]}}],"collection":[{"href":"https:\/\/www.cmonsite.fr\/site\/wp-json\/wp\/v2\/pages"}],"about":[{"href":"https:\/\/www.cmonsite.fr\/site\/wp-json\/wp\/v2\/types\/page"}],"author":[{"embeddable":true,"href":"https:\/\/www.cmonsite.fr\/site\/wp-json\/wp\/v2\/users\/1"}],"replies":[{"embeddable":true,"href":"https:\/\/www.cmonsite.fr\/site\/wp-json\/wp\/v2\/comments?post=11146"}],"version-history":[{"count":2,"href":"https:\/\/www.cmonsite.fr\/site\/wp-json\/wp\/v2\/pages\/11146\/revisions"}],"predecessor-version":[{"id":24760,"href":"https:\/\/www.cmonsite.fr\/site\/wp-json\/wp\/v2\/pages\/11146\/revisions\/24760"}],"up":[{"embeddable":true,"href":"https:\/\/www.cmonsite.fr\/site\/wp-json\/wp\/v2\/pages\/24736"}],"wp:featuredmedia":[{"embeddable":true,"href":"https:\/\/www.cmonsite.fr\/site\/wp-json\/wp\/v2\/media\/18010"}],"wp:attachment":[{"href":"https:\/\/www.cmonsite.fr\/site\/wp-json\/wp\/v2\/media?parent=11146"}],"curies":[{"name":"wp","href":"https:\/\/api.w.org\/{rel}","templated":true}]}}