{"id":10228,"date":"2017-03-31T10:16:29","date_gmt":"2017-03-31T08:16:24","guid":{"rendered":"https:\/\/www.cmonsite.fr\/site\/aide\/?page_id=10228"},"modified":"2024-10-02T17:28:09","modified_gmt":"2024-10-02T15:28:09","slug":"devise-boutique","status":"publish","type":"page","link":"https:\/\/www.cmonsite.fr\/site\/aide\/configuration-de-la-boutique\/devise-boutique","title":{"rendered":"Comment changer la devise de mon site ?"},"content":{"rendered":"\t\t<div data-elementor-type=\"wp-page\" data-elementor-id=\"10228\" class=\"elementor elementor-10228\" data-elementor-post-type=\"page\">\n\t\t\t\t\t\t<section class=\"elementor-section elementor-top-section elementor-element elementor-element-50387b0a elementor-section-boxed elementor-section-height-default elementor-section-height-default\" data-id=\"50387b0a\" data-element_type=\"section\" data-e-type=\"section\">\n\t\t\t\t\t\t<div class=\"elementor-container elementor-column-gap-default\">\n\t\t\t\t\t<div class=\"elementor-column elementor-col-100 elementor-top-column elementor-element elementor-element-551387bc\" data-id=\"551387bc\" data-element_type=\"column\" data-e-type=\"column\">\n\t\t\t<div class=\"elementor-widget-wrap elementor-element-populated\">\n\t\t\t\t\t\t<div class=\"elementor-element elementor-element-403f17df elementor-widget elementor-widget-text-editor\" data-id=\"403f17df\" data-element_type=\"widget\" data-e-type=\"widget\" data-widget_type=\"text-editor.default\">\n\t\t\t\t<div class=\"elementor-widget-container\">\n\t\t\t\t\t\t\t\t\t<p>Avec CmonSite, vous avez la possibilit\u00e9 de <strong>s\u00e9lectionner en toute simplicit\u00e9 la devise<\/strong> que vous souhaitez appliquer \u00e0 votre boutique.<br>Vous pouvez ainsi d\u00e9cider d&#8217;accepter des paiements&nbsp;en <strong>Dollar US, En Dollar Canadien, en&nbsp;<\/strong><strong>Franc Suisse&nbsp;ou en Pound.<\/strong><\/p>\n<hr style=\"border-color: red;\">\n<p style=\"text-align: center;\"><span style=\"color: #808080;\">Attention cependant, l&#8217;encaissement sur une autre devise que l&#8217;euro doit \u00eatre configur\u00e9 sur les paiements par carte bancaire (Paybox \/ Hipay \/ PayPal).<\/span><br><span style=\"color: #808080;\"> Par ailleurs, vous ne pouvez pas utiliser les transporteurs d&#8217;Envoi moins cher sur une autre devise que l&#8217;Euro.<\/span><\/p>\n<hr style=\"border-color: red;\">\n<h2><span style=\"text-align: var(--text-align); color: var( --e-global-color-text ); font-size: 16px; font-weight: 500;\">1 &#8211; Pour modifier la devise de votre boutique, rendez-vous sur la page de configuration de la boutique en cliquant sur le lien &#8220;<\/span><a href=\"https:\/\/www.cmonsite.fr\/configboutique.php#paiement\" style=\"text-align: var(--text-align); background-color: rgb(255, 255, 255); font-size: 16px;\"><strong><em>Configuration de la boutique<\/em><\/strong><\/a><span style=\"text-align: var(--text-align); color: var( --e-global-color-text ); font-size: 16px; font-weight: 500;\">&#8221; dans l&#8217;onglet &#8220;<\/span><strong style=\"text-align: var(--text-align); color: var( --e-global-color-text ); font-size: 16px;\"><em>Boutique<\/em><\/strong><span style=\"text-align: var(--text-align); color: var( --e-global-color-text ); font-size: 16px; font-weight: 500;\">&#8221; du menu.<\/span><br><\/h2>\n<p><a href=\"https:\/\/www.cmonsite.fr\/creer-un-site\/wp-content\/uploads\/2020\/12\/menu-2.png\"><img fetchpriority=\"high\" decoding=\"async\" class=\"size-full wp-image-14321 aligncenter\" src=\"https:\/\/www.cmonsite.fr\/creer-un-site\/wp-content\/uploads\/2020\/12\/menu-2.png\" alt=\"\" width=\"1226\" height=\"471\" srcset=\"https:\/\/www.cmonsite.fr\/site\/webup\/2020\/12\/menu-2.png 1226w, https:\/\/www.cmonsite.fr\/site\/webup\/2020\/12\/menu-2-300x115.png 300w, https:\/\/www.cmonsite.fr\/site\/webup\/2020\/12\/menu-2-1024x393.png 1024w, https:\/\/www.cmonsite.fr\/site\/webup\/2020\/12\/menu-2-768x295.png 768w\" sizes=\"(max-width: 1226px) 100vw, 1226px\" \/><\/a><\/p>\n<p>2 &#8211; Ensuite, cliquez sur l&#8217;onglet &#8220;<a href=\"https:\/\/www.cmonsite.fr\/configboutique.php#currency\"><strong><em>Devise<\/em><\/strong><\/a>&#8221; situ\u00e9 dans la colonne de gauche.<\/p>\n<p><a href=\"https:\/\/www.cmonsite.fr\/creer-un-site\/wp-content\/uploads\/2020\/12\/devise.png\"><img decoding=\"async\" class=\"size-full wp-image-14320 aligncenter\" src=\"https:\/\/www.cmonsite.fr\/creer-un-site\/wp-content\/uploads\/2020\/12\/devise.png\" alt=\"\" width=\"1283\" height=\"528\" srcset=\"https:\/\/www.cmonsite.fr\/site\/webup\/2020\/12\/devise.png 1283w, https:\/\/www.cmonsite.fr\/site\/webup\/2020\/12\/devise-300x123.png 300w, https:\/\/www.cmonsite.fr\/site\/webup\/2020\/12\/devise-1024x421.png 1024w, https:\/\/www.cmonsite.fr\/site\/webup\/2020\/12\/devise-768x316.png 768w\" sizes=\"(max-width: 1283px) 100vw, 1283px\" \/><\/a><\/p>\n<p>3 &#8211; Enfin, s\u00e9lectionnez la devise que vous souhaitez appliquer \u00e0 votre boutique, puis enregistrez.<\/p>\n<p><a href=\"https:\/\/www.cmonsite.fr\/creer-un-site\/wp-content\/uploads\/2020\/12\/choix-devise.jpg\"><img decoding=\"async\" class=\"size-full wp-image-14319 aligncenter\" src=\"https:\/\/www.cmonsite.fr\/creer-un-site\/wp-content\/uploads\/2020\/12\/choix-devise.jpg\" alt=\"\" width=\"1270\" height=\"609\" srcset=\"https:\/\/www.cmonsite.fr\/site\/webup\/2020\/12\/choix-devise.jpg 1270w, https:\/\/www.cmonsite.fr\/site\/webup\/2020\/12\/choix-devise-300x144.jpg 300w, https:\/\/www.cmonsite.fr\/site\/webup\/2020\/12\/choix-devise-1024x491.jpg 1024w, https:\/\/www.cmonsite.fr\/site\/webup\/2020\/12\/choix-devise-768x368.jpg 768w\" sizes=\"(max-width: 1270px) 100vw, 1270px\" \/><\/a><\/p>\n<p style=\"text-align: center;\"><strong>F\u00e9licitations votre boutique accepte plusieurs devises !<\/strong><\/p>\t\t\t\t\t\t\t\t<\/div>\n\t\t\t\t<\/div>\n\t\t\t\t\t<\/div>\n\t\t<\/div>\n\t\t\t\t\t<\/div>\n\t\t<\/section>\n\t\t\t\t<\/div>\n\t\t","protected":false},"excerpt":{"rendered":"<p>Avec CmonSite, vous avez la possibilit\u00e9 de s\u00e9lectionner en toute simplicit\u00e9 la devise que vous souhaitez appliquer \u00e0 votre boutique.Vous pouvez ainsi d\u00e9cider d&#8217;accepter des paiements&nbsp;en Dollar US, En Dollar Canadien, en&nbsp;Franc Suisse&nbsp;ou en Pound. Attention cependant, l&#8217;encaissement sur une autre devise que l&#8217;euro doit \u00eatre configur\u00e9 sur les paiements par carte bancaire (Paybox \/ [&hellip;]<\/p>\n","protected":false},"author":1,"featured_media":18996,"parent":22986,"menu_order":4,"comment_status":"closed","ping_status":"closed","template":"","meta":{"_helpful_status":1,"footnotes":""},"class_list":["post-10228","page","type-page","status-publish","has-post-thumbnail","hentry"],"_links":{"self":[{"href":"https:\/\/www.cmonsite.fr\/site\/wp-json\/wp\/v2\/pages\/10228","targetHints":{"allow":["GET"]}}],"collection":[{"href":"https:\/\/www.cmonsite.fr\/site\/wp-json\/wp\/v2\/pages"}],"about":[{"href":"https:\/\/www.cmonsite.fr\/site\/wp-json\/wp\/v2\/types\/page"}],"author":[{"embeddable":true,"href":"https:\/\/www.cmonsite.fr\/site\/wp-json\/wp\/v2\/users\/1"}],"replies":[{"embeddable":true,"href":"https:\/\/www.cmonsite.fr\/site\/wp-json\/wp\/v2\/comments?post=10228"}],"version-history":[{"count":8,"href":"https:\/\/www.cmonsite.fr\/site\/wp-json\/wp\/v2\/pages\/10228\/revisions"}],"predecessor-version":[{"id":27081,"href":"https:\/\/www.cmonsite.fr\/site\/wp-json\/wp\/v2\/pages\/10228\/revisions\/27081"}],"up":[{"embeddable":true,"href":"https:\/\/www.cmonsite.fr\/site\/wp-json\/wp\/v2\/pages\/22986"}],"wp:featuredmedia":[{"embeddable":true,"href":"https:\/\/www.cmonsite.fr\/site\/wp-json\/wp\/v2\/media\/18996"}],"wp:attachment":[{"href":"https:\/\/www.cmonsite.fr\/site\/wp-json\/wp\/v2\/media?parent=10228"}],"curies":[{"name":"wp","href":"https:\/\/api.w.org\/{rel}","templated":true}]}}