{"id":1005,"date":"2012-11-26T17:12:56","date_gmt":"2012-11-26T17:12:23","guid":{"rendered":"https:\/\/www.cmonsite.fr\/site\/aide\/?page_id=1005"},"modified":"2022-10-25T17:15:32","modified_gmt":"2022-10-25T15:15:32","slug":"creer-un-site-pour-un-photographe","status":"publish","type":"page","link":"https:\/\/www.cmonsite.fr\/site\/guides\/creation-site\/thematique\/creer-un-site-pour-un-photographe","title":{"rendered":"Cr\u00e9er un site pour un photographe"},"content":{"rendered":"<h2><b>Cr\u00e9er un site pour son activit\u00e9 de Photographe afin de partager vos photos et trouver de nouveaux clients\u00a0!<img fetchpriority=\"high\" decoding=\"async\" class=\"size-full wp-image-6850 alignright\" title=\"Cr\u00e9er un site pour un photographe\" src=\"https:\/\/www.cmonsite.fr\/site\/webup\/2013\/07\/creer_un_site_photographe.jpg\" alt=\"Cr\u00e9er un site pour un photographe\" width=\"370\" height=\"150\" srcset=\"https:\/\/www.cmonsite.fr\/site\/webup\/2013\/07\/creer_un_site_photographe.jpg 370w, https:\/\/www.cmonsite.fr\/site\/webup\/2013\/07\/creer_un_site_photographe-300x122.jpg 300w\" sizes=\"(max-width: 370px) 100vw, 370px\" \/><\/b><\/h2>\n<ul>\n<li>Id\u00e9al pour votre notori\u00e9t\u00e9 en tant que photographe et la mise en valeur de vos r\u00e9alisations !<\/li>\n<li>Id\u00e9al pour pr\u00e9sentez votre travail photographique<\/li>\n<li>Id\u00e9al pour organiser vos photos en album et les mettre en valeur gr\u00e2ce \u00e0 des Designs adapt\u00e9s \u00e0 votre activit\u00e9<\/li>\n<li>Id\u00e9al pour vous faire conna\u00eetre et attirer de nouveaux clients<\/li>\n<li>Id\u00e9al pour \u00eatre contact\u00e9 directement depuis votre site Internet<\/li>\n<li>Id\u00e9al pour localiser rapidement votre studio photo gr\u00e2ce \u00e0 une carte Google Maps<\/li>\n<li>Id\u00e9al pour organiser vos rendez-vous et montrer vos disponibilit\u00e9s aux visiteurs de votre site gr\u00e2ce \u00e0 un calendrier virtuel int\u00e9gr\u00e9.<\/li>\n<\/ul>\n<h2><b>Vous \u00eates photographe et souhaitez vous faire connaitre afin d&#8217;attirer de nouveaux clients !<\/b><\/h2>\n<p>De nos jours, il est indispensable pour un photographe de pr\u00e9senter son travail photographique sur Internet et ainsi exprimer et montrer votre talent. Ce site Internet de type portfolio vous permettra de pr\u00e9senter vos travail, vos domaines de comp\u00e9tence, vos prestation et ainsi attirer de nouveaux clients.<\/p>\n<p>Votre site va vous donner une visibilit\u00e9 sur Internet et permettra \u00e0 vos clients ou futurs clients de vous trouver facilement sur la toile.\u00a0Le bouche \u00e0 oreille est efficace mais a ses limites. L\u00e0 o\u00f9 un client satisfait le dit \u00e0 trois personnes, votre site Internet communique sur vous dans le monde entier en permanence. Cette publicit\u00e9 \u00e0 moindre co\u00fbt peut consid\u00e9rablement augmenter le nombre de clients potentiels qui, jusqu&#8217;\u00e0 pr\u00e9sent, ne vous connaissaient pas. Ces derniers pourront d\u00e9couvrir votre travail, votre talent et pourront vous recontacter directement depuis votre site Internet.<\/p>\n<p>Utilisez le web comme un tremplin pour votre activit\u00e9 de photographe\u00a0! Pr\u00e9sentez vos photos sous forme de book ou portfolio et donnez envie aux internautes de vous contacter pour profiter de vos services (photo de mariage, shooting mod\u00e8le photo&#8230;).<\/p>\n<table class=\" aligncenter\" style=\"width: 90%;\">\n<tbody>\n<tr>\n<td style=\"width: 50%;\"><a href=\"https:\/\/www.cmonsite.fr\/site\/webup\/2012\/11\/creer-un-site-pour-un-photographe-Cmonsite.png\"><img decoding=\"async\" class=\" wp-image-8313 alignleft\" src=\"https:\/\/www.cmonsite.fr\/site\/webup\/2012\/11\/creer-un-site-pour-un-photographe-Cmonsite.png\" alt=\"cr\u00e9er-un-site-pour-un-photographe-Cmonsite\" width=\"450\" height=\"306\" \/><\/a><\/td>\n<td>\n<h2><b>Nos conseils pour r\u00e9aliser un site de photographe\u00a0:<\/b><\/h2>\n<p>La page d&#8217;accueil de votre site Internet vous permettra de vous pr\u00e9senter et de montrer vos plus belles photos en diaporama. Vos photos seront mises en valeur gr\u00e2ce aux albums photos qui permettront de cr\u00e9er des cat\u00e9gories de photos et votre design, sp\u00e9cialement adapt\u00e9 \u00e0 votre activit\u00e9 mettra en valeur votre travail photographique et proposera un visuel moderne et visuel.<\/td>\n<\/tr>\n<\/tbody>\n<\/table>\n<h2><b>Cr\u00e9er un site de photographe, c\u2019est\u00a0:<\/b><\/h2>\n<p>&gt; \u00a0Disposer de contenu pour vous pr\u00e9senter et pr\u00e9senter votre activit\u00e9,<\/p>\n<p>&gt; Des albums photos pour mettre en valeurs vos photos, les classer par th\u00e8me et mettre en valeur votre travail photographique,<\/p>\n<p>&gt; Un site Internet \u00e0 votre nom (par exemple:\u00a0<b>agencephoto.com<\/b>) pour \u00eatre facilement trouvable sur\u00a0les moteurs de recherche (Google, Bing et Yahoo&#8230;),<\/p>\n<p>&gt; Des Designs portfolio sp\u00e9cialement con\u00e7us pour les photographes\u00a0!<\/p>\n<p>&gt; Une page de contact pour vous \u00e9crire facilement, \u00e0 tout moment<\/p>\n<p>&gt; Une publicit\u00e9 permanente, dans le monde entier, \u00e0 moindre co\u00fbt,<\/p>\n<p>&gt; Une carte Google Maps pour facilement localiser votre studio photo<\/p>\n<p>&gt; Un calendrier virtuel pour voir en un clic vos disponibilit\u00e9s et prendre rendez-vous.<\/p>\n<hr \/>\n<p style=\"text-align: center;\"><a href=\"https:\/\/www.cmonsite.fr\/site\/aide\/bien-commencer\/exemples-sites-internet\/\" target=\"_blank\" rel=\"noopener\">Voir nos exemples de sites internet\u00a0<\/a><br \/>\n<a href=\"https:\/\/www.cmonsite.fr\/comparatif_offre.php\" target=\"_blank\" rel=\"noopener\">Plus d&#8217;infos sur nos formules de cr\u00e9ation de site<\/a><\/p>\n<hr \/>\n<p style=\"text-align: center;\">\n","protected":false},"excerpt":{"rendered":"<p>Cr\u00e9er un site pour son activit\u00e9 de Photographe afin de partager vos photos et trouver de nouveaux clients\u00a0! Id\u00e9al pour votre notori\u00e9t\u00e9 en tant que photographe et la mise en valeur de vos r\u00e9alisations ! Id\u00e9al pour pr\u00e9sentez votre travail photographique Id\u00e9al pour organiser vos photos en album et les mettre en valeur gr\u00e2ce \u00e0 [&hellip;]<\/p>\n","protected":false},"author":1,"featured_media":0,"parent":21587,"menu_order":27,"comment_status":"closed","ping_status":"open","template":"","meta":{"_helpful_status":1,"footnotes":""},"class_list":["post-1005","page","type-page","status-publish","hentry"],"_links":{"self":[{"href":"https:\/\/www.cmonsite.fr\/site\/wp-json\/wp\/v2\/pages\/1005","targetHints":{"allow":["GET"]}}],"collection":[{"href":"https:\/\/www.cmonsite.fr\/site\/wp-json\/wp\/v2\/pages"}],"about":[{"href":"https:\/\/www.cmonsite.fr\/site\/wp-json\/wp\/v2\/types\/page"}],"author":[{"embeddable":true,"href":"https:\/\/www.cmonsite.fr\/site\/wp-json\/wp\/v2\/users\/1"}],"replies":[{"embeddable":true,"href":"https:\/\/www.cmonsite.fr\/site\/wp-json\/wp\/v2\/comments?post=1005"}],"version-history":[{"count":1,"href":"https:\/\/www.cmonsite.fr\/site\/wp-json\/wp\/v2\/pages\/1005\/revisions"}],"predecessor-version":[{"id":21174,"href":"https:\/\/www.cmonsite.fr\/site\/wp-json\/wp\/v2\/pages\/1005\/revisions\/21174"}],"up":[{"embeddable":true,"href":"https:\/\/www.cmonsite.fr\/site\/wp-json\/wp\/v2\/pages\/21587"}],"wp:attachment":[{"href":"https:\/\/www.cmonsite.fr\/site\/wp-json\/wp\/v2\/media?parent=1005"}],"curies":[{"name":"wp","href":"https:\/\/api.w.org\/{rel}","templated":true}]}}